{"id":7707,"date":"2021-12-04T15:45:46","date_gmt":"2021-12-04T08:45:46","guid":{"rendered":"https:\/\/cokhitanminh.com\/may-thuc-pham\/?post_type=product&#038;p=7707"},"modified":"2022-03-22T10:18:29","modified_gmt":"2022-03-22T03:18:29","slug":"may-thai-rau-cu-qua-da-nang-robot-coupe-cl50-tmtp-o07","status":"publish","type":"product","link":"https:\/\/cokhitanminh.com\/may-thuc-pham\/san-pham\/may-thai-rau-cu-qua-da-nang-robot-coupe-cl50-tmtp-o07\/","title":{"rendered":"M\u00e1y th\u00e1i rau c\u1ee7 qu\u1ea3 \u0111a n\u0103ng Robot-Coupe CL50 (TMTP-O07)"},"content":{"rendered":"<h3><a href=\"https:\/\/cokhitanminh.com\/may-thuc-pham\/san-pham\/may-thai-rau-cu-qua-da-nang-robot-coupe-cl50-tmtp-o07\/\"><em><strong>M\u00e1y th\u00e1i rau c\u1ee7 qu\u1ea3 \u0111a n\u0103ng Robot-Coupe CL50<\/strong><\/em> <\/a>(TMTP-O07)<\/h3>\n<p style=\"text-align: justify;\"><em><strong>M\u00e1y th\u00e1i rau c\u1ee7 qu\u1ea3 \u0111a n\u0103ng Robot-Coupe CL50<\/strong><\/em> (TMTP-O07) \u0111\u01b0\u1ee3c nghi\u00ean c\u1ee9u s\u1ea3n xu\u1ea5t v\u00e0 ph\u00e2n ph\u1ed1i tr\u00ean to\u00e0n qu\u1ed1c. T\u1ea5t c\u1ea3 c\u00e1c s\u1ea3n ph\u1ea9m c\u1ee7a ch\u00fang t\u00f4i \u0111\u1ec1u \u0111\u01b0\u1ee3c ki\u1ec3m tra k\u1ef9 l\u01b0\u1ee1ng v\u00e0 v\u1eadn h\u00e0nh th\u1ef1c t\u1ebf \u0111\u1ec3 lu\u00f4n \u0111\u1ea3m b\u1ea3o ch\u1ea5t l\u01b0\u1ee3ng t\u1ed1t nh\u1ea5t tr\u01b0\u1edbc khi b\u00e0n giao thi\u1ebft b\u1ecb cho kh\u00e1ch h\u00e0ng.<\/p>\n<p><strong>Th\u00f4ng s\u1ed1 k\u1ef9 thu\u1eadt:<\/strong><br \/>\n&#8211; Model: TMTP-O07<br \/>\n&#8211; \u0110i\u1ec7n \u00e1p: 220V\/50 Hz<br \/>\n&#8211; C\u00f4ng su\u1ea5t: 550W<br \/>\n&#8211; N\u0103ng su\u1ea5t: 250 kg\/h<br \/>\n&#8211; K\u00edch th\u01b0\u1edbc m\u00e1y: 350 x 320 x 590 mm<br \/>\n&#8211; Tr\u1ecdng l\u01b0\u1ee3ng m\u00e1y: 20 Kg<\/p>\n<p>&#8211; B\u1ea3o h\u00e0nh: 12 th\u00e1ng<br \/>\n<strong>H\u00ecnh \u1ea3nh s\u1ea3n ph\u1ea9m:<\/strong><\/p>\n<p><img loading=\"lazy\" class=\"size-full wp-image-14145 aligncenter\" src=\"https:\/\/cokhitanminh.com\/may-thuc-pham\/wp-content\/uploads\/2021\/12\/may-thai-rau-cu-qua-da-nang-robot-coupe-cl50-tmtp-o07-ckmtp-1.jpg\" alt=\"\" width=\"550\" height=\"413\" srcset=\"https:\/\/cokhitanminh.com\/may-thuc-pham\/wp-content\/uploads\/2021\/12\/may-thai-rau-cu-qua-da-nang-robot-coupe-cl50-tmtp-o07-ckmtp-1.jpg 550w, https:\/\/cokhitanminh.com\/may-thuc-pham\/wp-content\/uploads\/2021\/12\/may-thai-rau-cu-qua-da-nang-robot-coupe-cl50-tmtp-o07-ckmtp-1-300x225.jpg 300w\" sizes=\"(max-width: 550px) 100vw, 550px\" \/><\/p>\n<p><img loading=\"lazy\" class=\"size-full wp-image-14147 aligncenter\" src=\"https:\/\/cokhitanminh.com\/may-thuc-pham\/wp-content\/uploads\/2021\/12\/may-thai-rau-cu-qua-da-nang-robot-coupe-cl50-tmtp-o07-ckmtp-3.jpg\" alt=\"\" width=\"550\" height=\"413\" srcset=\"https:\/\/cokhitanminh.com\/may-thuc-pham\/wp-content\/uploads\/2021\/12\/may-thai-rau-cu-qua-da-nang-robot-coupe-cl50-tmtp-o07-ckmtp-3.jpg 550w, https:\/\/cokhitanminh.com\/may-thuc-pham\/wp-content\/uploads\/2021\/12\/may-thai-rau-cu-qua-da-nang-robot-coupe-cl50-tmtp-o07-ckmtp-3-300x225.jpg 300w\" sizes=\"(max-width: 550px) 100vw, 550px\" \/> <img loading=\"lazy\" class=\"size-full wp-image-14148 aligncenter\" src=\"https:\/\/cokhitanminh.com\/may-thuc-pham\/wp-content\/uploads\/2021\/12\/may-thai-rau-cu-qua-da-nang-robot-coupe-cl50-tmtp-o07-ckmtp-4.jpg\" alt=\"\" width=\"550\" height=\"413\" srcset=\"https:\/\/cokhitanminh.com\/may-thuc-pham\/wp-content\/uploads\/2021\/12\/may-thai-rau-cu-qua-da-nang-robot-coupe-cl50-tmtp-o07-ckmtp-4.jpg 550w, https:\/\/cokhitanminh.com\/may-thuc-pham\/wp-content\/uploads\/2021\/12\/may-thai-rau-cu-qua-da-nang-robot-coupe-cl50-tmtp-o07-ckmtp-4-300x225.jpg 300w\" sizes=\"(max-width: 550px) 100vw, 550px\" \/> <img loading=\"lazy\" class=\"size-full wp-image-14149 aligncenter\" src=\"https:\/\/cokhitanminh.com\/may-thuc-pham\/wp-content\/uploads\/2021\/12\/may-thai-rau-cu-qua-da-nang-robot-coupe-cl50-tmtp-o07-ckmtp-5.jpg\" alt=\"\" width=\"550\" height=\"477\" srcset=\"https:\/\/cokhitanminh.com\/may-thuc-pham\/wp-content\/uploads\/2021\/12\/may-thai-rau-cu-qua-da-nang-robot-coupe-cl50-tmtp-o07-ckmtp-5.jpg 550w, https:\/\/cokhitanminh.com\/may-thuc-pham\/wp-content\/uploads\/2021\/12\/may-thai-rau-cu-qua-da-nang-robot-coupe-cl50-tmtp-o07-ckmtp-5-300x260.jpg 300w\" sizes=\"(max-width: 550px) 100vw, 550px\" \/> <img loading=\"lazy\" class=\"size-full wp-image-14150 aligncenter\" src=\"https:\/\/cokhitanminh.com\/may-thuc-pham\/wp-content\/uploads\/2021\/12\/may-thai-rau-cu-qua-da-nang-robot-coupe-cl50-tmtp-o07-ckmtp-6.jpg\" alt=\"\" width=\"550\" height=\"413\" srcset=\"https:\/\/cokhitanminh.com\/may-thuc-pham\/wp-content\/uploads\/2021\/12\/may-thai-rau-cu-qua-da-nang-robot-coupe-cl50-tmtp-o07-ckmtp-6.jpg 550w, https:\/\/cokhitanminh.com\/may-thuc-pham\/wp-content\/uploads\/2021\/12\/may-thai-rau-cu-qua-da-nang-robot-coupe-cl50-tmtp-o07-ckmtp-6-300x225.jpg 300w\" sizes=\"(max-width: 550px) 100vw, 550px\" \/> <img loading=\"lazy\" class=\"size-full wp-image-14151 aligncenter\" src=\"https:\/\/cokhitanminh.com\/may-thuc-pham\/wp-content\/uploads\/2021\/12\/may-thai-rau-cu-qua-da-nang-robot-coupe-cl50-tmtp-o07-ckmtp-7.jpg\" alt=\"\" width=\"550\" height=\"699\" srcset=\"https:\/\/cokhitanminh.com\/may-thuc-pham\/wp-content\/uploads\/2021\/12\/may-thai-rau-cu-qua-da-nang-robot-coupe-cl50-tmtp-o07-ckmtp-7.jpg 550w, https:\/\/cokhitanminh.com\/may-thuc-pham\/wp-content\/uploads\/2021\/12\/may-thai-rau-cu-qua-da-nang-robot-coupe-cl50-tmtp-o07-ckmtp-7-236x300.jpg 236w\" sizes=\"(max-width: 550px) 100vw, 550px\" \/> <img loading=\"lazy\" class=\"size-full wp-image-14152 aligncenter\" src=\"https:\/\/cokhitanminh.com\/may-thuc-pham\/wp-content\/uploads\/2021\/12\/may-thai-rau-cu-qua-da-nang-robot-coupe-cl50-tmtp-o07-ckmtp-8.jpg\" alt=\"\" width=\"550\" height=\"460\" srcset=\"https:\/\/cokhitanminh.com\/may-thuc-pham\/wp-content\/uploads\/2021\/12\/may-thai-rau-cu-qua-da-nang-robot-coupe-cl50-tmtp-o07-ckmtp-8.jpg 550w, https:\/\/cokhitanminh.com\/may-thuc-pham\/wp-content\/uploads\/2021\/12\/may-thai-rau-cu-qua-da-nang-robot-coupe-cl50-tmtp-o07-ckmtp-8-300x251.jpg 300w\" sizes=\"(max-width: 550px) 100vw, 550px\" \/> <img loading=\"lazy\" class=\"size-full wp-image-14153 aligncenter\" src=\"https:\/\/cokhitanminh.com\/may-thuc-pham\/wp-content\/uploads\/2021\/12\/may-thai-rau-cu-qua-da-nang-robot-coupe-cl50-tmtp-o07-ckmtp-9.jpg\" alt=\"\" width=\"550\" height=\"413\" srcset=\"https:\/\/cokhitanminh.com\/may-thuc-pham\/wp-content\/uploads\/2021\/12\/may-thai-rau-cu-qua-da-nang-robot-coupe-cl50-tmtp-o07-ckmtp-9.jpg 550w, https:\/\/cokhitanminh.com\/may-thuc-pham\/wp-content\/uploads\/2021\/12\/may-thai-rau-cu-qua-da-nang-robot-coupe-cl50-tmtp-o07-ckmtp-9-300x225.jpg 300w\" sizes=\"(max-width: 550px) 100vw, 550px\" \/><\/p>\n<p>Chi ti\u1ebft s\u1ea3n ph\u1ea9m xin vui l\u00f2ng li\u00ean h\u1ec7 Hotline: 19002861 \u0110\u1ec3 \u0111\u01b0\u1ee3c t\u01b0 v\u1ea5n ho\u00e0n to\u00e0n mi\u1ec5n ph\u00ed!<\/p>\n","protected":false},"excerpt":{"rendered":"<p>M\u00e1y th\u00e1i rau c\u1ee7 qu\u1ea3 \u0111a n\u0103ng Robot-Coupe CL50 (TMTP-O07) M\u00e1y th\u00e1i rau c\u1ee7 qu\u1ea3 \u0111a n\u0103ng Robot-Coupe CL50 (TMTP-O07) \u0111\u01b0\u1ee3c nghi\u00ean c\u1ee9u s\u1ea3n xu\u1ea5t v\u00e0 ph\u00e2n ph\u1ed1i tr\u00ean to\u00e0n qu\u1ed1c. T\u1ea5t c\u1ea3 c\u00e1c s\u1ea3n ph\u1ea9m c\u1ee7a ch\u00fang t\u00f4i \u0111\u1ec1u \u0111\u01b0\u1ee3c ki\u1ec3m tra k\u1ef9 l\u01b0\u1ee1ng v\u00e0 v\u1eadn h\u00e0nh th\u1ef1c t\u1ebf \u0111\u1ec3 lu\u00f4n \u0111\u1ea3m b\u1ea3o ch\u1ea5t &#8230;<\/p>\n","protected":false},"featured_media":14154,"comment_status":"open","ping_status":"closed","template":"","meta":[],"yoast_head":"<!-- This site is optimized with the Yoast SEO plugin v17.6 - https:\/\/yoast.com\/wordpress\/plugins\/seo\/ -->\n<title>M\u00e1y th\u00e1i rau c\u1ee7 qu\u1ea3 \u0111a n\u0103ng Robot-Coupe CL50 (TMTP-O07) - M\u00e1y Th\u1ef1c Ph\u1ea9m T\u00e2n Minh<\/title>\n<meta name=\"description\" content=\"M\u00e1y th\u00e1i rau c\u1ee7 qu\u1ea3 \u0111a n\u0103ng Robot-Coupe CL50 - Gi\u00e1 R\u1ebb - B\u1ea3o H\u00e0nh Chuy\u00ean Nghi\u1ec7p - Chi ti\u1ebft xin li\u00ean h\u1ec7 Hotline: 19002861 \u0110\u1ec3 \u0111\u01b0\u1ee3c t\u01b0 v\u1ea5n ho\u00e0n to\u00e0n mi\u1ec5n ph\u00ed!\" \/>\n<meta name=\"robots\" content=\"noindex, follow, max-snippet:-1, max-image-preview:large, max-video-preview:-1\" \/>\n<meta property=\"og:locale\" content=\"vi_VN\" \/>\n<meta property=\"og:type\" content=\"article\" \/>\n<meta property=\"og:title\" content=\"M\u00e1y th\u00e1i rau c\u1ee7 qu\u1ea3 \u0111a n\u0103ng Robot-Coupe CL50 (TMTP-O07) - M\u00e1y Th\u1ef1c Ph\u1ea9m T\u00e2n Minh\" \/>\n<meta property=\"og:description\" content=\"M\u00e1y th\u00e1i rau c\u1ee7 qu\u1ea3 \u0111a n\u0103ng Robot-Coupe CL50 - Gi\u00e1 R\u1ebb - B\u1ea3o H\u00e0nh Chuy\u00ean Nghi\u1ec7p - Chi ti\u1ebft xin li\u00ean h\u1ec7 Hotline: 19002861 \u0110\u1ec3 \u0111\u01b0\u1ee3c t\u01b0 v\u1ea5n ho\u00e0n to\u00e0n mi\u1ec5n ph\u00ed!\" \/>\n<meta property=\"og:url\" content=\"https:\/\/cokhitanminh.com\/may-thuc-pham\/san-pham\/may-thai-rau-cu-qua-da-nang-robot-coupe-cl50-tmtp-o07\/\" \/>\n<meta property=\"og:site_name\" content=\"M\u00e1y Th\u1ef1c Ph\u1ea9m T\u00e2n Minh\" \/>\n<meta property=\"article:modified_time\" content=\"2022-03-22T03:18:29+00:00\" \/>\n<meta property=\"og:image\" content=\"https:\/\/cokhitanminh.com\/may-thuc-pham\/wp-content\/uploads\/2021\/12\/may-thai-rau-cu-qua-da-nang-robot-coupe-cl50-tmtp-o07-ckmtp-10.jpg\" \/>\n\t<meta property=\"og:image:width\" content=\"550\" \/>\n\t<meta property=\"og:image:height\" content=\"550\" \/>\n<meta name=\"twitter:card\" content=\"summary_large_image\" \/>\n<meta name=\"twitter:label1\" content=\"\u01af\u1edbc t\u00ednh th\u1eddi gian \u0111\u1ecdc\" \/>\n\t<meta name=\"twitter:data1\" content=\"3 ph\u00fat\" \/>\n<script type=\"application\/ld+json\" class=\"yoast-schema-graph\">{\"@context\":\"https:\/\/schema.org\",\"@graph\":[{\"@type\":\"WebSite\",\"@id\":\"https:\/\/cokhitanminh.com\/may-thuc-pham\/#website\",\"url\":\"https:\/\/cokhitanminh.com\/may-thuc-pham\/\",\"name\":\"M\\u00e1y Th\\u1ef1c Ph\\u1ea9m T\\u00e2n Minh\",\"description\":\"K\\u1ebft N\\u1ed1i \\u0110\\u1ebfn S\\u1ef1 Ho\\u00e0n H\\u1ea3o!\",\"potentialAction\":[{\"@type\":\"SearchAction\",\"target\":{\"@type\":\"EntryPoint\",\"urlTemplate\":\"https:\/\/cokhitanminh.com\/may-thuc-pham\/?s={search_term_string}\"},\"query-input\":\"required name=search_term_string\"}],\"inLanguage\":\"vi\"},{\"@type\":\"ImageObject\",\"@id\":\"https:\/\/cokhitanminh.com\/may-thuc-pham\/san-pham\/may-thai-rau-cu-qua-da-nang-robot-coupe-cl50-tmtp-o07\/#primaryimage\",\"inLanguage\":\"vi\",\"url\":\"https:\/\/cokhitanminh.com\/may-thuc-pham\/wp-content\/uploads\/2021\/12\/may-thai-rau-cu-qua-da-nang-robot-coupe-cl50-tmtp-o07-ckmtp-10.jpg\",\"contentUrl\":\"https:\/\/cokhitanminh.com\/may-thuc-pham\/wp-content\/uploads\/2021\/12\/may-thai-rau-cu-qua-da-nang-robot-coupe-cl50-tmtp-o07-ckmtp-10.jpg\",\"width\":550,\"height\":550,\"caption\":\"M\\u00c1Y TH\\u00c1I RAU C\\u1ee6 QU\\u1ea2 \\u0110A N\\u0102NG ROBOT-COUPE CL50 (TMTP-O07)\"},{\"@type\":\"WebPage\",\"@id\":\"https:\/\/cokhitanminh.com\/may-thuc-pham\/san-pham\/may-thai-rau-cu-qua-da-nang-robot-coupe-cl50-tmtp-o07\/#webpage\",\"url\":\"https:\/\/cokhitanminh.com\/may-thuc-pham\/san-pham\/may-thai-rau-cu-qua-da-nang-robot-coupe-cl50-tmtp-o07\/\",\"name\":\"M\\u00e1y th\\u00e1i rau c\\u1ee7 qu\\u1ea3 \\u0111a n\\u0103ng Robot-Coupe CL50 (TMTP-O07) - M\\u00e1y Th\\u1ef1c Ph\\u1ea9m T\\u00e2n Minh\",\"isPartOf\":{\"@id\":\"https:\/\/cokhitanminh.com\/may-thuc-pham\/#website\"},\"primaryImageOfPage\":{\"@id\":\"https:\/\/cokhitanminh.com\/may-thuc-pham\/san-pham\/may-thai-rau-cu-qua-da-nang-robot-coupe-cl50-tmtp-o07\/#primaryimage\"},\"datePublished\":\"2021-12-04T08:45:46+00:00\",\"dateModified\":\"2022-03-22T03:18:29+00:00\",\"description\":\"M\\u00e1y th\\u00e1i rau c\\u1ee7 qu\\u1ea3 \\u0111a n\\u0103ng Robot-Coupe CL50 - Gi\\u00e1 R\\u1ebb - B\\u1ea3o H\\u00e0nh Chuy\\u00ean Nghi\\u1ec7p - Chi ti\\u1ebft xin li\\u00ean h\\u1ec7 Hotline: 19002861 \\u0110\\u1ec3 \\u0111\\u01b0\\u1ee3c t\\u01b0 v\\u1ea5n ho\\u00e0n to\\u00e0n mi\\u1ec5n ph\\u00ed!\",\"breadcrumb\":{\"@id\":\"https:\/\/cokhitanminh.com\/may-thuc-pham\/san-pham\/may-thai-rau-cu-qua-da-nang-robot-coupe-cl50-tmtp-o07\/#breadcrumb\"},\"inLanguage\":\"vi\",\"potentialAction\":[{\"@type\":\"ReadAction\",\"target\":[\"https:\/\/cokhitanminh.com\/may-thuc-pham\/san-pham\/may-thai-rau-cu-qua-da-nang-robot-coupe-cl50-tmtp-o07\/\"]}]},{\"@type\":\"BreadcrumbList\",\"@id\":\"https:\/\/cokhitanminh.com\/may-thuc-pham\/san-pham\/may-thai-rau-cu-qua-da-nang-robot-coupe-cl50-tmtp-o07\/#breadcrumb\",\"itemListElement\":[{\"@type\":\"ListItem\",\"position\":1,\"name\":\"Trang ch\\u1ee7\",\"item\":\"https:\/\/cokhitanminh.com\/may-thuc-pham\/\"},{\"@type\":\"ListItem\",\"position\":2,\"name\":\"C\\u1eeda h\\u00e0ng\",\"item\":\"https:\/\/cokhitanminh.com\/may-thuc-pham\/cua-hang\/\"},{\"@type\":\"ListItem\",\"position\":3,\"name\":\"M\\u00e1y th\\u00e1i rau c\\u1ee7 qu\\u1ea3 \\u0111a n\\u0103ng Robot-Coupe CL50 (TMTP-O07)\"}]}]}<\/script>\n<!-- \/ Yoast SEO plugin. -->","yoast_head_json":{"title":"M\u00e1y th\u00e1i rau c\u1ee7 qu\u1ea3 \u0111a n\u0103ng Robot-Coupe CL50 (TMTP-O07) - M\u00e1y Th\u1ef1c Ph\u1ea9m T\u00e2n Minh","description":"M\u00e1y th\u00e1i rau c\u1ee7 qu\u1ea3 \u0111a n\u0103ng Robot-Coupe CL50 - Gi\u00e1 R\u1ebb - B\u1ea3o H\u00e0nh Chuy\u00ean Nghi\u1ec7p - Chi ti\u1ebft xin li\u00ean h\u1ec7 Hotline: 19002861 \u0110\u1ec3 \u0111\u01b0\u1ee3c t\u01b0 v\u1ea5n ho\u00e0n to\u00e0n mi\u1ec5n ph\u00ed!","robots":{"index":"noindex","follow":"follow","max-snippet":"max-snippet:-1","max-image-preview":"max-image-preview:large","max-video-preview":"max-video-preview:-1"},"og_locale":"vi_VN","og_type":"article","og_title":"M\u00e1y th\u00e1i rau c\u1ee7 qu\u1ea3 \u0111a n\u0103ng Robot-Coupe CL50 (TMTP-O07) - M\u00e1y Th\u1ef1c Ph\u1ea9m T\u00e2n Minh","og_description":"M\u00e1y th\u00e1i rau c\u1ee7 qu\u1ea3 \u0111a n\u0103ng Robot-Coupe CL50 - Gi\u00e1 R\u1ebb - B\u1ea3o H\u00e0nh Chuy\u00ean Nghi\u1ec7p - Chi ti\u1ebft xin li\u00ean h\u1ec7 Hotline: 19002861 \u0110\u1ec3 \u0111\u01b0\u1ee3c t\u01b0 v\u1ea5n ho\u00e0n to\u00e0n mi\u1ec5n ph\u00ed!","og_url":"https:\/\/cokhitanminh.com\/may-thuc-pham\/san-pham\/may-thai-rau-cu-qua-da-nang-robot-coupe-cl50-tmtp-o07\/","og_site_name":"M\u00e1y Th\u1ef1c Ph\u1ea9m T\u00e2n Minh","article_modified_time":"2022-03-22T03:18:29+00:00","og_image":[{"width":550,"height":550,"url":"https:\/\/cokhitanminh.com\/may-thuc-pham\/wp-content\/uploads\/2021\/12\/may-thai-rau-cu-qua-da-nang-robot-coupe-cl50-tmtp-o07-ckmtp-10.jpg","type":"image\/jpeg"}],"twitter_card":"summary_large_image","twitter_misc":{"\u01af\u1edbc t\u00ednh th\u1eddi gian \u0111\u1ecdc":"3 ph\u00fat"},"schema":{"@context":"https:\/\/schema.org","@graph":[{"@type":"WebSite","@id":"https:\/\/cokhitanminh.com\/may-thuc-pham\/#website","url":"https:\/\/cokhitanminh.com\/may-thuc-pham\/","name":"M\u00e1y Th\u1ef1c Ph\u1ea9m T\u00e2n Minh","description":"K\u1ebft N\u1ed1i \u0110\u1ebfn S\u1ef1 Ho\u00e0n H\u1ea3o!","potentialAction":[{"@type":"SearchAction","target":{"@type":"EntryPoint","urlTemplate":"https:\/\/cokhitanminh.com\/may-thuc-pham\/?s={search_term_string}"},"query-input":"required name=search_term_string"}],"inLanguage":"vi"},{"@type":"ImageObject","@id":"https:\/\/cokhitanminh.com\/may-thuc-pham\/san-pham\/may-thai-rau-cu-qua-da-nang-robot-coupe-cl50-tmtp-o07\/#primaryimage","inLanguage":"vi","url":"https:\/\/cokhitanminh.com\/may-thuc-pham\/wp-content\/uploads\/2021\/12\/may-thai-rau-cu-qua-da-nang-robot-coupe-cl50-tmtp-o07-ckmtp-10.jpg","contentUrl":"https:\/\/cokhitanminh.com\/may-thuc-pham\/wp-content\/uploads\/2021\/12\/may-thai-rau-cu-qua-da-nang-robot-coupe-cl50-tmtp-o07-ckmtp-10.jpg","width":550,"height":550,"caption":"M\u00c1Y TH\u00c1I RAU C\u1ee6 QU\u1ea2 \u0110A N\u0102NG ROBOT-COUPE CL50 (TMTP-O07)"},{"@type":"WebPage","@id":"https:\/\/cokhitanminh.com\/may-thuc-pham\/san-pham\/may-thai-rau-cu-qua-da-nang-robot-coupe-cl50-tmtp-o07\/#webpage","url":"https:\/\/cokhitanminh.com\/may-thuc-pham\/san-pham\/may-thai-rau-cu-qua-da-nang-robot-coupe-cl50-tmtp-o07\/","name":"M\u00e1y th\u00e1i rau c\u1ee7 qu\u1ea3 \u0111a n\u0103ng Robot-Coupe CL50 (TMTP-O07) - M\u00e1y Th\u1ef1c Ph\u1ea9m T\u00e2n Minh","isPartOf":{"@id":"https:\/\/cokhitanminh.com\/may-thuc-pham\/#website"},"primaryImageOfPage":{"@id":"https:\/\/cokhitanminh.com\/may-thuc-pham\/san-pham\/may-thai-rau-cu-qua-da-nang-robot-coupe-cl50-tmtp-o07\/#primaryimage"},"datePublished":"2021-12-04T08:45:46+00:00","dateModified":"2022-03-22T03:18:29+00:00","description":"M\u00e1y th\u00e1i rau c\u1ee7 qu\u1ea3 \u0111a n\u0103ng Robot-Coupe CL50 - Gi\u00e1 R\u1ebb - B\u1ea3o H\u00e0nh Chuy\u00ean Nghi\u1ec7p - Chi ti\u1ebft xin li\u00ean h\u1ec7 Hotline: 19002861 \u0110\u1ec3 \u0111\u01b0\u1ee3c t\u01b0 v\u1ea5n ho\u00e0n to\u00e0n mi\u1ec5n ph\u00ed!","breadcrumb":{"@id":"https:\/\/cokhitanminh.com\/may-thuc-pham\/san-pham\/may-thai-rau-cu-qua-da-nang-robot-coupe-cl50-tmtp-o07\/#breadcrumb"},"inLanguage":"vi","potentialAction":[{"@type":"ReadAction","target":["https:\/\/cokhitanminh.com\/may-thuc-pham\/san-pham\/may-thai-rau-cu-qua-da-nang-robot-coupe-cl50-tmtp-o07\/"]}]},{"@type":"BreadcrumbList","@id":"https:\/\/cokhitanminh.com\/may-thuc-pham\/san-pham\/may-thai-rau-cu-qua-da-nang-robot-coupe-cl50-tmtp-o07\/#breadcrumb","itemListElement":[{"@type":"ListItem","position":1,"name":"Trang ch\u1ee7","item":"https:\/\/cokhitanminh.com\/may-thuc-pham\/"},{"@type":"ListItem","position":2,"name":"C\u1eeda h\u00e0ng","item":"https:\/\/cokhitanminh.com\/may-thuc-pham\/cua-hang\/"},{"@type":"ListItem","position":3,"name":"M\u00e1y th\u00e1i rau c\u1ee7 qu\u1ea3 \u0111a n\u0103ng Robot-Coupe CL50 (TMTP-O07)"}]}]}},"_links":{"self":[{"href":"https:\/\/cokhitanminh.com\/may-thuc-pham\/wp-json\/wp\/v2\/product\/7707"}],"collection":[{"href":"https:\/\/cokhitanminh.com\/may-thuc-pham\/wp-json\/wp\/v2\/product"}],"about":[{"href":"https:\/\/cokhitanminh.com\/may-thuc-pham\/wp-json\/wp\/v2\/types\/product"}],"replies":[{"embeddable":true,"href":"https:\/\/cokhitanminh.com\/may-thuc-pham\/wp-json\/wp\/v2\/comments?post=7707"}],"wp:featuredmedia":[{"embeddable":true,"href":"https:\/\/cokhitanminh.com\/may-thuc-pham\/wp-json\/wp\/v2\/media\/14154"}],"wp:attachment":[{"href":"https:\/\/cokhitanminh.com\/may-thuc-pham\/wp-json\/wp\/v2\/media?parent=7707"}],"curies":[{"name":"wp","href":"https:\/\/api.w.org\/{rel}","templated":true}]}}