{"id":7524,"date":"2021-12-04T15:41:54","date_gmt":"2021-12-04T08:41:54","guid":{"rendered":"https:\/\/cokhitanminh.com\/may-thuc-pham\/?post_type=product&#038;p=7524"},"modified":"2022-03-19T14:41:52","modified_gmt":"2022-03-19T07:41:52","slug":"may-thai-cu-qua-da-nang-cong-nghiep-300-500-kg-gio-tmtp-o38","status":"publish","type":"product","link":"https:\/\/cokhitanminh.com\/may-thuc-pham\/san-pham\/may-thai-cu-qua-da-nang-cong-nghiep-300-500-kg-gio-tmtp-o38\/","title":{"rendered":"M\u00c1Y TH\u00c1I C\u1ee6 QU\u1ea2 \u0110A N\u0102NG C\u00d4NG NGHI\u1ec6P 300-500 KG\/GI\u1edc (TMTP-O38)"},"content":{"rendered":"<h3><a href=\"https:\/\/cokhitanminh.com\/may-thuc-pham\/san-pham\/may-thai-cu-qua-da-nang-cong-nghiep-300-500-kg-gio-tmtp-o38\/\"><em><strong>M\u00e1y th\u00e1i c\u1ee7 qu\u1ea3 \u0111a n\u0103ng c\u00f4ng nghi\u1ec7p 300-500 kg\/gi\u1edd<\/strong><\/em><\/a>\u00a0(TMTP-O38)<\/h3>\n<p><em><strong>M\u00e1y th\u00e1i c\u1ee7 qu\u1ea3 \u0111a n\u0103ng c\u00f4ng nghi\u1ec7p 300-500 kg\/gi\u1edd<\/strong><\/em>\u00a0(TMTP-O38)\u00a0\u0111\u01b0\u1ee3c nghi\u00ean c\u1ee9u s\u1ea3n xu\u1ea5t v\u00e0 ph\u00e2n ph\u1ed1i tr\u00ean to\u00e0n qu\u1ed1c. T\u1ea5t c\u1ea3 c\u00e1c s\u1ea3n ph\u1ea9m c\u1ee7a ch\u00fang t\u00f4i \u0111\u1ec1u \u0111\u01b0\u1ee3c ki\u1ec3m tra k\u1ef9 l\u01b0\u1ee1ng v\u00e0 v\u1eadn h\u00e0nh th\u1ef1c t\u1ebf \u0111\u1ec3 lu\u00f4n \u0111\u1ea3m b\u1ea3o ch\u1ea5t l\u01b0\u1ee3ng t\u1ed1t nh\u1ea5t tr\u01b0\u1edbc khi b\u00e0n giao thi\u1ebft b\u1ecb cho kh\u00e1ch h\u00e0ng.<\/p>\n<p><strong>Th\u00f4ng s\u1ed1 k\u1ef9 thu\u1eadt:<\/strong><br \/>\n\u2013 Model: TMTP-O38<br \/>\n\u2013 C\u00f4ng su\u1ea5t: 1.5 Kw<br \/>\n\u2013 \u0110i\u1ec7n n\u0103ng: AC220V\/320V\/50Hz<br \/>\n\u2013 N\u0103ng su\u1ea5t: 300 \u2013 500 Kg\/gi\u1edd<br \/>\n\u2013 Tr\u1ecdng l\u01b0\u1ee3ng t\u1ecbnh: 171 Kg<br \/>\n\u2013 T\u1ed5ng tr\u1ecdng l\u01b0\u1ee3ng: 210 Kg<br \/>\n\u2013 B\u1ea3o h\u00e0nh: 12 th\u00e1ng<\/p>\n<p><strong>H\u00ecnh \u1ea3nh s\u1ea3n ph\u1ea9m:<\/strong><\/p>\n<p><img loading=\"lazy\" class=\"size-full wp-image-13364 aligncenter\" src=\"https:\/\/cokhitanminh.com\/may-thuc-pham\/wp-content\/uploads\/2021\/12\/may-thai-cu-qua-da-nang-cong-nghiep-300-500-kggio-tmtp-o38-2-cokhitanminhcommtp.jpg\" alt=\"\" width=\"550\" height=\"438\" srcset=\"https:\/\/cokhitanminh.com\/may-thuc-pham\/wp-content\/uploads\/2021\/12\/may-thai-cu-qua-da-nang-cong-nghiep-300-500-kggio-tmtp-o38-2-cokhitanminhcommtp.jpg 550w, https:\/\/cokhitanminh.com\/may-thuc-pham\/wp-content\/uploads\/2021\/12\/may-thai-cu-qua-da-nang-cong-nghiep-300-500-kggio-tmtp-o38-2-cokhitanminhcommtp-300x239.jpg 300w\" sizes=\"(max-width: 550px) 100vw, 550px\" \/><\/p>\n<p><img loading=\"lazy\" class=\"size-full wp-image-13365 aligncenter\" src=\"https:\/\/cokhitanminh.com\/may-thuc-pham\/wp-content\/uploads\/2021\/12\/may-thai-cu-qua-da-nang-cong-nghiep-300-500-kggio-tmtp-o38-3-cokhitanminhcommtp.jpg\" alt=\"\" width=\"550\" height=\"383\" srcset=\"https:\/\/cokhitanminh.com\/may-thuc-pham\/wp-content\/uploads\/2021\/12\/may-thai-cu-qua-da-nang-cong-nghiep-300-500-kggio-tmtp-o38-3-cokhitanminhcommtp.jpg 550w, https:\/\/cokhitanminh.com\/may-thuc-pham\/wp-content\/uploads\/2021\/12\/may-thai-cu-qua-da-nang-cong-nghiep-300-500-kggio-tmtp-o38-3-cokhitanminhcommtp-300x209.jpg 300w\" sizes=\"(max-width: 550px) 100vw, 550px\" \/><\/p>\n<p><img loading=\"lazy\" class=\"size-full wp-image-13366 aligncenter\" src=\"https:\/\/cokhitanminh.com\/may-thuc-pham\/wp-content\/uploads\/2021\/12\/may-thai-cu-qua-da-nang-cong-nghiep-300-500-kggio-tmtp-o38-4-cokhitanminhcommtp.jpg\" alt=\"\" width=\"550\" height=\"258\" srcset=\"https:\/\/cokhitanminh.com\/may-thuc-pham\/wp-content\/uploads\/2021\/12\/may-thai-cu-qua-da-nang-cong-nghiep-300-500-kggio-tmtp-o38-4-cokhitanminhcommtp.jpg 550w, https:\/\/cokhitanminh.com\/may-thuc-pham\/wp-content\/uploads\/2021\/12\/may-thai-cu-qua-da-nang-cong-nghiep-300-500-kggio-tmtp-o38-4-cokhitanminhcommtp-300x141.jpg 300w\" sizes=\"(max-width: 550px) 100vw, 550px\" \/><\/p>\n<p><img loading=\"lazy\" class=\"size-full wp-image-13367 aligncenter\" src=\"https:\/\/cokhitanminh.com\/may-thuc-pham\/wp-content\/uploads\/2021\/12\/may-thai-cu-qua-da-nang-cong-nghiep-300-500-kggio-tmtp-o38-5-cokhitanminhcommtp.jpg\" alt=\"\" width=\"550\" height=\"398\" srcset=\"https:\/\/cokhitanminh.com\/may-thuc-pham\/wp-content\/uploads\/2021\/12\/may-thai-cu-qua-da-nang-cong-nghiep-300-500-kggio-tmtp-o38-5-cokhitanminhcommtp.jpg 550w, https:\/\/cokhitanminh.com\/may-thuc-pham\/wp-content\/uploads\/2021\/12\/may-thai-cu-qua-da-nang-cong-nghiep-300-500-kggio-tmtp-o38-5-cokhitanminhcommtp-300x217.jpg 300w\" sizes=\"(max-width: 550px) 100vw, 550px\" \/><\/p>\n<p><img loading=\"lazy\" class=\"size-full wp-image-13368 aligncenter\" src=\"https:\/\/cokhitanminh.com\/may-thuc-pham\/wp-content\/uploads\/2021\/12\/may-thai-cu-qua-da-nang-cong-nghiep-300-500-kggio-tmtp-o38-6-cokhitanminhcommtp.jpg\" alt=\"\" width=\"550\" height=\"733\" srcset=\"https:\/\/cokhitanminh.com\/may-thuc-pham\/wp-content\/uploads\/2021\/12\/may-thai-cu-qua-da-nang-cong-nghiep-300-500-kggio-tmtp-o38-6-cokhitanminhcommtp.jpg 550w, https:\/\/cokhitanminh.com\/may-thuc-pham\/wp-content\/uploads\/2021\/12\/may-thai-cu-qua-da-nang-cong-nghiep-300-500-kggio-tmtp-o38-6-cokhitanminhcommtp-225x300.jpg 225w\" sizes=\"(max-width: 550px) 100vw, 550px\" \/><\/p>\n<p>Chi ti\u1ebft s\u1ea3n ph\u1ea9m <em><strong>M\u00e1y th\u00e1i c\u1ee7 qu\u1ea3 \u0111a n\u0103ng c\u00f4ng nghi\u1ec7p 300-500 kg\/gi\u1edd<\/strong><\/em><strong><em>\u00a0<\/em><\/strong>xin vui l\u00f2ng li\u00ean h\u1ec7 Hotline: 19002861 \u0110\u1ec3 \u0111\u01b0\u1ee3c t\u01b0 v\u1ea5n ho\u00e0n to\u00e0n mi\u1ec5n ph\u00ed!<\/p>\n","protected":false},"excerpt":{"rendered":"<p>M\u00e1y th\u00e1i c\u1ee7 qu\u1ea3 \u0111a n\u0103ng c\u00f4ng nghi\u1ec7p 300-500 kg\/gi\u1edd\u00a0(TMTP-O38) M\u00e1y th\u00e1i c\u1ee7 qu\u1ea3 \u0111a n\u0103ng c\u00f4ng nghi\u1ec7p 300-500 kg\/gi\u1edd\u00a0(TMTP-O38)\u00a0\u0111\u01b0\u1ee3c nghi\u00ean c\u1ee9u s\u1ea3n xu\u1ea5t v\u00e0 ph\u00e2n ph\u1ed1i tr\u00ean to\u00e0n qu\u1ed1c. T\u1ea5t c\u1ea3 c\u00e1c s\u1ea3n ph\u1ea9m c\u1ee7a ch\u00fang t\u00f4i \u0111\u1ec1u \u0111\u01b0\u1ee3c ki\u1ec3m tra k\u1ef9 l\u01b0\u1ee1ng v\u00e0 v\u1eadn h\u00e0nh th\u1ef1c t\u1ebf \u0111\u1ec3 lu\u00f4n \u0111\u1ea3m b\u1ea3o ch\u1ea5t l\u01b0\u1ee3ng &#8230;<\/p>\n","protected":false},"featured_media":13369,"comment_status":"open","ping_status":"closed","template":"","meta":[],"yoast_head":"<!-- This site is optimized with the Yoast SEO plugin v17.6 - https:\/\/yoast.com\/wordpress\/plugins\/seo\/ -->\n<title>M\u00e1y th\u00e1i c\u1ee7 qu\u1ea3 \u0111a n\u0103ng c\u00f4ng nghi\u1ec7p 300-500 kg\/gi\u1edd<\/title>\n<meta name=\"description\" content=\"M\u00e1y th\u00e1i c\u1ee7 qu\u1ea3 \u0111a n\u0103ng c\u00f4ng nghi\u1ec7p 300-500 kg\/gi\u1edd - Gi\u00e1 R\u1ebb - Chi ti\u1ebft xin li\u00ean h\u1ec7 Hotline: 19002861 \u0110\u1ec3 \u0111\u01b0\u1ee3c t\u01b0 v\u1ea5n ho\u00e0n to\u00e0n mi\u1ec5n ph\u00ed!\" \/>\n<meta name=\"robots\" content=\"noindex, follow, max-snippet:-1, max-image-preview:large, max-video-preview:-1\" \/>\n<meta property=\"og:locale\" content=\"vi_VN\" \/>\n<meta property=\"og:type\" content=\"article\" \/>\n<meta property=\"og:title\" content=\"M\u00e1y th\u00e1i c\u1ee7 qu\u1ea3 \u0111a n\u0103ng c\u00f4ng nghi\u1ec7p 300-500 kg\/gi\u1edd\" \/>\n<meta property=\"og:description\" content=\"M\u00e1y th\u00e1i c\u1ee7 qu\u1ea3 \u0111a n\u0103ng c\u00f4ng nghi\u1ec7p 300-500 kg\/gi\u1edd - Gi\u00e1 R\u1ebb - Chi ti\u1ebft xin li\u00ean h\u1ec7 Hotline: 19002861 \u0110\u1ec3 \u0111\u01b0\u1ee3c t\u01b0 v\u1ea5n ho\u00e0n to\u00e0n mi\u1ec5n ph\u00ed!\" \/>\n<meta property=\"og:url\" content=\"https:\/\/cokhitanminh.com\/may-thuc-pham\/san-pham\/may-thai-cu-qua-da-nang-cong-nghiep-300-500-kg-gio-tmtp-o38\/\" \/>\n<meta property=\"og:site_name\" content=\"M\u00e1y Th\u1ef1c Ph\u1ea9m T\u00e2n Minh\" \/>\n<meta property=\"article:modified_time\" content=\"2022-03-19T07:41:52+00:00\" \/>\n<meta property=\"og:image\" content=\"https:\/\/cokhitanminh.com\/may-thuc-pham\/wp-content\/uploads\/2021\/12\/may-thai-cu-qua-da-nang-cong-nghiep-300-500-kggio-tmtp-o38-1-cokhitanminhcommtp.jpg\" \/>\n\t<meta property=\"og:image:width\" content=\"522\" \/>\n\t<meta property=\"og:image:height\" content=\"522\" \/>\n<meta name=\"twitter:card\" content=\"summary_large_image\" \/>\n<meta name=\"twitter:label1\" content=\"\u01af\u1edbc t\u00ednh th\u1eddi gian \u0111\u1ecdc\" \/>\n\t<meta name=\"twitter:data1\" content=\"2 ph\u00fat\" \/>\n<script type=\"application\/ld+json\" class=\"yoast-schema-graph\">{\"@context\":\"https:\/\/schema.org\",\"@graph\":[{\"@type\":\"WebSite\",\"@id\":\"https:\/\/cokhitanminh.com\/may-thuc-pham\/#website\",\"url\":\"https:\/\/cokhitanminh.com\/may-thuc-pham\/\",\"name\":\"M\\u00e1y Th\\u1ef1c Ph\\u1ea9m T\\u00e2n Minh\",\"description\":\"K\\u1ebft N\\u1ed1i \\u0110\\u1ebfn S\\u1ef1 Ho\\u00e0n H\\u1ea3o!\",\"potentialAction\":[{\"@type\":\"SearchAction\",\"target\":{\"@type\":\"EntryPoint\",\"urlTemplate\":\"https:\/\/cokhitanminh.com\/may-thuc-pham\/?s={search_term_string}\"},\"query-input\":\"required name=search_term_string\"}],\"inLanguage\":\"vi\"},{\"@type\":\"ImageObject\",\"@id\":\"https:\/\/cokhitanminh.com\/may-thuc-pham\/san-pham\/may-thai-cu-qua-da-nang-cong-nghiep-300-500-kg-gio-tmtp-o38\/#primaryimage\",\"inLanguage\":\"vi\",\"url\":\"https:\/\/cokhitanminh.com\/may-thuc-pham\/wp-content\/uploads\/2021\/12\/may-thai-cu-qua-da-nang-cong-nghiep-300-500-kggio-tmtp-o38-1-cokhitanminhcommtp.jpg\",\"contentUrl\":\"https:\/\/cokhitanminh.com\/may-thuc-pham\/wp-content\/uploads\/2021\/12\/may-thai-cu-qua-da-nang-cong-nghiep-300-500-kggio-tmtp-o38-1-cokhitanminhcommtp.jpg\",\"width\":522,\"height\":522,\"caption\":\"M\\u00c1Y TH\\u00c1I C\\u1ee6 QU\\u1ea2 \\u0110A N\\u0102NG C\\u00d4NG NGHI\\u1ec6P 300-500 KG\/GI\\u1edc (TMTP-O38)\"},{\"@type\":\"WebPage\",\"@id\":\"https:\/\/cokhitanminh.com\/may-thuc-pham\/san-pham\/may-thai-cu-qua-da-nang-cong-nghiep-300-500-kg-gio-tmtp-o38\/#webpage\",\"url\":\"https:\/\/cokhitanminh.com\/may-thuc-pham\/san-pham\/may-thai-cu-qua-da-nang-cong-nghiep-300-500-kg-gio-tmtp-o38\/\",\"name\":\"M\\u00e1y th\\u00e1i c\\u1ee7 qu\\u1ea3 \\u0111a n\\u0103ng c\\u00f4ng nghi\\u1ec7p 300-500 kg\/gi\\u1edd\",\"isPartOf\":{\"@id\":\"https:\/\/cokhitanminh.com\/may-thuc-pham\/#website\"},\"primaryImageOfPage\":{\"@id\":\"https:\/\/cokhitanminh.com\/may-thuc-pham\/san-pham\/may-thai-cu-qua-da-nang-cong-nghiep-300-500-kg-gio-tmtp-o38\/#primaryimage\"},\"datePublished\":\"2021-12-04T08:41:54+00:00\",\"dateModified\":\"2022-03-19T07:41:52+00:00\",\"description\":\"M\\u00e1y th\\u00e1i c\\u1ee7 qu\\u1ea3 \\u0111a n\\u0103ng c\\u00f4ng nghi\\u1ec7p 300-500 kg\/gi\\u1edd - Gi\\u00e1 R\\u1ebb - Chi ti\\u1ebft xin li\\u00ean h\\u1ec7 Hotline: 19002861 \\u0110\\u1ec3 \\u0111\\u01b0\\u1ee3c t\\u01b0 v\\u1ea5n ho\\u00e0n to\\u00e0n mi\\u1ec5n ph\\u00ed!\",\"breadcrumb\":{\"@id\":\"https:\/\/cokhitanminh.com\/may-thuc-pham\/san-pham\/may-thai-cu-qua-da-nang-cong-nghiep-300-500-kg-gio-tmtp-o38\/#breadcrumb\"},\"inLanguage\":\"vi\",\"potentialAction\":[{\"@type\":\"ReadAction\",\"target\":[\"https:\/\/cokhitanminh.com\/may-thuc-pham\/san-pham\/may-thai-cu-qua-da-nang-cong-nghiep-300-500-kg-gio-tmtp-o38\/\"]}]},{\"@type\":\"BreadcrumbList\",\"@id\":\"https:\/\/cokhitanminh.com\/may-thuc-pham\/san-pham\/may-thai-cu-qua-da-nang-cong-nghiep-300-500-kg-gio-tmtp-o38\/#breadcrumb\",\"itemListElement\":[{\"@type\":\"ListItem\",\"position\":1,\"name\":\"Trang ch\\u1ee7\",\"item\":\"https:\/\/cokhitanminh.com\/may-thuc-pham\/\"},{\"@type\":\"ListItem\",\"position\":2,\"name\":\"C\\u1eeda h\\u00e0ng\",\"item\":\"https:\/\/cokhitanminh.com\/may-thuc-pham\/cua-hang\/\"},{\"@type\":\"ListItem\",\"position\":3,\"name\":\"M\\u00c1Y TH\\u00c1I C\\u1ee6 QU\\u1ea2 \\u0110A N\\u0102NG C\\u00d4NG NGHI\\u1ec6P 300-500 KG\/GI\\u1edc (TMTP-O38)\"}]}]}<\/script>\n<!-- \/ Yoast SEO plugin. -->","yoast_head_json":{"title":"M\u00e1y th\u00e1i c\u1ee7 qu\u1ea3 \u0111a n\u0103ng c\u00f4ng nghi\u1ec7p 300-500 kg\/gi\u1edd","description":"M\u00e1y th\u00e1i c\u1ee7 qu\u1ea3 \u0111a n\u0103ng c\u00f4ng nghi\u1ec7p 300-500 kg\/gi\u1edd - Gi\u00e1 R\u1ebb - Chi ti\u1ebft xin li\u00ean h\u1ec7 Hotline: 19002861 \u0110\u1ec3 \u0111\u01b0\u1ee3c t\u01b0 v\u1ea5n ho\u00e0n to\u00e0n mi\u1ec5n ph\u00ed!","robots":{"index":"noindex","follow":"follow","max-snippet":"max-snippet:-1","max-image-preview":"max-image-preview:large","max-video-preview":"max-video-preview:-1"},"og_locale":"vi_VN","og_type":"article","og_title":"M\u00e1y th\u00e1i c\u1ee7 qu\u1ea3 \u0111a n\u0103ng c\u00f4ng nghi\u1ec7p 300-500 kg\/gi\u1edd","og_description":"M\u00e1y th\u00e1i c\u1ee7 qu\u1ea3 \u0111a n\u0103ng c\u00f4ng nghi\u1ec7p 300-500 kg\/gi\u1edd - Gi\u00e1 R\u1ebb - Chi ti\u1ebft xin li\u00ean h\u1ec7 Hotline: 19002861 \u0110\u1ec3 \u0111\u01b0\u1ee3c t\u01b0 v\u1ea5n ho\u00e0n to\u00e0n mi\u1ec5n ph\u00ed!","og_url":"https:\/\/cokhitanminh.com\/may-thuc-pham\/san-pham\/may-thai-cu-qua-da-nang-cong-nghiep-300-500-kg-gio-tmtp-o38\/","og_site_name":"M\u00e1y Th\u1ef1c Ph\u1ea9m T\u00e2n Minh","article_modified_time":"2022-03-19T07:41:52+00:00","og_image":[{"width":522,"height":522,"url":"https:\/\/cokhitanminh.com\/may-thuc-pham\/wp-content\/uploads\/2021\/12\/may-thai-cu-qua-da-nang-cong-nghiep-300-500-kggio-tmtp-o38-1-cokhitanminhcommtp.jpg","type":"image\/jpeg"}],"twitter_card":"summary_large_image","twitter_misc":{"\u01af\u1edbc t\u00ednh th\u1eddi gian \u0111\u1ecdc":"2 ph\u00fat"},"schema":{"@context":"https:\/\/schema.org","@graph":[{"@type":"WebSite","@id":"https:\/\/cokhitanminh.com\/may-thuc-pham\/#website","url":"https:\/\/cokhitanminh.com\/may-thuc-pham\/","name":"M\u00e1y Th\u1ef1c Ph\u1ea9m T\u00e2n Minh","description":"K\u1ebft N\u1ed1i \u0110\u1ebfn S\u1ef1 Ho\u00e0n H\u1ea3o!","potentialAction":[{"@type":"SearchAction","target":{"@type":"EntryPoint","urlTemplate":"https:\/\/cokhitanminh.com\/may-thuc-pham\/?s={search_term_string}"},"query-input":"required name=search_term_string"}],"inLanguage":"vi"},{"@type":"ImageObject","@id":"https:\/\/cokhitanminh.com\/may-thuc-pham\/san-pham\/may-thai-cu-qua-da-nang-cong-nghiep-300-500-kg-gio-tmtp-o38\/#primaryimage","inLanguage":"vi","url":"https:\/\/cokhitanminh.com\/may-thuc-pham\/wp-content\/uploads\/2021\/12\/may-thai-cu-qua-da-nang-cong-nghiep-300-500-kggio-tmtp-o38-1-cokhitanminhcommtp.jpg","contentUrl":"https:\/\/cokhitanminh.com\/may-thuc-pham\/wp-content\/uploads\/2021\/12\/may-thai-cu-qua-da-nang-cong-nghiep-300-500-kggio-tmtp-o38-1-cokhitanminhcommtp.jpg","width":522,"height":522,"caption":"M\u00c1Y TH\u00c1I C\u1ee6 QU\u1ea2 \u0110A N\u0102NG C\u00d4NG NGHI\u1ec6P 300-500 KG\/GI\u1edc (TMTP-O38)"},{"@type":"WebPage","@id":"https:\/\/cokhitanminh.com\/may-thuc-pham\/san-pham\/may-thai-cu-qua-da-nang-cong-nghiep-300-500-kg-gio-tmtp-o38\/#webpage","url":"https:\/\/cokhitanminh.com\/may-thuc-pham\/san-pham\/may-thai-cu-qua-da-nang-cong-nghiep-300-500-kg-gio-tmtp-o38\/","name":"M\u00e1y th\u00e1i c\u1ee7 qu\u1ea3 \u0111a n\u0103ng c\u00f4ng nghi\u1ec7p 300-500 kg\/gi\u1edd","isPartOf":{"@id":"https:\/\/cokhitanminh.com\/may-thuc-pham\/#website"},"primaryImageOfPage":{"@id":"https:\/\/cokhitanminh.com\/may-thuc-pham\/san-pham\/may-thai-cu-qua-da-nang-cong-nghiep-300-500-kg-gio-tmtp-o38\/#primaryimage"},"datePublished":"2021-12-04T08:41:54+00:00","dateModified":"2022-03-19T07:41:52+00:00","description":"M\u00e1y th\u00e1i c\u1ee7 qu\u1ea3 \u0111a n\u0103ng c\u00f4ng nghi\u1ec7p 300-500 kg\/gi\u1edd - Gi\u00e1 R\u1ebb - Chi ti\u1ebft xin li\u00ean h\u1ec7 Hotline: 19002861 \u0110\u1ec3 \u0111\u01b0\u1ee3c t\u01b0 v\u1ea5n ho\u00e0n to\u00e0n mi\u1ec5n ph\u00ed!","breadcrumb":{"@id":"https:\/\/cokhitanminh.com\/may-thuc-pham\/san-pham\/may-thai-cu-qua-da-nang-cong-nghiep-300-500-kg-gio-tmtp-o38\/#breadcrumb"},"inLanguage":"vi","potentialAction":[{"@type":"ReadAction","target":["https:\/\/cokhitanminh.com\/may-thuc-pham\/san-pham\/may-thai-cu-qua-da-nang-cong-nghiep-300-500-kg-gio-tmtp-o38\/"]}]},{"@type":"BreadcrumbList","@id":"https:\/\/cokhitanminh.com\/may-thuc-pham\/san-pham\/may-thai-cu-qua-da-nang-cong-nghiep-300-500-kg-gio-tmtp-o38\/#breadcrumb","itemListElement":[{"@type":"ListItem","position":1,"name":"Trang ch\u1ee7","item":"https:\/\/cokhitanminh.com\/may-thuc-pham\/"},{"@type":"ListItem","position":2,"name":"C\u1eeda h\u00e0ng","item":"https:\/\/cokhitanminh.com\/may-thuc-pham\/cua-hang\/"},{"@type":"ListItem","position":3,"name":"M\u00c1Y TH\u00c1I C\u1ee6 QU\u1ea2 \u0110A N\u0102NG C\u00d4NG NGHI\u1ec6P 300-500 KG\/GI\u1edc (TMTP-O38)"}]}]}},"_links":{"self":[{"href":"https:\/\/cokhitanminh.com\/may-thuc-pham\/wp-json\/wp\/v2\/product\/7524"}],"collection":[{"href":"https:\/\/cokhitanminh.com\/may-thuc-pham\/wp-json\/wp\/v2\/product"}],"about":[{"href":"https:\/\/cokhitanminh.com\/may-thuc-pham\/wp-json\/wp\/v2\/types\/product"}],"replies":[{"embeddable":true,"href":"https:\/\/cokhitanminh.com\/may-thuc-pham\/wp-json\/wp\/v2\/comments?post=7524"}],"wp:featuredmedia":[{"embeddable":true,"href":"https:\/\/cokhitanminh.com\/may-thuc-pham\/wp-json\/wp\/v2\/media\/13369"}],"wp:attachment":[{"href":"https:\/\/cokhitanminh.com\/may-thuc-pham\/wp-json\/wp\/v2\/media?parent=7524"}],"curies":[{"name":"wp","href":"https:\/\/api.w.org\/{rel}","templated":true}]}}