{"id":6786,"date":"2021-12-04T15:26:49","date_gmt":"2021-12-04T08:26:49","guid":{"rendered":"https:\/\/cokhitanminh.com\/may-thuc-pham\/?post_type=product&#038;p=6786"},"modified":"2022-03-16T09:26:51","modified_gmt":"2022-03-16T02:26:51","slug":"may-tro%cc%a3n-bo%cc%a3t-kho-truc-dung-tmtp-la45","status":"publish","type":"product","link":"https:\/\/cokhitanminh.com\/may-thuc-pham\/san-pham\/may-tro%cc%a3n-bo%cc%a3t-kho-truc-dung-tmtp-la45\/","title":{"rendered":"M\u00e1y tr\u00f4\u0323n b\u00f4\u0323t kh\u00f4 tr\u1ee5c \u0111\u1ee9ng (TMTP-LA45)"},"content":{"rendered":"<h3><em><strong>M\u00e1y tr\u00f4\u0323n b\u00f4\u0323t kh\u00f4 tr\u1ee5c \u0111\u1ee9ng<\/strong><\/em>\u00a0(TMTP-LA45)<\/h3>\n<p><em><strong>M\u00e1y tr\u00f4\u0323n b\u00f4\u0323t kh\u00f4 tr\u1ee5c \u0111\u1ee9ng<\/strong><\/em>\u00a0(TMTP-LA45) \u0111\u01b0\u1ee3c nghi\u00ean c\u1ee9u s\u1ea3n xu\u1ea5t v\u00e0 ph\u00e2n ph\u1ed1i tr\u00ean to\u00e0n qu\u1ed1c. T\u1ea5t c\u1ea3 c\u00e1c s\u1ea3n ph\u1ea9m c\u1ee7a ch\u00fang t\u00f4i \u0111\u1ec1u \u0111\u01b0\u1ee3c ki\u1ec3m tra k\u1ef9 l\u01b0\u1ee1ng v\u00e0 v\u1eadn h\u00e0nh th\u1ef1c t\u1ebf \u0111\u1ec3 lu\u00f4n \u0111\u1ea3m b\u1ea3o ch\u1ea5t l\u01b0\u1ee3ng t\u1ed1t nh\u1ea5t tr\u01b0\u1edbc khi b\u00e0n giao thi\u1ebft b\u1ecb cho kh\u00e1ch h\u00e0ng.<\/p>\n<p><strong>Th\u00f4ng s\u1ed1 k\u1ef9 thu\u1eadt:<\/strong><\/p>\n<p>\u2013 Model: TMTP-LA45<\/p>\n<p>\u2013 \u0110i\u1ec7n \u00e1p: 220V\/380V\/50Hz<\/p>\n<p>\u2013 C\u00f4ng su\u1ea5t: 220V- 2.2Kw\/380V- 1.5Kw<\/p>\n<p>\u2013 Dung ti\u0301ch b\u00f4\u0300n: kho\u1ea3ng 100L<\/p>\n<p>\u2013 N\u0103ng su\u00e2\u0301t: kho\u1ea3ng 30kg\/m\u1ebb<\/p>\n<p>\u2013 T\u1ed1c \u0111\u1ed9 ca\u0301nh \u0111a\u0309o: 65rpm<\/p>\n<p>\u2013 K\u00edch th\u01b0\u1edbc m\u00e1y: 760 x 860 x 1050 mm<\/p>\n<p>\u2013 Tr\u1ecdng l\u01b0\u1ee3ng: kho\u1ea3ng 100 kg<\/p>\n<p>\u2013 V\u1eadt li\u1ec7u ch\u00ednh: thu\u0300ng tr\u00f4\u0323n + ca\u0301nh \u0111a\u0309o + c\u01b0\u0309a xu\u00e2\u0301t: inox 304<\/p>\n<p>\u2013 B\u1ea3o h\u00e0nh: 12 th\u00e1ng<\/p>\n<p><strong>H\u00ecnh \u1ea3nh s\u1ea3n ph\u1ea9m:<\/strong><br \/>\n<img loading=\"lazy\" class=\"size-full wp-image-12765 aligncenter\" src=\"https:\/\/cokhitanminh.com\/may-thuc-pham\/wp-content\/uploads\/2021\/12\/may-tron-bot-kho-truc-dung-tmtp-la45-cktmmtp-2.jpg\" alt=\"\" width=\"550\" height=\"413\" srcset=\"https:\/\/cokhitanminh.com\/may-thuc-pham\/wp-content\/uploads\/2021\/12\/may-tron-bot-kho-truc-dung-tmtp-la45-cktmmtp-2.jpg 550w, https:\/\/cokhitanminh.com\/may-thuc-pham\/wp-content\/uploads\/2021\/12\/may-tron-bot-kho-truc-dung-tmtp-la45-cktmmtp-2-300x225.jpg 300w\" sizes=\"(max-width: 550px) 100vw, 550px\" \/> <img loading=\"lazy\" class=\"size-full wp-image-12766 aligncenter\" src=\"https:\/\/cokhitanminh.com\/may-thuc-pham\/wp-content\/uploads\/2021\/12\/may-tron-bot-kho-truc-dung-tmtp-la45-cktmmtp-3.jpg\" alt=\"\" width=\"550\" height=\"413\" srcset=\"https:\/\/cokhitanminh.com\/may-thuc-pham\/wp-content\/uploads\/2021\/12\/may-tron-bot-kho-truc-dung-tmtp-la45-cktmmtp-3.jpg 550w, https:\/\/cokhitanminh.com\/may-thuc-pham\/wp-content\/uploads\/2021\/12\/may-tron-bot-kho-truc-dung-tmtp-la45-cktmmtp-3-300x225.jpg 300w\" sizes=\"(max-width: 550px) 100vw, 550px\" \/> <img loading=\"lazy\" class=\"size-full wp-image-12767 aligncenter\" src=\"https:\/\/cokhitanminh.com\/may-thuc-pham\/wp-content\/uploads\/2021\/12\/may-tron-bot-kho-truc-dung-tmtp-la45-cktmmtp-4.jpg\" alt=\"\" width=\"550\" height=\"413\" srcset=\"https:\/\/cokhitanminh.com\/may-thuc-pham\/wp-content\/uploads\/2021\/12\/may-tron-bot-kho-truc-dung-tmtp-la45-cktmmtp-4.jpg 550w, https:\/\/cokhitanminh.com\/may-thuc-pham\/wp-content\/uploads\/2021\/12\/may-tron-bot-kho-truc-dung-tmtp-la45-cktmmtp-4-300x225.jpg 300w\" sizes=\"(max-width: 550px) 100vw, 550px\" \/> <img loading=\"lazy\" class=\"size-full wp-image-12768 aligncenter\" src=\"https:\/\/cokhitanminh.com\/may-thuc-pham\/wp-content\/uploads\/2021\/12\/may-tron-bot-kho-truc-dung-tmtp-la45-cktmmtp-5.jpg\" alt=\"\" width=\"550\" height=\"413\" srcset=\"https:\/\/cokhitanminh.com\/may-thuc-pham\/wp-content\/uploads\/2021\/12\/may-tron-bot-kho-truc-dung-tmtp-la45-cktmmtp-5.jpg 550w, https:\/\/cokhitanminh.com\/may-thuc-pham\/wp-content\/uploads\/2021\/12\/may-tron-bot-kho-truc-dung-tmtp-la45-cktmmtp-5-300x225.jpg 300w\" sizes=\"(max-width: 550px) 100vw, 550px\" \/> <img loading=\"lazy\" class=\"size-full wp-image-12769 aligncenter\" src=\"https:\/\/cokhitanminh.com\/may-thuc-pham\/wp-content\/uploads\/2021\/12\/may-tron-bot-kho-truc-dung-tmtp-la45-cktmmtp-6.jpg\" alt=\"\" width=\"550\" height=\"413\" srcset=\"https:\/\/cokhitanminh.com\/may-thuc-pham\/wp-content\/uploads\/2021\/12\/may-tron-bot-kho-truc-dung-tmtp-la45-cktmmtp-6.jpg 550w, https:\/\/cokhitanminh.com\/may-thuc-pham\/wp-content\/uploads\/2021\/12\/may-tron-bot-kho-truc-dung-tmtp-la45-cktmmtp-6-300x225.jpg 300w\" sizes=\"(max-width: 550px) 100vw, 550px\" \/><\/p>\n<p style=\"text-align: justify;\">Chi ti\u1ebft s\u1ea3n ph\u1ea9m <em><strong>M\u00e1y tr\u00f4\u0323n b\u00f4\u0323t kh\u00f4 tr\u1ee5c \u0111\u1ee9ng<\/strong><\/em>\u00a0(TMTP-LA45)xin vui l\u00f2ng li\u00ean h\u1ec7 Hotline: 19002861 \u0110\u1ec3 \u0111\u01b0\u1ee3c t\u01b0 v\u1ea5n ho\u00e0n to\u00e0n mi\u1ec5n ph\u00ed!<\/p>\n","protected":false},"excerpt":{"rendered":"<p>M\u00e1y tr\u00f4\u0323n b\u00f4\u0323t kh\u00f4 tr\u1ee5c \u0111\u1ee9ng\u00a0(TMTP-LA45) M\u00e1y tr\u00f4\u0323n b\u00f4\u0323t kh\u00f4 tr\u1ee5c \u0111\u1ee9ng\u00a0(TMTP-LA45) \u0111\u01b0\u1ee3c nghi\u00ean c\u1ee9u s\u1ea3n xu\u1ea5t v\u00e0 ph\u00e2n ph\u1ed1i tr\u00ean to\u00e0n qu\u1ed1c. T\u1ea5t c\u1ea3 c\u00e1c s\u1ea3n ph\u1ea9m c\u1ee7a ch\u00fang t\u00f4i \u0111\u1ec1u \u0111\u01b0\u1ee3c ki\u1ec3m tra k\u1ef9 l\u01b0\u1ee1ng v\u00e0 v\u1eadn h\u00e0nh th\u1ef1c t\u1ebf \u0111\u1ec3 lu\u00f4n \u0111\u1ea3m b\u1ea3o ch\u1ea5t l\u01b0\u1ee3ng t\u1ed1t nh\u1ea5t tr\u01b0\u1edbc khi b\u00e0n giao thi\u1ebft &#8230;<\/p>\n","protected":false},"featured_media":12770,"comment_status":"open","ping_status":"closed","template":"","meta":[],"yoast_head":"<!-- This site is optimized with the Yoast SEO plugin v17.6 - https:\/\/yoast.com\/wordpress\/plugins\/seo\/ -->\n<title>M\u00e1y tr\u00f4\u0323n b\u00f4\u0323t kh\u00f4 tr\u1ee5c \u0111\u1ee9ng (TMTP-LA45) - M\u00e1y Th\u1ef1c Ph\u1ea9m T\u00e2n Minh<\/title>\n<meta name=\"description\" content=\"M\u00e1y tr\u00f4\u0323n b\u00f4\u0323t kh\u00f4 tr\u1ee5c \u0111\u1ee9ng - Gi\u00e1 R\u1ebb - B\u1ea3o H\u00e0nh Chuy\u00ean Nghi\u1ec7p - Chi ti\u1ebft xin li\u00ean h\u1ec7 Hotline: 19002861 \u0110\u1ec3 \u0111\u01b0\u1ee3c t\u01b0 v\u1ea5n ho\u00e0n to\u00e0n mi\u1ec5n ph\u00ed!\" \/>\n<meta name=\"robots\" content=\"noindex, follow, max-snippet:-1, max-image-preview:large, max-video-preview:-1\" \/>\n<meta property=\"og:locale\" content=\"vi_VN\" \/>\n<meta property=\"og:type\" content=\"article\" \/>\n<meta property=\"og:title\" content=\"M\u00e1y tr\u00f4\u0323n b\u00f4\u0323t kh\u00f4 tr\u1ee5c \u0111\u1ee9ng (TMTP-LA45) - M\u00e1y Th\u1ef1c Ph\u1ea9m T\u00e2n Minh\" \/>\n<meta property=\"og:description\" content=\"M\u00e1y tr\u00f4\u0323n b\u00f4\u0323t kh\u00f4 tr\u1ee5c \u0111\u1ee9ng - Gi\u00e1 R\u1ebb - B\u1ea3o H\u00e0nh Chuy\u00ean Nghi\u1ec7p - Chi ti\u1ebft xin li\u00ean h\u1ec7 Hotline: 19002861 \u0110\u1ec3 \u0111\u01b0\u1ee3c t\u01b0 v\u1ea5n ho\u00e0n to\u00e0n mi\u1ec5n ph\u00ed!\" \/>\n<meta property=\"og:url\" content=\"https:\/\/cokhitanminh.com\/may-thuc-pham\/san-pham\/may-tro\u0323n-bo\u0323t-kho-truc-dung-tmtp-la45\/\" \/>\n<meta property=\"og:site_name\" content=\"M\u00e1y Th\u1ef1c Ph\u1ea9m T\u00e2n Minh\" \/>\n<meta property=\"article:modified_time\" content=\"2022-03-16T02:26:51+00:00\" \/>\n<meta property=\"og:image\" content=\"https:\/\/cokhitanminh.com\/may-thuc-pham\/wp-content\/uploads\/2021\/12\/may-tron-bot-kho-truc-dung-tmtp-la45-cktmmtp-1.jpg\" \/>\n\t<meta property=\"og:image:width\" content=\"446\" \/>\n\t<meta property=\"og:image:height\" content=\"446\" \/>\n<meta name=\"twitter:card\" content=\"summary_large_image\" \/>\n<meta name=\"twitter:label1\" content=\"\u01af\u1edbc t\u00ednh th\u1eddi gian \u0111\u1ecdc\" \/>\n\t<meta name=\"twitter:data1\" content=\"2 ph\u00fat\" \/>\n<script type=\"application\/ld+json\" class=\"yoast-schema-graph\">{\"@context\":\"https:\/\/schema.org\",\"@graph\":[{\"@type\":\"WebSite\",\"@id\":\"https:\/\/cokhitanminh.com\/may-thuc-pham\/#website\",\"url\":\"https:\/\/cokhitanminh.com\/may-thuc-pham\/\",\"name\":\"M\\u00e1y Th\\u1ef1c Ph\\u1ea9m T\\u00e2n Minh\",\"description\":\"K\\u1ebft N\\u1ed1i \\u0110\\u1ebfn S\\u1ef1 Ho\\u00e0n H\\u1ea3o!\",\"potentialAction\":[{\"@type\":\"SearchAction\",\"target\":{\"@type\":\"EntryPoint\",\"urlTemplate\":\"https:\/\/cokhitanminh.com\/may-thuc-pham\/?s={search_term_string}\"},\"query-input\":\"required name=search_term_string\"}],\"inLanguage\":\"vi\"},{\"@type\":\"ImageObject\",\"@id\":\"https:\/\/cokhitanminh.com\/may-thuc-pham\/san-pham\/may-tro%cc%a3n-bo%cc%a3t-kho-truc-dung-tmtp-la45\/#primaryimage\",\"inLanguage\":\"vi\",\"url\":\"https:\/\/cokhitanminh.com\/may-thuc-pham\/wp-content\/uploads\/2021\/12\/may-tron-bot-kho-truc-dung-tmtp-la45-cktmmtp-1.jpg\",\"contentUrl\":\"https:\/\/cokhitanminh.com\/may-thuc-pham\/wp-content\/uploads\/2021\/12\/may-tron-bot-kho-truc-dung-tmtp-la45-cktmmtp-1.jpg\",\"width\":446,\"height\":446},{\"@type\":\"WebPage\",\"@id\":\"https:\/\/cokhitanminh.com\/may-thuc-pham\/san-pham\/may-tro%cc%a3n-bo%cc%a3t-kho-truc-dung-tmtp-la45\/#webpage\",\"url\":\"https:\/\/cokhitanminh.com\/may-thuc-pham\/san-pham\/may-tro%cc%a3n-bo%cc%a3t-kho-truc-dung-tmtp-la45\/\",\"name\":\"M\\u00e1y tr\\u00f4\\u0323n b\\u00f4\\u0323t kh\\u00f4 tr\\u1ee5c \\u0111\\u1ee9ng (TMTP-LA45) - M\\u00e1y Th\\u1ef1c Ph\\u1ea9m T\\u00e2n Minh\",\"isPartOf\":{\"@id\":\"https:\/\/cokhitanminh.com\/may-thuc-pham\/#website\"},\"primaryImageOfPage\":{\"@id\":\"https:\/\/cokhitanminh.com\/may-thuc-pham\/san-pham\/may-tro%cc%a3n-bo%cc%a3t-kho-truc-dung-tmtp-la45\/#primaryimage\"},\"datePublished\":\"2021-12-04T08:26:49+00:00\",\"dateModified\":\"2022-03-16T02:26:51+00:00\",\"description\":\"M\\u00e1y tr\\u00f4\\u0323n b\\u00f4\\u0323t kh\\u00f4 tr\\u1ee5c \\u0111\\u1ee9ng - Gi\\u00e1 R\\u1ebb - B\\u1ea3o H\\u00e0nh Chuy\\u00ean Nghi\\u1ec7p - Chi ti\\u1ebft xin li\\u00ean h\\u1ec7 Hotline: 19002861 \\u0110\\u1ec3 \\u0111\\u01b0\\u1ee3c t\\u01b0 v\\u1ea5n ho\\u00e0n to\\u00e0n mi\\u1ec5n ph\\u00ed!\",\"breadcrumb\":{\"@id\":\"https:\/\/cokhitanminh.com\/may-thuc-pham\/san-pham\/may-tro%cc%a3n-bo%cc%a3t-kho-truc-dung-tmtp-la45\/#breadcrumb\"},\"inLanguage\":\"vi\",\"potentialAction\":[{\"@type\":\"ReadAction\",\"target\":[\"https:\/\/cokhitanminh.com\/may-thuc-pham\/san-pham\/may-tro%cc%a3n-bo%cc%a3t-kho-truc-dung-tmtp-la45\/\"]}]},{\"@type\":\"BreadcrumbList\",\"@id\":\"https:\/\/cokhitanminh.com\/may-thuc-pham\/san-pham\/may-tro%cc%a3n-bo%cc%a3t-kho-truc-dung-tmtp-la45\/#breadcrumb\",\"itemListElement\":[{\"@type\":\"ListItem\",\"position\":1,\"name\":\"Trang ch\\u1ee7\",\"item\":\"https:\/\/cokhitanminh.com\/may-thuc-pham\/\"},{\"@type\":\"ListItem\",\"position\":2,\"name\":\"C\\u1eeda h\\u00e0ng\",\"item\":\"https:\/\/cokhitanminh.com\/may-thuc-pham\/cua-hang\/\"},{\"@type\":\"ListItem\",\"position\":3,\"name\":\"M\\u00e1y tr\\u00f4\\u0323n b\\u00f4\\u0323t kh\\u00f4 tr\\u1ee5c \\u0111\\u1ee9ng (TMTP-LA45)\"}]}]}<\/script>\n<!-- \/ Yoast SEO plugin. -->","yoast_head_json":{"title":"M\u00e1y tr\u00f4\u0323n b\u00f4\u0323t kh\u00f4 tr\u1ee5c \u0111\u1ee9ng (TMTP-LA45) - M\u00e1y Th\u1ef1c Ph\u1ea9m T\u00e2n Minh","description":"M\u00e1y tr\u00f4\u0323n b\u00f4\u0323t kh\u00f4 tr\u1ee5c \u0111\u1ee9ng - Gi\u00e1 R\u1ebb - B\u1ea3o H\u00e0nh Chuy\u00ean Nghi\u1ec7p - Chi ti\u1ebft xin li\u00ean h\u1ec7 Hotline: 19002861 \u0110\u1ec3 \u0111\u01b0\u1ee3c t\u01b0 v\u1ea5n ho\u00e0n to\u00e0n mi\u1ec5n ph\u00ed!","robots":{"index":"noindex","follow":"follow","max-snippet":"max-snippet:-1","max-image-preview":"max-image-preview:large","max-video-preview":"max-video-preview:-1"},"og_locale":"vi_VN","og_type":"article","og_title":"M\u00e1y tr\u00f4\u0323n b\u00f4\u0323t kh\u00f4 tr\u1ee5c \u0111\u1ee9ng (TMTP-LA45) - M\u00e1y Th\u1ef1c Ph\u1ea9m T\u00e2n Minh","og_description":"M\u00e1y tr\u00f4\u0323n b\u00f4\u0323t kh\u00f4 tr\u1ee5c \u0111\u1ee9ng - Gi\u00e1 R\u1ebb - B\u1ea3o H\u00e0nh Chuy\u00ean Nghi\u1ec7p - Chi ti\u1ebft xin li\u00ean h\u1ec7 Hotline: 19002861 \u0110\u1ec3 \u0111\u01b0\u1ee3c t\u01b0 v\u1ea5n ho\u00e0n to\u00e0n mi\u1ec5n ph\u00ed!","og_url":"https:\/\/cokhitanminh.com\/may-thuc-pham\/san-pham\/may-tro\u0323n-bo\u0323t-kho-truc-dung-tmtp-la45\/","og_site_name":"M\u00e1y Th\u1ef1c Ph\u1ea9m T\u00e2n Minh","article_modified_time":"2022-03-16T02:26:51+00:00","og_image":[{"width":446,"height":446,"url":"https:\/\/cokhitanminh.com\/may-thuc-pham\/wp-content\/uploads\/2021\/12\/may-tron-bot-kho-truc-dung-tmtp-la45-cktmmtp-1.jpg","type":"image\/jpeg"}],"twitter_card":"summary_large_image","twitter_misc":{"\u01af\u1edbc t\u00ednh th\u1eddi gian \u0111\u1ecdc":"2 ph\u00fat"},"schema":{"@context":"https:\/\/schema.org","@graph":[{"@type":"WebSite","@id":"https:\/\/cokhitanminh.com\/may-thuc-pham\/#website","url":"https:\/\/cokhitanminh.com\/may-thuc-pham\/","name":"M\u00e1y Th\u1ef1c Ph\u1ea9m T\u00e2n Minh","description":"K\u1ebft N\u1ed1i \u0110\u1ebfn S\u1ef1 Ho\u00e0n H\u1ea3o!","potentialAction":[{"@type":"SearchAction","target":{"@type":"EntryPoint","urlTemplate":"https:\/\/cokhitanminh.com\/may-thuc-pham\/?s={search_term_string}"},"query-input":"required name=search_term_string"}],"inLanguage":"vi"},{"@type":"ImageObject","@id":"https:\/\/cokhitanminh.com\/may-thuc-pham\/san-pham\/may-tro%cc%a3n-bo%cc%a3t-kho-truc-dung-tmtp-la45\/#primaryimage","inLanguage":"vi","url":"https:\/\/cokhitanminh.com\/may-thuc-pham\/wp-content\/uploads\/2021\/12\/may-tron-bot-kho-truc-dung-tmtp-la45-cktmmtp-1.jpg","contentUrl":"https:\/\/cokhitanminh.com\/may-thuc-pham\/wp-content\/uploads\/2021\/12\/may-tron-bot-kho-truc-dung-tmtp-la45-cktmmtp-1.jpg","width":446,"height":446},{"@type":"WebPage","@id":"https:\/\/cokhitanminh.com\/may-thuc-pham\/san-pham\/may-tro%cc%a3n-bo%cc%a3t-kho-truc-dung-tmtp-la45\/#webpage","url":"https:\/\/cokhitanminh.com\/may-thuc-pham\/san-pham\/may-tro%cc%a3n-bo%cc%a3t-kho-truc-dung-tmtp-la45\/","name":"M\u00e1y tr\u00f4\u0323n b\u00f4\u0323t kh\u00f4 tr\u1ee5c \u0111\u1ee9ng (TMTP-LA45) - M\u00e1y Th\u1ef1c Ph\u1ea9m T\u00e2n Minh","isPartOf":{"@id":"https:\/\/cokhitanminh.com\/may-thuc-pham\/#website"},"primaryImageOfPage":{"@id":"https:\/\/cokhitanminh.com\/may-thuc-pham\/san-pham\/may-tro%cc%a3n-bo%cc%a3t-kho-truc-dung-tmtp-la45\/#primaryimage"},"datePublished":"2021-12-04T08:26:49+00:00","dateModified":"2022-03-16T02:26:51+00:00","description":"M\u00e1y tr\u00f4\u0323n b\u00f4\u0323t kh\u00f4 tr\u1ee5c \u0111\u1ee9ng - Gi\u00e1 R\u1ebb - B\u1ea3o H\u00e0nh Chuy\u00ean Nghi\u1ec7p - Chi ti\u1ebft xin li\u00ean h\u1ec7 Hotline: 19002861 \u0110\u1ec3 \u0111\u01b0\u1ee3c t\u01b0 v\u1ea5n ho\u00e0n to\u00e0n mi\u1ec5n ph\u00ed!","breadcrumb":{"@id":"https:\/\/cokhitanminh.com\/may-thuc-pham\/san-pham\/may-tro%cc%a3n-bo%cc%a3t-kho-truc-dung-tmtp-la45\/#breadcrumb"},"inLanguage":"vi","potentialAction":[{"@type":"ReadAction","target":["https:\/\/cokhitanminh.com\/may-thuc-pham\/san-pham\/may-tro%cc%a3n-bo%cc%a3t-kho-truc-dung-tmtp-la45\/"]}]},{"@type":"BreadcrumbList","@id":"https:\/\/cokhitanminh.com\/may-thuc-pham\/san-pham\/may-tro%cc%a3n-bo%cc%a3t-kho-truc-dung-tmtp-la45\/#breadcrumb","itemListElement":[{"@type":"ListItem","position":1,"name":"Trang ch\u1ee7","item":"https:\/\/cokhitanminh.com\/may-thuc-pham\/"},{"@type":"ListItem","position":2,"name":"C\u1eeda h\u00e0ng","item":"https:\/\/cokhitanminh.com\/may-thuc-pham\/cua-hang\/"},{"@type":"ListItem","position":3,"name":"M\u00e1y tr\u00f4\u0323n b\u00f4\u0323t kh\u00f4 tr\u1ee5c \u0111\u1ee9ng (TMTP-LA45)"}]}]}},"_links":{"self":[{"href":"https:\/\/cokhitanminh.com\/may-thuc-pham\/wp-json\/wp\/v2\/product\/6786"}],"collection":[{"href":"https:\/\/cokhitanminh.com\/may-thuc-pham\/wp-json\/wp\/v2\/product"}],"about":[{"href":"https:\/\/cokhitanminh.com\/may-thuc-pham\/wp-json\/wp\/v2\/types\/product"}],"replies":[{"embeddable":true,"href":"https:\/\/cokhitanminh.com\/may-thuc-pham\/wp-json\/wp\/v2\/comments?post=6786"}],"wp:featuredmedia":[{"embeddable":true,"href":"https:\/\/cokhitanminh.com\/may-thuc-pham\/wp-json\/wp\/v2\/media\/12770"}],"wp:attachment":[{"href":"https:\/\/cokhitanminh.com\/may-thuc-pham\/wp-json\/wp\/v2\/media?parent=6786"}],"curies":[{"name":"wp","href":"https:\/\/api.w.org\/{rel}","templated":true}]}}