{"id":8606,"date":"2023-02-21T04:21:28","date_gmt":"2023-02-21T04:21:28","guid":{"rendered":"https:\/\/cokhitanminh.com\/may-dong-goi\/?post_type=product&#038;p=8606"},"modified":"2023-04-10T08:05:28","modified_gmt":"2023-04-10T08:05:28","slug":"may-dong-goi-dung-dich-3-bien-tmdg-2f7d","status":"publish","type":"product","link":"https:\/\/cokhitanminh.com\/may-dong-goi\/may-dong-goi-dung-dich-3-bien-tmdg-2f7d\/","title":{"rendered":"M\u00e1y \u0111\u00f3ng g\u00f3i dung d\u1ecbch 3 bi\u00ean (TM\u0110G-2F7D)"},"content":{"rendered":"<p><a href=\"https:\/\/cokhitanminh.com\/may-dong-goi\/may-dong-goi-dung-dich-3-bien-tmdg-2f7d\/\"><em><strong>M\u00e1y \u0111\u00f3ng g\u00f3i dung d\u1ecbch 3 bi\u00ean (TM\u0110G-2F7D)<\/strong><\/em><\/a> l\u00e0 tinh hoa k\u1ebft h\u1ee3p c\u1ee7a \u0111\u1ed9i ng\u0169 k\u0129 s\u01b0 c\u00f4ng ty c\u1ed5 ph\u1ea7n C\u01a1 Kh\u00ed T\u00e2n Minh c\u00f9ng \u0111\u1ed9i ng\u0169 chuy\u00ean gia h\u00e0ng \u0111\u1ea7u v\u1ec1 l\u0129nh v\u1ef1c m\u00e1y \u0111\u00f3ng g\u00f3i c\u00e1c c\u00e1c n\u01b0\u1edbc ti\u00ean ti\u1ebfn trong khu v\u1ef1c v\u00e0 Qu\u1ed1c t\u1ebf, \u0111\u01b0\u1ee3c L\u1eafp R\u00e1p v\u00e0 \u0111\u1ed9c quy\u1ec1n ph\u00e2n ph\u1ed1i t\u1ea1i Vi\u1ec7t Nam b\u1edfi 1 \u0111\u01a1n v\u1ecb duy nh\u1ea5t l\u00e0 c\u00f4ng ty c\u1ed5 ph\u1ea7n C\u01a1 Kh\u00ed T\u00e2n Minh.<\/p>\n<p><img loading=\"lazy\" decoding=\"async\" class=\"size-full wp-image-8607 aligncenter\" src=\"https:\/\/cokhitanminh.com\/may-dong-goi\/wp-content\/uploads\/2023\/02\/may-dong-goi-dung-dich-3-bien-tmdg-2f7d-2.jpg\" alt=\"\" width=\"750\" height=\"350\" srcset=\"https:\/\/cokhitanminh.com\/may-dong-goi\/wp-content\/uploads\/2023\/02\/may-dong-goi-dung-dich-3-bien-tmdg-2f7d-2.jpg 750w, https:\/\/cokhitanminh.com\/may-dong-goi\/wp-content\/uploads\/2023\/02\/may-dong-goi-dung-dich-3-bien-tmdg-2f7d-2-300x140.jpg 300w, https:\/\/cokhitanminh.com\/may-dong-goi\/wp-content\/uploads\/2023\/02\/may-dong-goi-dung-dich-3-bien-tmdg-2f7d-2-600x280.jpg 600w\" sizes=\"auto, (max-width: 750px) 100vw, 750px\" \/><\/p>\n<p><img loading=\"lazy\" decoding=\"async\" class=\"size-full wp-image-8608 aligncenter\" src=\"https:\/\/cokhitanminh.com\/may-dong-goi\/wp-content\/uploads\/2023\/02\/may-dong-goi-dung-dich-3-bien-tmdg-2f7d-3.jpg\" alt=\"\" width=\"550\" height=\"373\" srcset=\"https:\/\/cokhitanminh.com\/may-dong-goi\/wp-content\/uploads\/2023\/02\/may-dong-goi-dung-dich-3-bien-tmdg-2f7d-3.jpg 550w, https:\/\/cokhitanminh.com\/may-dong-goi\/wp-content\/uploads\/2023\/02\/may-dong-goi-dung-dich-3-bien-tmdg-2f7d-3-300x203.jpg 300w\" sizes=\"auto, (max-width: 550px) 100vw, 550px\" \/><\/p>\n<p><img loading=\"lazy\" decoding=\"async\" class=\"size-full wp-image-8609 aligncenter\" src=\"https:\/\/cokhitanminh.com\/may-dong-goi\/wp-content\/uploads\/2023\/02\/may-dong-goi-dung-dich-3-bien-tmdg-2f7d-4.jpg\" alt=\"\" width=\"550\" height=\"308\" srcset=\"https:\/\/cokhitanminh.com\/may-dong-goi\/wp-content\/uploads\/2023\/02\/may-dong-goi-dung-dich-3-bien-tmdg-2f7d-4.jpg 550w, https:\/\/cokhitanminh.com\/may-dong-goi\/wp-content\/uploads\/2023\/02\/may-dong-goi-dung-dich-3-bien-tmdg-2f7d-4-300x168.jpg 300w\" sizes=\"auto, (max-width: 550px) 100vw, 550px\" \/><\/p>\n<p><img loading=\"lazy\" decoding=\"async\" class=\"size-full wp-image-8610 aligncenter\" src=\"https:\/\/cokhitanminh.com\/may-dong-goi\/wp-content\/uploads\/2023\/02\/may-dong-goi-dung-dich-3-bien-tmdg-2f7d-5.jpg\" alt=\"\" width=\"550\" height=\"437\" srcset=\"https:\/\/cokhitanminh.com\/may-dong-goi\/wp-content\/uploads\/2023\/02\/may-dong-goi-dung-dich-3-bien-tmdg-2f7d-5.jpg 550w, https:\/\/cokhitanminh.com\/may-dong-goi\/wp-content\/uploads\/2023\/02\/may-dong-goi-dung-dich-3-bien-tmdg-2f7d-5-300x238.jpg 300w\" sizes=\"auto, (max-width: 550px) 100vw, 550px\" \/><\/p>\n<p><img loading=\"lazy\" decoding=\"async\" class=\"size-full wp-image-8611 aligncenter\" src=\"https:\/\/cokhitanminh.com\/may-dong-goi\/wp-content\/uploads\/2023\/02\/may-dong-goi-dung-dich-3-bien-tmdg-2f7d-6.jpg\" alt=\"\" width=\"550\" height=\"308\" srcset=\"https:\/\/cokhitanminh.com\/may-dong-goi\/wp-content\/uploads\/2023\/02\/may-dong-goi-dung-dich-3-bien-tmdg-2f7d-6.jpg 550w, https:\/\/cokhitanminh.com\/may-dong-goi\/wp-content\/uploads\/2023\/02\/may-dong-goi-dung-dich-3-bien-tmdg-2f7d-6-300x168.jpg 300w\" sizes=\"auto, (max-width: 550px) 100vw, 550px\" \/><\/p>\n<p><img loading=\"lazy\" decoding=\"async\" class=\"size-full wp-image-8612 aligncenter\" src=\"https:\/\/cokhitanminh.com\/may-dong-goi\/wp-content\/uploads\/2023\/02\/may-dong-goi-dung-dich-3-bien-tmdg-2f7d-7.jpg\" alt=\"\" width=\"550\" height=\"443\" srcset=\"https:\/\/cokhitanminh.com\/may-dong-goi\/wp-content\/uploads\/2023\/02\/may-dong-goi-dung-dich-3-bien-tmdg-2f7d-7.jpg 550w, https:\/\/cokhitanminh.com\/may-dong-goi\/wp-content\/uploads\/2023\/02\/may-dong-goi-dung-dich-3-bien-tmdg-2f7d-7-300x242.jpg 300w\" sizes=\"auto, (max-width: 550px) 100vw, 550px\" \/><\/p>\n<p><img loading=\"lazy\" decoding=\"async\" class=\"size-full wp-image-8613 aligncenter\" src=\"https:\/\/cokhitanminh.com\/may-dong-goi\/wp-content\/uploads\/2023\/02\/may-dong-goi-dung-dich-3-bien-tmdg-2f7d-8.jpg\" alt=\"\" width=\"550\" height=\"308\" srcset=\"https:\/\/cokhitanminh.com\/may-dong-goi\/wp-content\/uploads\/2023\/02\/may-dong-goi-dung-dich-3-bien-tmdg-2f7d-8.jpg 550w, https:\/\/cokhitanminh.com\/may-dong-goi\/wp-content\/uploads\/2023\/02\/may-dong-goi-dung-dich-3-bien-tmdg-2f7d-8-300x168.jpg 300w\" sizes=\"auto, (max-width: 550px) 100vw, 550px\" \/><\/p>\n<p><img loading=\"lazy\" decoding=\"async\" class=\"size-full wp-image-8614 aligncenter\" src=\"https:\/\/cokhitanminh.com\/may-dong-goi\/wp-content\/uploads\/2023\/02\/may-dong-goi-dung-dich-3-bien-tmdg-2f7d-9.jpg\" alt=\"\" width=\"550\" height=\"416\" srcset=\"https:\/\/cokhitanminh.com\/may-dong-goi\/wp-content\/uploads\/2023\/02\/may-dong-goi-dung-dich-3-bien-tmdg-2f7d-9.jpg 550w, https:\/\/cokhitanminh.com\/may-dong-goi\/wp-content\/uploads\/2023\/02\/may-dong-goi-dung-dich-3-bien-tmdg-2f7d-9-300x227.jpg 300w\" sizes=\"auto, (max-width: 550px) 100vw, 550px\" \/><\/p>\n<p><img loading=\"lazy\" decoding=\"async\" class=\"size-full wp-image-8615 aligncenter\" src=\"https:\/\/cokhitanminh.com\/may-dong-goi\/wp-content\/uploads\/2023\/02\/may-dong-goi-dung-dich-3-bien-tmdg-2f7d-10.jpg\" alt=\"\" width=\"550\" height=\"500\" srcset=\"https:\/\/cokhitanminh.com\/may-dong-goi\/wp-content\/uploads\/2023\/02\/may-dong-goi-dung-dich-3-bien-tmdg-2f7d-10.jpg 550w, https:\/\/cokhitanminh.com\/may-dong-goi\/wp-content\/uploads\/2023\/02\/may-dong-goi-dung-dich-3-bien-tmdg-2f7d-10-300x273.jpg 300w\" sizes=\"auto, (max-width: 550px) 100vw, 550px\" \/><\/p>\n<p><img loading=\"lazy\" decoding=\"async\" class=\"size-full wp-image-8616 aligncenter\" src=\"https:\/\/cokhitanminh.com\/may-dong-goi\/wp-content\/uploads\/2023\/02\/may-dong-goi-dung-dich-3-bien-tmdg-2f7d-11.jpg\" alt=\"\" width=\"550\" height=\"383\" srcset=\"https:\/\/cokhitanminh.com\/may-dong-goi\/wp-content\/uploads\/2023\/02\/may-dong-goi-dung-dich-3-bien-tmdg-2f7d-11.jpg 550w, https:\/\/cokhitanminh.com\/may-dong-goi\/wp-content\/uploads\/2023\/02\/may-dong-goi-dung-dich-3-bien-tmdg-2f7d-11-300x209.jpg 300w\" sizes=\"auto, (max-width: 550px) 100vw, 550px\" \/><\/p>\n<p><img loading=\"lazy\" decoding=\"async\" class=\"aligncenter wp-image-8617\" src=\"https:\/\/cokhitanminh.com\/may-dong-goi\/wp-content\/uploads\/2023\/02\/may-dong-goi-dung-dich-3-bien-tmdg-2f7d-12.jpg\" alt=\"\" width=\"750\" height=\"306\" srcset=\"https:\/\/cokhitanminh.com\/may-dong-goi\/wp-content\/uploads\/2023\/02\/may-dong-goi-dung-dich-3-bien-tmdg-2f7d-12.jpg 1065w, https:\/\/cokhitanminh.com\/may-dong-goi\/wp-content\/uploads\/2023\/02\/may-dong-goi-dung-dich-3-bien-tmdg-2f7d-12-300x123.jpg 300w, https:\/\/cokhitanminh.com\/may-dong-goi\/wp-content\/uploads\/2023\/02\/may-dong-goi-dung-dich-3-bien-tmdg-2f7d-12-1024x418.jpg 1024w, https:\/\/cokhitanminh.com\/may-dong-goi\/wp-content\/uploads\/2023\/02\/may-dong-goi-dung-dich-3-bien-tmdg-2f7d-12-768x314.jpg 768w, https:\/\/cokhitanminh.com\/may-dong-goi\/wp-content\/uploads\/2023\/02\/may-dong-goi-dung-dich-3-bien-tmdg-2f7d-12-600x245.jpg 600w\" sizes=\"auto, (max-width: 750px) 100vw, 750px\" \/><\/p>\n<p>M\u1ecdi chi ti\u1ebft v\u1ec1 <em><strong>M\u00e1y \u0111\u00f3ng g\u00f3i dung d\u1ecbch 3 bi\u00ean (TM\u0110G-2F7D)<\/strong> <\/em>Qu\u00fd kh\u00e1ch vui l\u00f2ng li\u00ean h\u1ec7 Hotline 1900 2861- 0967 68 69 11 \u0111\u1ec3 \u0111\u01b0\u1ee3c h\u1ed7 tr\u1ee3 t\u1ed1t nh\u1ea5t<\/p>\n","protected":false},"excerpt":{"rendered":"<p><em><strong>M\u00e1y \u0111\u00f3ng g\u00f3i dung d\u1ecbch 3 bi\u00ean (TM\u0110G-2F7D)<\/strong><\/em> l\u00e0 tinh hoa k\u1ebft h\u1ee3p c\u1ee7a \u0111\u1ed9i ng\u0169 k\u0129 s\u01b0 c\u00f4ng ty c\u1ed5 ph\u1ea7n C\u01a1 Kh\u00ed T\u00e2n Minh c\u00f9ng \u0111\u1ed9i ng\u0169 chuy\u00ean gia h\u00e0ng \u0111\u1ea7u v\u1ec1 l\u0129nh v\u1ef1c m\u00e1y \u0111\u00f3ng g\u00f3i c\u00e1c c\u00e1c n\u01b0\u1edbc ti\u00ean ti\u1ebfn trong khu v\u1ef1c v\u00e0 Qu\u1ed1c t\u1ebf, \u0111\u01b0\u1ee3c L\u1eafp R\u00e1p v\u00e0 \u0111\u1ed9c quy\u1ec1n ph\u00e2n ph\u1ed1i t\u1ea1i Vi\u1ec7t Nam b\u1edfi 1 \u0111\u01a1n v\u1ecb duy nh\u1ea5t l\u00e0 c\u00f4ng ty c\u1ed5 ph\u1ea7n C\u01a1 Kh\u00ed T\u00e2n Minh.<\/p>\n","protected":false},"featured_media":8618,"comment_status":"open","ping_status":"closed","template":"","meta":[],"class_list":{"0":"post-8606","1":"product","2":"type-product","3":"status-publish","4":"has-post-thumbnail","6":"product_cat-may-dong-goi-dang-tui-dang-bao","7":"product_cat-may-dong-goi-dung","9":"first","10":"instock","11":"shipping-taxable","12":"purchasable","13":"product-type-simple"},"brands":[],"yoast_head":"<!-- This site is optimized with the Yoast SEO plugin v17.6 - https:\/\/yoast.com\/wordpress\/plugins\/seo\/ -->\n<title>M\u00e1y \u0111\u00f3ng g\u00f3i dung d\u1ecbch 3 bi\u00ean (TM\u0110G-2F7D) - M\u00c1Y \u0110\u00d3NG G\u00d3I T\u00c2N MINH<\/title>\n<meta name=\"description\" content=\"M\u1ecdi chi ti\u1ebft v\u1ec1 M\u00e1y \u0111\u00f3ng g\u00f3i dung d\u1ecbch 3 bi\u00ean (TM\u0110G-2F7D) Qu\u00fd kh\u00e1ch vui l\u00f2ng li\u00ean h\u1ec7 Hotline 1900 2861- 0967 68 69 11 \u0111\u1ec3 \u0111\u01b0\u1ee3c h\u1ed7 tr\u1ee3 t\u1ed1t nh\u1ea5t\" \/>\n<meta name=\"robots\" content=\"index, follow, max-snippet:-1, max-image-preview:large, max-video-preview:-1\" \/>\n<link rel=\"canonical\" href=\"https:\/\/cokhitanminh.com\/may-dong-goi\/may-dong-goi-dung-dich-3-bien-tmdg-2f7d\/\" \/>\n<meta property=\"og:locale\" content=\"vi_VN\" \/>\n<meta property=\"og:type\" content=\"article\" \/>\n<meta property=\"og:title\" content=\"M\u00e1y \u0111\u00f3ng g\u00f3i dung d\u1ecbch 3 bi\u00ean (TM\u0110G-2F7D) - M\u00c1Y \u0110\u00d3NG G\u00d3I T\u00c2N MINH\" \/>\n<meta property=\"og:description\" content=\"M\u1ecdi chi ti\u1ebft v\u1ec1 M\u00e1y \u0111\u00f3ng g\u00f3i dung d\u1ecbch 3 bi\u00ean (TM\u0110G-2F7D) Qu\u00fd kh\u00e1ch vui l\u00f2ng li\u00ean h\u1ec7 Hotline 1900 2861- 0967 68 69 11 \u0111\u1ec3 \u0111\u01b0\u1ee3c h\u1ed7 tr\u1ee3 t\u1ed1t nh\u1ea5t\" \/>\n<meta property=\"og:url\" content=\"https:\/\/cokhitanminh.com\/may-dong-goi\/may-dong-goi-dung-dich-3-bien-tmdg-2f7d\/\" \/>\n<meta property=\"og:site_name\" content=\"M\u00c1Y \u0110\u00d3NG G\u00d3I T\u00c2N MINH\" \/>\n<meta property=\"article:modified_time\" content=\"2023-04-10T08:05:28+00:00\" \/>\n<meta property=\"og:image\" content=\"https:\/\/cokhitanminh.com\/may-dong-goi\/wp-content\/uploads\/2023\/02\/may-dong-goi-dung-dich-3-bien-tmdg-2f7d-1.jpg\" \/>\n\t<meta property=\"og:image:width\" content=\"550\" \/>\n\t<meta property=\"og:image:height\" content=\"550\" \/>\n<meta name=\"twitter:card\" content=\"summary_large_image\" \/>\n<meta name=\"twitter:label1\" content=\"\u01af\u1edbc t\u00ednh th\u1eddi gian \u0111\u1ecdc\" \/>\n\t<meta name=\"twitter:data1\" content=\"3 ph\u00fat\" \/>\n<script type=\"application\/ld+json\" class=\"yoast-schema-graph\">{\"@context\":\"https:\/\/schema.org\",\"@graph\":[{\"@type\":\"WebSite\",\"@id\":\"https:\/\/cokhitanminh.com\/may-dong-goi\/#website\",\"url\":\"https:\/\/cokhitanminh.com\/may-dong-goi\/\",\"name\":\"M\\u00c1Y \\u0110\\u00d3NG G\\u00d3I T\\u00c2N MINH\",\"description\":\"Chuy\\u00ean gia m\\u00e1y \\u0111\\u00f3ng g\\u00f3i\",\"potentialAction\":[{\"@type\":\"SearchAction\",\"target\":{\"@type\":\"EntryPoint\",\"urlTemplate\":\"https:\/\/cokhitanminh.com\/may-dong-goi\/?s={search_term_string}\"},\"query-input\":\"required name=search_term_string\"}],\"inLanguage\":\"vi\"},{\"@type\":\"ImageObject\",\"@id\":\"https:\/\/cokhitanminh.com\/may-dong-goi\/may-dong-goi-dung-dich-3-bien-tmdg-2f7d\/#primaryimage\",\"inLanguage\":\"vi\",\"url\":\"https:\/\/cokhitanminh.com\/may-dong-goi\/wp-content\/uploads\/2023\/02\/may-dong-goi-dung-dich-3-bien-tmdg-2f7d-1.jpg\",\"contentUrl\":\"https:\/\/cokhitanminh.com\/may-dong-goi\/wp-content\/uploads\/2023\/02\/may-dong-goi-dung-dich-3-bien-tmdg-2f7d-1.jpg\",\"width\":550,\"height\":550},{\"@type\":\"WebPage\",\"@id\":\"https:\/\/cokhitanminh.com\/may-dong-goi\/may-dong-goi-dung-dich-3-bien-tmdg-2f7d\/#webpage\",\"url\":\"https:\/\/cokhitanminh.com\/may-dong-goi\/may-dong-goi-dung-dich-3-bien-tmdg-2f7d\/\",\"name\":\"M\\u00e1y \\u0111\\u00f3ng g\\u00f3i dung d\\u1ecbch 3 bi\\u00ean (TM\\u0110G-2F7D) - M\\u00c1Y \\u0110\\u00d3NG G\\u00d3I T\\u00c2N MINH\",\"isPartOf\":{\"@id\":\"https:\/\/cokhitanminh.com\/may-dong-goi\/#website\"},\"primaryImageOfPage\":{\"@id\":\"https:\/\/cokhitanminh.com\/may-dong-goi\/may-dong-goi-dung-dich-3-bien-tmdg-2f7d\/#primaryimage\"},\"datePublished\":\"2023-02-21T04:21:28+00:00\",\"dateModified\":\"2023-04-10T08:05:28+00:00\",\"description\":\"M\\u1ecdi chi ti\\u1ebft v\\u1ec1 M\\u00e1y \\u0111\\u00f3ng g\\u00f3i dung d\\u1ecbch 3 bi\\u00ean (TM\\u0110G-2F7D) Qu\\u00fd kh\\u00e1ch vui l\\u00f2ng li\\u00ean h\\u1ec7 Hotline 1900 2861- 0967 68 69 11 \\u0111\\u1ec3 \\u0111\\u01b0\\u1ee3c h\\u1ed7 tr\\u1ee3 t\\u1ed1t nh\\u1ea5t\",\"breadcrumb\":{\"@id\":\"https:\/\/cokhitanminh.com\/may-dong-goi\/may-dong-goi-dung-dich-3-bien-tmdg-2f7d\/#breadcrumb\"},\"inLanguage\":\"vi\",\"potentialAction\":[{\"@type\":\"ReadAction\",\"target\":[\"https:\/\/cokhitanminh.com\/may-dong-goi\/may-dong-goi-dung-dich-3-bien-tmdg-2f7d\/\"]}]},{\"@type\":\"BreadcrumbList\",\"@id\":\"https:\/\/cokhitanminh.com\/may-dong-goi\/may-dong-goi-dung-dich-3-bien-tmdg-2f7d\/#breadcrumb\",\"itemListElement\":[{\"@type\":\"ListItem\",\"position\":1,\"name\":\"Trang ch\\u1ee7\",\"item\":\"https:\/\/cokhitanminh.com\/may-dong-goi\/\"},{\"@type\":\"ListItem\",\"position\":2,\"name\":\"C\\u1eeda h\\u00e0ng\",\"item\":\"https:\/\/cokhitanminh.com\/may-dong-goi\/mua\/\"},{\"@type\":\"ListItem\",\"position\":3,\"name\":\"M\\u00e1y \\u0111\\u00f3ng g\\u00f3i dung d\\u1ecbch 3 bi\\u00ean (TM\\u0110G-2F7D)\"}]}]}<\/script>\n<!-- \/ Yoast SEO plugin. -->","yoast_head_json":{"title":"M\u00e1y \u0111\u00f3ng g\u00f3i dung d\u1ecbch 3 bi\u00ean (TM\u0110G-2F7D) - M\u00c1Y \u0110\u00d3NG G\u00d3I T\u00c2N MINH","description":"M\u1ecdi chi ti\u1ebft v\u1ec1 M\u00e1y \u0111\u00f3ng g\u00f3i dung d\u1ecbch 3 bi\u00ean (TM\u0110G-2F7D) Qu\u00fd kh\u00e1ch vui l\u00f2ng li\u00ean h\u1ec7 Hotline 1900 2861- 0967 68 69 11 \u0111\u1ec3 \u0111\u01b0\u1ee3c h\u1ed7 tr\u1ee3 t\u1ed1t nh\u1ea5t","robots":{"index":"index","follow":"follow","max-snippet":"max-snippet:-1","max-image-preview":"max-image-preview:large","max-video-preview":"max-video-preview:-1"},"canonical":"https:\/\/cokhitanminh.com\/may-dong-goi\/may-dong-goi-dung-dich-3-bien-tmdg-2f7d\/","og_locale":"vi_VN","og_type":"article","og_title":"M\u00e1y \u0111\u00f3ng g\u00f3i dung d\u1ecbch 3 bi\u00ean (TM\u0110G-2F7D) - M\u00c1Y \u0110\u00d3NG G\u00d3I T\u00c2N MINH","og_description":"M\u1ecdi chi ti\u1ebft v\u1ec1 M\u00e1y \u0111\u00f3ng g\u00f3i dung d\u1ecbch 3 bi\u00ean (TM\u0110G-2F7D) Qu\u00fd kh\u00e1ch vui l\u00f2ng li\u00ean h\u1ec7 Hotline 1900 2861- 0967 68 69 11 \u0111\u1ec3 \u0111\u01b0\u1ee3c h\u1ed7 tr\u1ee3 t\u1ed1t nh\u1ea5t","og_url":"https:\/\/cokhitanminh.com\/may-dong-goi\/may-dong-goi-dung-dich-3-bien-tmdg-2f7d\/","og_site_name":"M\u00c1Y \u0110\u00d3NG G\u00d3I T\u00c2N MINH","article_modified_time":"2023-04-10T08:05:28+00:00","og_image":[{"width":550,"height":550,"url":"https:\/\/cokhitanminh.com\/may-dong-goi\/wp-content\/uploads\/2023\/02\/may-dong-goi-dung-dich-3-bien-tmdg-2f7d-1.jpg","type":"image\/jpeg"}],"twitter_card":"summary_large_image","twitter_misc":{"\u01af\u1edbc t\u00ednh th\u1eddi gian \u0111\u1ecdc":"3 ph\u00fat"},"schema":{"@context":"https:\/\/schema.org","@graph":[{"@type":"WebSite","@id":"https:\/\/cokhitanminh.com\/may-dong-goi\/#website","url":"https:\/\/cokhitanminh.com\/may-dong-goi\/","name":"M\u00c1Y \u0110\u00d3NG G\u00d3I T\u00c2N MINH","description":"Chuy\u00ean gia m\u00e1y \u0111\u00f3ng g\u00f3i","potentialAction":[{"@type":"SearchAction","target":{"@type":"EntryPoint","urlTemplate":"https:\/\/cokhitanminh.com\/may-dong-goi\/?s={search_term_string}"},"query-input":"required name=search_term_string"}],"inLanguage":"vi"},{"@type":"ImageObject","@id":"https:\/\/cokhitanminh.com\/may-dong-goi\/may-dong-goi-dung-dich-3-bien-tmdg-2f7d\/#primaryimage","inLanguage":"vi","url":"https:\/\/cokhitanminh.com\/may-dong-goi\/wp-content\/uploads\/2023\/02\/may-dong-goi-dung-dich-3-bien-tmdg-2f7d-1.jpg","contentUrl":"https:\/\/cokhitanminh.com\/may-dong-goi\/wp-content\/uploads\/2023\/02\/may-dong-goi-dung-dich-3-bien-tmdg-2f7d-1.jpg","width":550,"height":550},{"@type":"WebPage","@id":"https:\/\/cokhitanminh.com\/may-dong-goi\/may-dong-goi-dung-dich-3-bien-tmdg-2f7d\/#webpage","url":"https:\/\/cokhitanminh.com\/may-dong-goi\/may-dong-goi-dung-dich-3-bien-tmdg-2f7d\/","name":"M\u00e1y \u0111\u00f3ng g\u00f3i dung d\u1ecbch 3 bi\u00ean (TM\u0110G-2F7D) - M\u00c1Y \u0110\u00d3NG G\u00d3I T\u00c2N MINH","isPartOf":{"@id":"https:\/\/cokhitanminh.com\/may-dong-goi\/#website"},"primaryImageOfPage":{"@id":"https:\/\/cokhitanminh.com\/may-dong-goi\/may-dong-goi-dung-dich-3-bien-tmdg-2f7d\/#primaryimage"},"datePublished":"2023-02-21T04:21:28+00:00","dateModified":"2023-04-10T08:05:28+00:00","description":"M\u1ecdi chi ti\u1ebft v\u1ec1 M\u00e1y \u0111\u00f3ng g\u00f3i dung d\u1ecbch 3 bi\u00ean (TM\u0110G-2F7D) Qu\u00fd kh\u00e1ch vui l\u00f2ng li\u00ean h\u1ec7 Hotline 1900 2861- 0967 68 69 11 \u0111\u1ec3 \u0111\u01b0\u1ee3c h\u1ed7 tr\u1ee3 t\u1ed1t nh\u1ea5t","breadcrumb":{"@id":"https:\/\/cokhitanminh.com\/may-dong-goi\/may-dong-goi-dung-dich-3-bien-tmdg-2f7d\/#breadcrumb"},"inLanguage":"vi","potentialAction":[{"@type":"ReadAction","target":["https:\/\/cokhitanminh.com\/may-dong-goi\/may-dong-goi-dung-dich-3-bien-tmdg-2f7d\/"]}]},{"@type":"BreadcrumbList","@id":"https:\/\/cokhitanminh.com\/may-dong-goi\/may-dong-goi-dung-dich-3-bien-tmdg-2f7d\/#breadcrumb","itemListElement":[{"@type":"ListItem","position":1,"name":"Trang ch\u1ee7","item":"https:\/\/cokhitanminh.com\/may-dong-goi\/"},{"@type":"ListItem","position":2,"name":"C\u1eeda h\u00e0ng","item":"https:\/\/cokhitanminh.com\/may-dong-goi\/mua\/"},{"@type":"ListItem","position":3,"name":"M\u00e1y \u0111\u00f3ng g\u00f3i dung d\u1ecbch 3 bi\u00ean (TM\u0110G-2F7D)"}]}]}},"_links":{"self":[{"href":"https:\/\/cokhitanminh.com\/may-dong-goi\/wp-json\/wp\/v2\/product\/8606","targetHints":{"allow":["GET"]}}],"collection":[{"href":"https:\/\/cokhitanminh.com\/may-dong-goi\/wp-json\/wp\/v2\/product"}],"about":[{"href":"https:\/\/cokhitanminh.com\/may-dong-goi\/wp-json\/wp\/v2\/types\/product"}],"replies":[{"embeddable":true,"href":"https:\/\/cokhitanminh.com\/may-dong-goi\/wp-json\/wp\/v2\/comments?post=8606"}],"wp:featuredmedia":[{"embeddable":true,"href":"https:\/\/cokhitanminh.com\/may-dong-goi\/wp-json\/wp\/v2\/media\/8618"}],"wp:attachment":[{"href":"https:\/\/cokhitanminh.com\/may-dong-goi\/wp-json\/wp\/v2\/media?parent=8606"}],"curies":[{"name":"wp","href":"https:\/\/api.w.org\/{rel}","templated":true}]}}