{"id":8424,"date":"2022-12-22T03:13:12","date_gmt":"2022-12-22T03:13:12","guid":{"rendered":"https:\/\/cokhitanminh.com\/may-dong-goi\/?post_type=product&#038;p=8424"},"modified":"2022-12-27T02:34:05","modified_gmt":"2022-12-27T02:34:05","slug":"may-dong-goi-tra-2-lop-co-tem-chi-tmdg-3f17","status":"publish","type":"product","link":"https:\/\/cokhitanminh.com\/may-dong-goi\/may-dong-goi-tra-2-lop-co-tem-chi-tmdg-3f17\/","title":{"rendered":"M\u00e1y \u0111\u00f3ng g\u00f3i tr\u00e0 2 l\u1edbp c\u00f3 tem ch\u1ec9 (TM\u0110G-3F17)"},"content":{"rendered":"<p class=\"product-title entry-title\">M\u00e1y \u0111\u00f3ng g\u00f3i tr\u00e0 2 l\u1edbp c\u00f3 tem ch\u1ec9 (TM\u0110G-3F17) l\u00e0 tinh hoa k\u1ebft h\u1ee3p c\u1ee7a \u0111\u1ed9i ng\u0169 k\u0129 s\u01b0 c\u00f4ng ty c\u1ed5 ph\u1ea7n C\u01a1 Kh\u00ed T\u00e2n Minh c\u00f9ng \u0111\u1ed9i ng\u0169 chuy\u00ean gia h\u00e0ng \u0111\u1ea7u v\u1ec1 l\u0129nh v\u1ef1c m\u00e1y \u0111\u00f3ng g\u00f3i c\u00e1c c\u00e1c n\u01b0\u1edbc ti\u00ean ti\u1ebfn trong khu v\u1ef1c v\u00e0 Qu\u1ed1c t\u1ebf, \u0111\u01b0\u1ee3c L\u1eafp R\u00e1p v\u00e0 \u0111\u1ed9c quy\u1ec1n ph\u00e2n ph\u1ed1i t\u1ea1i Vi\u1ec7t Nam b\u1edfi 1 \u0111\u01a1n v\u1ecb duy nh\u1ea5t l\u00e0 c\u00f4ng ty c\u1ed5 ph\u1ea7n C\u01a1 Kh\u00ed T\u00e2n Minh<\/p>\n<p><img loading=\"lazy\" decoding=\"async\" class=\"alignnone size-full wp-image-8425 aligncenter\" src=\"https:\/\/cokhitanminh.com\/may-dong-goi\/wp-content\/uploads\/2022\/12\/may-dong-goi-tra-2-lop-co-tem-chi-tmdg-3f17-2.jpg\" alt=\"\" width=\"750\" height=\"350\" srcset=\"https:\/\/cokhitanminh.com\/may-dong-goi\/wp-content\/uploads\/2022\/12\/may-dong-goi-tra-2-lop-co-tem-chi-tmdg-3f17-2.jpg 750w, https:\/\/cokhitanminh.com\/may-dong-goi\/wp-content\/uploads\/2022\/12\/may-dong-goi-tra-2-lop-co-tem-chi-tmdg-3f17-2-300x140.jpg 300w, https:\/\/cokhitanminh.com\/may-dong-goi\/wp-content\/uploads\/2022\/12\/may-dong-goi-tra-2-lop-co-tem-chi-tmdg-3f17-2-600x280.jpg 600w\" sizes=\"auto, (max-width: 750px) 100vw, 750px\" \/><\/p>\n<p><strong>Th\u00f4ng s\u1ed1 k\u1ef9 thu\u1eadt:<\/strong><\/p>\n<p><img loading=\"lazy\" decoding=\"async\" class=\"aligncenter wp-image-8446\" src=\"https:\/\/cokhitanminh.com\/may-dong-goi\/wp-content\/uploads\/2022\/12\/may-dong-goi-tra-2-lop-co-tem-chi-tmdg-3f17-23.jpg\" alt=\"\" width=\"750\" height=\"325\" srcset=\"https:\/\/cokhitanminh.com\/may-dong-goi\/wp-content\/uploads\/2022\/12\/may-dong-goi-tra-2-lop-co-tem-chi-tmdg-3f17-23.jpg 1278w, https:\/\/cokhitanminh.com\/may-dong-goi\/wp-content\/uploads\/2022\/12\/may-dong-goi-tra-2-lop-co-tem-chi-tmdg-3f17-23-300x130.jpg 300w, https:\/\/cokhitanminh.com\/may-dong-goi\/wp-content\/uploads\/2022\/12\/may-dong-goi-tra-2-lop-co-tem-chi-tmdg-3f17-23-1024x443.jpg 1024w, https:\/\/cokhitanminh.com\/may-dong-goi\/wp-content\/uploads\/2022\/12\/may-dong-goi-tra-2-lop-co-tem-chi-tmdg-3f17-23-768x332.jpg 768w, https:\/\/cokhitanminh.com\/may-dong-goi\/wp-content\/uploads\/2022\/12\/may-dong-goi-tra-2-lop-co-tem-chi-tmdg-3f17-23-600x260.jpg 600w\" sizes=\"auto, (max-width: 750px) 100vw, 750px\" \/><\/p>\n<p><strong>H\u00ecnh \u1ea3nh s\u1ea3n ph\u1ea9m:<\/strong><\/p>\n<p><img loading=\"lazy\" decoding=\"async\" class=\"alignnone size-full wp-image-8426 aligncenter\" src=\"https:\/\/cokhitanminh.com\/may-dong-goi\/wp-content\/uploads\/2022\/12\/may-dong-goi-tra-2-lop-co-tem-chi-tmdg-3f17-3.jpg\" alt=\"\" width=\"550\" height=\"308\" srcset=\"https:\/\/cokhitanminh.com\/may-dong-goi\/wp-content\/uploads\/2022\/12\/may-dong-goi-tra-2-lop-co-tem-chi-tmdg-3f17-3.jpg 550w, https:\/\/cokhitanminh.com\/may-dong-goi\/wp-content\/uploads\/2022\/12\/may-dong-goi-tra-2-lop-co-tem-chi-tmdg-3f17-3-300x168.jpg 300w\" sizes=\"auto, (max-width: 550px) 100vw, 550px\" \/><\/p>\n<p><img loading=\"lazy\" decoding=\"async\" class=\"alignnone size-full wp-image-8427 aligncenter\" src=\"https:\/\/cokhitanminh.com\/may-dong-goi\/wp-content\/uploads\/2022\/12\/may-dong-goi-tra-2-lop-co-tem-chi-tmdg-3f17-4.jpg\" alt=\"\" width=\"550\" height=\"308\" srcset=\"https:\/\/cokhitanminh.com\/may-dong-goi\/wp-content\/uploads\/2022\/12\/may-dong-goi-tra-2-lop-co-tem-chi-tmdg-3f17-4.jpg 550w, https:\/\/cokhitanminh.com\/may-dong-goi\/wp-content\/uploads\/2022\/12\/may-dong-goi-tra-2-lop-co-tem-chi-tmdg-3f17-4-300x168.jpg 300w\" sizes=\"auto, (max-width: 550px) 100vw, 550px\" \/><\/p>\n<p><img loading=\"lazy\" decoding=\"async\" class=\"alignnone size-full wp-image-8428 aligncenter\" src=\"https:\/\/cokhitanminh.com\/may-dong-goi\/wp-content\/uploads\/2022\/12\/may-dong-goi-tra-2-lop-co-tem-chi-tmdg-3f17-5.jpg\" alt=\"\" width=\"550\" height=\"308\" srcset=\"https:\/\/cokhitanminh.com\/may-dong-goi\/wp-content\/uploads\/2022\/12\/may-dong-goi-tra-2-lop-co-tem-chi-tmdg-3f17-5.jpg 550w, https:\/\/cokhitanminh.com\/may-dong-goi\/wp-content\/uploads\/2022\/12\/may-dong-goi-tra-2-lop-co-tem-chi-tmdg-3f17-5-300x168.jpg 300w\" sizes=\"auto, (max-width: 550px) 100vw, 550px\" \/><\/p>\n<p><img loading=\"lazy\" decoding=\"async\" class=\"alignnone size-full wp-image-8429 aligncenter\" src=\"https:\/\/cokhitanminh.com\/may-dong-goi\/wp-content\/uploads\/2022\/12\/may-dong-goi-tra-2-lop-co-tem-chi-tmdg-3f17-6.jpg\" alt=\"\" width=\"550\" height=\"308\" srcset=\"https:\/\/cokhitanminh.com\/may-dong-goi\/wp-content\/uploads\/2022\/12\/may-dong-goi-tra-2-lop-co-tem-chi-tmdg-3f17-6.jpg 550w, https:\/\/cokhitanminh.com\/may-dong-goi\/wp-content\/uploads\/2022\/12\/may-dong-goi-tra-2-lop-co-tem-chi-tmdg-3f17-6-300x168.jpg 300w\" sizes=\"auto, (max-width: 550px) 100vw, 550px\" \/><\/p>\n<p><img loading=\"lazy\" decoding=\"async\" class=\"alignnone size-full wp-image-8430 aligncenter\" src=\"https:\/\/cokhitanminh.com\/may-dong-goi\/wp-content\/uploads\/2022\/12\/may-dong-goi-tra-2-lop-co-tem-chi-tmdg-3f17-7.jpg\" alt=\"\" width=\"550\" height=\"308\" srcset=\"https:\/\/cokhitanminh.com\/may-dong-goi\/wp-content\/uploads\/2022\/12\/may-dong-goi-tra-2-lop-co-tem-chi-tmdg-3f17-7.jpg 550w, https:\/\/cokhitanminh.com\/may-dong-goi\/wp-content\/uploads\/2022\/12\/may-dong-goi-tra-2-lop-co-tem-chi-tmdg-3f17-7-300x168.jpg 300w\" sizes=\"auto, (max-width: 550px) 100vw, 550px\" \/><\/p>\n<p><img loading=\"lazy\" decoding=\"async\" class=\"alignnone size-full wp-image-8431 aligncenter\" src=\"https:\/\/cokhitanminh.com\/may-dong-goi\/wp-content\/uploads\/2022\/12\/may-dong-goi-tra-2-lop-co-tem-chi-tmdg-3f17-8.jpg\" alt=\"\" width=\"550\" height=\"794\" srcset=\"https:\/\/cokhitanminh.com\/may-dong-goi\/wp-content\/uploads\/2022\/12\/may-dong-goi-tra-2-lop-co-tem-chi-tmdg-3f17-8.jpg 550w, https:\/\/cokhitanminh.com\/may-dong-goi\/wp-content\/uploads\/2022\/12\/may-dong-goi-tra-2-lop-co-tem-chi-tmdg-3f17-8-208x300.jpg 208w\" sizes=\"auto, (max-width: 550px) 100vw, 550px\" \/><\/p>\n<p><img loading=\"lazy\" decoding=\"async\" class=\"alignnone size-full wp-image-8432 aligncenter\" src=\"https:\/\/cokhitanminh.com\/may-dong-goi\/wp-content\/uploads\/2022\/12\/may-dong-goi-tra-2-lop-co-tem-chi-tmdg-3f17-9.jpg\" alt=\"\" width=\"550\" height=\"336\" srcset=\"https:\/\/cokhitanminh.com\/may-dong-goi\/wp-content\/uploads\/2022\/12\/may-dong-goi-tra-2-lop-co-tem-chi-tmdg-3f17-9.jpg 550w, https:\/\/cokhitanminh.com\/may-dong-goi\/wp-content\/uploads\/2022\/12\/may-dong-goi-tra-2-lop-co-tem-chi-tmdg-3f17-9-300x183.jpg 300w\" sizes=\"auto, (max-width: 550px) 100vw, 550px\" \/><\/p>\n<p><img loading=\"lazy\" decoding=\"async\" class=\"alignnone size-full wp-image-8433 aligncenter\" src=\"https:\/\/cokhitanminh.com\/may-dong-goi\/wp-content\/uploads\/2022\/12\/may-dong-goi-tra-2-lop-co-tem-chi-tmdg-3f17-10.jpg\" alt=\"\" width=\"550\" height=\"308\" srcset=\"https:\/\/cokhitanminh.com\/may-dong-goi\/wp-content\/uploads\/2022\/12\/may-dong-goi-tra-2-lop-co-tem-chi-tmdg-3f17-10.jpg 550w, https:\/\/cokhitanminh.com\/may-dong-goi\/wp-content\/uploads\/2022\/12\/may-dong-goi-tra-2-lop-co-tem-chi-tmdg-3f17-10-300x168.jpg 300w\" sizes=\"auto, (max-width: 550px) 100vw, 550px\" \/> <img loading=\"lazy\" decoding=\"async\" class=\"alignnone size-full wp-image-8434 aligncenter\" src=\"https:\/\/cokhitanminh.com\/may-dong-goi\/wp-content\/uploads\/2022\/12\/may-dong-goi-tra-2-lop-co-tem-chi-tmdg-3f17-11.jpg\" alt=\"\" width=\"550\" height=\"357\" srcset=\"https:\/\/cokhitanminh.com\/may-dong-goi\/wp-content\/uploads\/2022\/12\/may-dong-goi-tra-2-lop-co-tem-chi-tmdg-3f17-11.jpg 550w, https:\/\/cokhitanminh.com\/may-dong-goi\/wp-content\/uploads\/2022\/12\/may-dong-goi-tra-2-lop-co-tem-chi-tmdg-3f17-11-300x195.jpg 300w\" sizes=\"auto, (max-width: 550px) 100vw, 550px\" \/><\/p>\n<p><img loading=\"lazy\" decoding=\"async\" class=\"alignnone size-full wp-image-8435 aligncenter\" src=\"https:\/\/cokhitanminh.com\/may-dong-goi\/wp-content\/uploads\/2022\/12\/may-dong-goi-tra-2-lop-co-tem-chi-tmdg-3f17-12.jpg\" alt=\"\" width=\"550\" height=\"380\" srcset=\"https:\/\/cokhitanminh.com\/may-dong-goi\/wp-content\/uploads\/2022\/12\/may-dong-goi-tra-2-lop-co-tem-chi-tmdg-3f17-12.jpg 550w, https:\/\/cokhitanminh.com\/may-dong-goi\/wp-content\/uploads\/2022\/12\/may-dong-goi-tra-2-lop-co-tem-chi-tmdg-3f17-12-300x207.jpg 300w\" sizes=\"auto, (max-width: 550px) 100vw, 550px\" \/><\/p>\n<p><img loading=\"lazy\" decoding=\"async\" class=\"alignnone size-full wp-image-8436 aligncenter\" src=\"https:\/\/cokhitanminh.com\/may-dong-goi\/wp-content\/uploads\/2022\/12\/may-dong-goi-tra-2-lop-co-tem-chi-tmdg-3f17-13.jpg\" alt=\"\" width=\"550\" height=\"940\" srcset=\"https:\/\/cokhitanminh.com\/may-dong-goi\/wp-content\/uploads\/2022\/12\/may-dong-goi-tra-2-lop-co-tem-chi-tmdg-3f17-13.jpg 550w, https:\/\/cokhitanminh.com\/may-dong-goi\/wp-content\/uploads\/2022\/12\/may-dong-goi-tra-2-lop-co-tem-chi-tmdg-3f17-13-176x300.jpg 176w\" sizes=\"auto, (max-width: 550px) 100vw, 550px\" \/><\/p>\n<p><img loading=\"lazy\" decoding=\"async\" class=\"alignnone size-full wp-image-8437 aligncenter\" src=\"https:\/\/cokhitanminh.com\/may-dong-goi\/wp-content\/uploads\/2022\/12\/may-dong-goi-tra-2-lop-co-tem-chi-tmdg-3f17-14.jpg\" alt=\"\" width=\"550\" height=\"401\" srcset=\"https:\/\/cokhitanminh.com\/may-dong-goi\/wp-content\/uploads\/2022\/12\/may-dong-goi-tra-2-lop-co-tem-chi-tmdg-3f17-14.jpg 550w, https:\/\/cokhitanminh.com\/may-dong-goi\/wp-content\/uploads\/2022\/12\/may-dong-goi-tra-2-lop-co-tem-chi-tmdg-3f17-14-300x219.jpg 300w\" sizes=\"auto, (max-width: 550px) 100vw, 550px\" \/><\/p>\n<p><img loading=\"lazy\" decoding=\"async\" class=\"alignnone size-full wp-image-8438 aligncenter\" src=\"https:\/\/cokhitanminh.com\/may-dong-goi\/wp-content\/uploads\/2022\/12\/may-dong-goi-tra-2-lop-co-tem-chi-tmdg-3f17-15.jpg\" alt=\"\" width=\"550\" height=\"362\" srcset=\"https:\/\/cokhitanminh.com\/may-dong-goi\/wp-content\/uploads\/2022\/12\/may-dong-goi-tra-2-lop-co-tem-chi-tmdg-3f17-15.jpg 550w, https:\/\/cokhitanminh.com\/may-dong-goi\/wp-content\/uploads\/2022\/12\/may-dong-goi-tra-2-lop-co-tem-chi-tmdg-3f17-15-300x197.jpg 300w\" sizes=\"auto, (max-width: 550px) 100vw, 550px\" \/> <img loading=\"lazy\" decoding=\"async\" class=\"alignnone size-full wp-image-8439 aligncenter\" src=\"https:\/\/cokhitanminh.com\/may-dong-goi\/wp-content\/uploads\/2022\/12\/may-dong-goi-tra-2-lop-co-tem-chi-tmdg-3f17-16.jpg\" alt=\"\" width=\"550\" height=\"308\" srcset=\"https:\/\/cokhitanminh.com\/may-dong-goi\/wp-content\/uploads\/2022\/12\/may-dong-goi-tra-2-lop-co-tem-chi-tmdg-3f17-16.jpg 550w, https:\/\/cokhitanminh.com\/may-dong-goi\/wp-content\/uploads\/2022\/12\/may-dong-goi-tra-2-lop-co-tem-chi-tmdg-3f17-16-300x168.jpg 300w\" sizes=\"auto, (max-width: 550px) 100vw, 550px\" \/><\/p>\n<p><img loading=\"lazy\" decoding=\"async\" class=\"alignnone size-full wp-image-8440 aligncenter\" src=\"https:\/\/cokhitanminh.com\/may-dong-goi\/wp-content\/uploads\/2022\/12\/may-dong-goi-tra-2-lop-co-tem-chi-tmdg-3f17-17.jpg\" alt=\"\" width=\"550\" height=\"337\" srcset=\"https:\/\/cokhitanminh.com\/may-dong-goi\/wp-content\/uploads\/2022\/12\/may-dong-goi-tra-2-lop-co-tem-chi-tmdg-3f17-17.jpg 550w, https:\/\/cokhitanminh.com\/may-dong-goi\/wp-content\/uploads\/2022\/12\/may-dong-goi-tra-2-lop-co-tem-chi-tmdg-3f17-17-300x184.jpg 300w\" sizes=\"auto, (max-width: 550px) 100vw, 550px\" \/><\/p>\n<p><img loading=\"lazy\" decoding=\"async\" class=\"alignnone size-full wp-image-8441 aligncenter\" src=\"https:\/\/cokhitanminh.com\/may-dong-goi\/wp-content\/uploads\/2022\/12\/may-dong-goi-tra-2-lop-co-tem-chi-tmdg-3f17-18.jpg\" alt=\"\" width=\"550\" height=\"378\" srcset=\"https:\/\/cokhitanminh.com\/may-dong-goi\/wp-content\/uploads\/2022\/12\/may-dong-goi-tra-2-lop-co-tem-chi-tmdg-3f17-18.jpg 550w, https:\/\/cokhitanminh.com\/may-dong-goi\/wp-content\/uploads\/2022\/12\/may-dong-goi-tra-2-lop-co-tem-chi-tmdg-3f17-18-300x206.jpg 300w\" sizes=\"auto, (max-width: 550px) 100vw, 550px\" \/><\/p>\n<p><img loading=\"lazy\" decoding=\"async\" class=\"alignnone size-full wp-image-8442 aligncenter\" src=\"https:\/\/cokhitanminh.com\/may-dong-goi\/wp-content\/uploads\/2022\/12\/may-dong-goi-tra-2-lop-co-tem-chi-tmdg-3f17-19.jpg\" alt=\"\" width=\"550\" height=\"308\" srcset=\"https:\/\/cokhitanminh.com\/may-dong-goi\/wp-content\/uploads\/2022\/12\/may-dong-goi-tra-2-lop-co-tem-chi-tmdg-3f17-19.jpg 550w, https:\/\/cokhitanminh.com\/may-dong-goi\/wp-content\/uploads\/2022\/12\/may-dong-goi-tra-2-lop-co-tem-chi-tmdg-3f17-19-300x168.jpg 300w\" sizes=\"auto, (max-width: 550px) 100vw, 550px\" \/><\/p>\n<p><img loading=\"lazy\" decoding=\"async\" class=\"alignnone size-full wp-image-8443 aligncenter\" src=\"https:\/\/cokhitanminh.com\/may-dong-goi\/wp-content\/uploads\/2022\/12\/may-dong-goi-tra-2-lop-co-tem-chi-tmdg-3f17-20.jpg\" alt=\"\" width=\"550\" height=\"423\" srcset=\"https:\/\/cokhitanminh.com\/may-dong-goi\/wp-content\/uploads\/2022\/12\/may-dong-goi-tra-2-lop-co-tem-chi-tmdg-3f17-20.jpg 550w, https:\/\/cokhitanminh.com\/may-dong-goi\/wp-content\/uploads\/2022\/12\/may-dong-goi-tra-2-lop-co-tem-chi-tmdg-3f17-20-300x231.jpg 300w\" sizes=\"auto, (max-width: 550px) 100vw, 550px\" \/><\/p>\n<p><img loading=\"lazy\" decoding=\"async\" class=\"alignnone size-full wp-image-8444 aligncenter\" src=\"https:\/\/cokhitanminh.com\/may-dong-goi\/wp-content\/uploads\/2022\/12\/may-dong-goi-tra-2-lop-co-tem-chi-tmdg-3f17-21.jpg\" alt=\"\" width=\"550\" height=\"372\" srcset=\"https:\/\/cokhitanminh.com\/may-dong-goi\/wp-content\/uploads\/2022\/12\/may-dong-goi-tra-2-lop-co-tem-chi-tmdg-3f17-21.jpg 550w, https:\/\/cokhitanminh.com\/may-dong-goi\/wp-content\/uploads\/2022\/12\/may-dong-goi-tra-2-lop-co-tem-chi-tmdg-3f17-21-300x203.jpg 300w\" sizes=\"auto, (max-width: 550px) 100vw, 550px\" \/><\/p>\n<p><img loading=\"lazy\" decoding=\"async\" class=\"alignnone size-full wp-image-8445 aligncenter\" src=\"https:\/\/cokhitanminh.com\/may-dong-goi\/wp-content\/uploads\/2022\/12\/may-dong-goi-tra-2-lop-co-tem-chi-tmdg-3f17-22.jpg\" alt=\"\" width=\"550\" height=\"326\" srcset=\"https:\/\/cokhitanminh.com\/may-dong-goi\/wp-content\/uploads\/2022\/12\/may-dong-goi-tra-2-lop-co-tem-chi-tmdg-3f17-22.jpg 550w, https:\/\/cokhitanminh.com\/may-dong-goi\/wp-content\/uploads\/2022\/12\/may-dong-goi-tra-2-lop-co-tem-chi-tmdg-3f17-22-300x178.jpg 300w\" sizes=\"auto, (max-width: 550px) 100vw, 550px\" \/><\/p>\n<p>M\u1ecdi chi ti\u1ebft v\u1ec1\u00a0<em><strong>M\u00e1y \u0111\u00f3ng g\u00f3i tr\u00e0 2 l\u1edbp c\u00f3 tem ch\u1ec9 (TM\u0110G-3F17)<\/strong><\/em>\u00a0Qu\u00fd kh\u00e1ch h\u00e0ng vui l\u00f2ng li\u00ean h\u1ec7 Hotline 1900 2861 Ho\u1eb7c 0967 68 69 11 \u0111\u1ec3 nh\u1eadn \u0111\u01b0\u1ee3c h\u1ed7 tr\u1ee3 t\u1ed1t nh\u1ea5t<\/p>\n<p>&nbsp;<\/p>\n","protected":false},"excerpt":{"rendered":"<p>M\u00e1y \u0111\u00f3ng g\u00f3i tr\u00e0 2 l\u1edbp c\u00f3 tem ch\u1ec9 (TM\u0110G-3F17) l\u00e0 tinh hoa k\u1ebft h\u1ee3p c\u1ee7a \u0111\u1ed9i ng\u0169 k\u0129 s\u01b0 c\u00f4ng ty c\u1ed5 ph\u1ea7n C\u01a1 Kh\u00ed T\u00e2n Minh c\u00f9ng \u0111\u1ed9i ng\u0169 chuy\u00ean gia h\u00e0ng \u0111\u1ea7u v\u1ec1 l\u0129nh v\u1ef1c m\u00e1y \u0111\u00f3ng g\u00f3i c\u00e1c c\u00e1c n\u01b0\u1edbc ti\u00ean ti\u1ebfn trong khu v\u1ef1c v\u00e0 Qu\u1ed1c t\u1ebf, \u0111\u01b0\u1ee3c L\u1eafp R\u00e1p &#8230;<\/p>\n","protected":false},"featured_media":8447,"comment_status":"open","ping_status":"closed","template":"","meta":[],"class_list":{"0":"post-8424","1":"product","2":"type-product","3":"status-publish","4":"has-post-thumbnail","6":"product_cat-may-dong-goi-dang-tui-loc","7":"product_cat-may-dong-goi-dang-tui-dang-bao","9":"first","10":"instock","11":"shipping-taxable","12":"purchasable","13":"product-type-simple"},"brands":[],"yoast_head":"<!-- This site is optimized with the Yoast SEO plugin v17.6 - https:\/\/yoast.com\/wordpress\/plugins\/seo\/ -->\n<title>M\u00e1y \u0111\u00f3ng g\u00f3i tr\u00e0 2 l\u1edbp c\u00f3 tem ch\u1ec9 (TM\u0110G-3F17) - M\u00c1Y \u0110\u00d3NG G\u00d3I T\u00c2N MINH<\/title>\n<meta name=\"description\" content=\"M\u00e1y \u0111\u00f3ng g\u00f3i tr\u00e0 2 l\u1edbp c\u00f3 tem ch\u1ec9 (TM\u0110G-3F17) - Gi\u00e1 r\u1ebb - uy t\u00edn ch\u1ea5t l\u01b0\u1ee3ng Li\u00ean h\u1ec7 Hotline 1: 1900 2861 | Hotline 2: 09 67 68 69 11\" \/>\n<meta name=\"robots\" content=\"index, follow, max-snippet:-1, max-image-preview:large, max-video-preview:-1\" \/>\n<link rel=\"canonical\" href=\"https:\/\/cokhitanminh.com\/may-dong-goi\/may-dong-goi-tra-2-lop-co-tem-chi-tmdg-3f17\/\" \/>\n<meta property=\"og:locale\" content=\"vi_VN\" \/>\n<meta property=\"og:type\" content=\"article\" \/>\n<meta property=\"og:title\" content=\"M\u00e1y \u0111\u00f3ng g\u00f3i tr\u00e0 2 l\u1edbp c\u00f3 tem ch\u1ec9 (TM\u0110G-3F17) - M\u00c1Y \u0110\u00d3NG G\u00d3I T\u00c2N MINH\" \/>\n<meta property=\"og:description\" content=\"M\u00e1y \u0111\u00f3ng g\u00f3i tr\u00e0 2 l\u1edbp c\u00f3 tem ch\u1ec9 (TM\u0110G-3F17) - Gi\u00e1 r\u1ebb - uy t\u00edn ch\u1ea5t l\u01b0\u1ee3ng Li\u00ean h\u1ec7 Hotline 1: 1900 2861 | Hotline 2: 09 67 68 69 11\" \/>\n<meta property=\"og:url\" content=\"https:\/\/cokhitanminh.com\/may-dong-goi\/may-dong-goi-tra-2-lop-co-tem-chi-tmdg-3f17\/\" \/>\n<meta property=\"og:site_name\" content=\"M\u00c1Y \u0110\u00d3NG G\u00d3I T\u00c2N MINH\" \/>\n<meta property=\"article:modified_time\" content=\"2022-12-27T02:34:05+00:00\" \/>\n<meta property=\"og:image\" content=\"https:\/\/cokhitanminh.com\/may-dong-goi\/wp-content\/uploads\/2022\/12\/may-dong-goi-tra-2-lop-co-tem-chi-tmdg-3f17-1.jpg\" \/>\n\t<meta property=\"og:image:width\" content=\"550\" \/>\n\t<meta property=\"og:image:height\" content=\"550\" \/>\n<meta name=\"twitter:card\" content=\"summary_large_image\" \/>\n<meta name=\"twitter:label1\" content=\"\u01af\u1edbc t\u00ednh th\u1eddi gian \u0111\u1ecdc\" \/>\n\t<meta name=\"twitter:data1\" content=\"5 ph\u00fat\" \/>\n<script type=\"application\/ld+json\" class=\"yoast-schema-graph\">{\"@context\":\"https:\/\/schema.org\",\"@graph\":[{\"@type\":\"WebSite\",\"@id\":\"https:\/\/cokhitanminh.com\/may-dong-goi\/#website\",\"url\":\"https:\/\/cokhitanminh.com\/may-dong-goi\/\",\"name\":\"M\\u00c1Y \\u0110\\u00d3NG G\\u00d3I T\\u00c2N MINH\",\"description\":\"Chuy\\u00ean gia m\\u00e1y \\u0111\\u00f3ng g\\u00f3i\",\"potentialAction\":[{\"@type\":\"SearchAction\",\"target\":{\"@type\":\"EntryPoint\",\"urlTemplate\":\"https:\/\/cokhitanminh.com\/may-dong-goi\/?s={search_term_string}\"},\"query-input\":\"required name=search_term_string\"}],\"inLanguage\":\"vi\"},{\"@type\":\"ImageObject\",\"@id\":\"https:\/\/cokhitanminh.com\/may-dong-goi\/may-dong-goi-tra-2-lop-co-tem-chi-tmdg-3f17\/#primaryimage\",\"inLanguage\":\"vi\",\"url\":\"https:\/\/cokhitanminh.com\/may-dong-goi\/wp-content\/uploads\/2022\/12\/may-dong-goi-tra-2-lop-co-tem-chi-tmdg-3f17-1.jpg\",\"contentUrl\":\"https:\/\/cokhitanminh.com\/may-dong-goi\/wp-content\/uploads\/2022\/12\/may-dong-goi-tra-2-lop-co-tem-chi-tmdg-3f17-1.jpg\",\"width\":550,\"height\":550},{\"@type\":\"WebPage\",\"@id\":\"https:\/\/cokhitanminh.com\/may-dong-goi\/may-dong-goi-tra-2-lop-co-tem-chi-tmdg-3f17\/#webpage\",\"url\":\"https:\/\/cokhitanminh.com\/may-dong-goi\/may-dong-goi-tra-2-lop-co-tem-chi-tmdg-3f17\/\",\"name\":\"M\\u00e1y \\u0111\\u00f3ng g\\u00f3i tr\\u00e0 2 l\\u1edbp c\\u00f3 tem ch\\u1ec9 (TM\\u0110G-3F17) - M\\u00c1Y \\u0110\\u00d3NG G\\u00d3I T\\u00c2N MINH\",\"isPartOf\":{\"@id\":\"https:\/\/cokhitanminh.com\/may-dong-goi\/#website\"},\"primaryImageOfPage\":{\"@id\":\"https:\/\/cokhitanminh.com\/may-dong-goi\/may-dong-goi-tra-2-lop-co-tem-chi-tmdg-3f17\/#primaryimage\"},\"datePublished\":\"2022-12-22T03:13:12+00:00\",\"dateModified\":\"2022-12-27T02:34:05+00:00\",\"description\":\"M\\u00e1y \\u0111\\u00f3ng g\\u00f3i tr\\u00e0 2 l\\u1edbp c\\u00f3 tem ch\\u1ec9 (TM\\u0110G-3F17) - Gi\\u00e1 r\\u1ebb - uy t\\u00edn ch\\u1ea5t l\\u01b0\\u1ee3ng Li\\u00ean h\\u1ec7 Hotline 1: 1900 2861 | Hotline 2: 09 67 68 69 11\",\"breadcrumb\":{\"@id\":\"https:\/\/cokhitanminh.com\/may-dong-goi\/may-dong-goi-tra-2-lop-co-tem-chi-tmdg-3f17\/#breadcrumb\"},\"inLanguage\":\"vi\",\"potentialAction\":[{\"@type\":\"ReadAction\",\"target\":[\"https:\/\/cokhitanminh.com\/may-dong-goi\/may-dong-goi-tra-2-lop-co-tem-chi-tmdg-3f17\/\"]}]},{\"@type\":\"BreadcrumbList\",\"@id\":\"https:\/\/cokhitanminh.com\/may-dong-goi\/may-dong-goi-tra-2-lop-co-tem-chi-tmdg-3f17\/#breadcrumb\",\"itemListElement\":[{\"@type\":\"ListItem\",\"position\":1,\"name\":\"Trang ch\\u1ee7\",\"item\":\"https:\/\/cokhitanminh.com\/may-dong-goi\/\"},{\"@type\":\"ListItem\",\"position\":2,\"name\":\"C\\u1eeda h\\u00e0ng\",\"item\":\"https:\/\/cokhitanminh.com\/may-dong-goi\/mua\/\"},{\"@type\":\"ListItem\",\"position\":3,\"name\":\"M\\u00e1y \\u0111\\u00f3ng g\\u00f3i tr\\u00e0 2 l\\u1edbp c\\u00f3 tem ch\\u1ec9 (TM\\u0110G-3F17)\"}]}]}<\/script>\n<!-- \/ Yoast SEO plugin. -->","yoast_head_json":{"title":"M\u00e1y \u0111\u00f3ng g\u00f3i tr\u00e0 2 l\u1edbp c\u00f3 tem ch\u1ec9 (TM\u0110G-3F17) - M\u00c1Y \u0110\u00d3NG G\u00d3I T\u00c2N MINH","description":"M\u00e1y \u0111\u00f3ng g\u00f3i tr\u00e0 2 l\u1edbp c\u00f3 tem ch\u1ec9 (TM\u0110G-3F17) - Gi\u00e1 r\u1ebb - uy t\u00edn ch\u1ea5t l\u01b0\u1ee3ng Li\u00ean h\u1ec7 Hotline 1: 1900 2861 | Hotline 2: 09 67 68 69 11","robots":{"index":"index","follow":"follow","max-snippet":"max-snippet:-1","max-image-preview":"max-image-preview:large","max-video-preview":"max-video-preview:-1"},"canonical":"https:\/\/cokhitanminh.com\/may-dong-goi\/may-dong-goi-tra-2-lop-co-tem-chi-tmdg-3f17\/","og_locale":"vi_VN","og_type":"article","og_title":"M\u00e1y \u0111\u00f3ng g\u00f3i tr\u00e0 2 l\u1edbp c\u00f3 tem ch\u1ec9 (TM\u0110G-3F17) - M\u00c1Y \u0110\u00d3NG G\u00d3I T\u00c2N MINH","og_description":"M\u00e1y \u0111\u00f3ng g\u00f3i tr\u00e0 2 l\u1edbp c\u00f3 tem ch\u1ec9 (TM\u0110G-3F17) - Gi\u00e1 r\u1ebb - uy t\u00edn ch\u1ea5t l\u01b0\u1ee3ng Li\u00ean h\u1ec7 Hotline 1: 1900 2861 | Hotline 2: 09 67 68 69 11","og_url":"https:\/\/cokhitanminh.com\/may-dong-goi\/may-dong-goi-tra-2-lop-co-tem-chi-tmdg-3f17\/","og_site_name":"M\u00c1Y \u0110\u00d3NG G\u00d3I T\u00c2N MINH","article_modified_time":"2022-12-27T02:34:05+00:00","og_image":[{"width":550,"height":550,"url":"https:\/\/cokhitanminh.com\/may-dong-goi\/wp-content\/uploads\/2022\/12\/may-dong-goi-tra-2-lop-co-tem-chi-tmdg-3f17-1.jpg","type":"image\/jpeg"}],"twitter_card":"summary_large_image","twitter_misc":{"\u01af\u1edbc t\u00ednh th\u1eddi gian \u0111\u1ecdc":"5 ph\u00fat"},"schema":{"@context":"https:\/\/schema.org","@graph":[{"@type":"WebSite","@id":"https:\/\/cokhitanminh.com\/may-dong-goi\/#website","url":"https:\/\/cokhitanminh.com\/may-dong-goi\/","name":"M\u00c1Y \u0110\u00d3NG G\u00d3I T\u00c2N MINH","description":"Chuy\u00ean gia m\u00e1y \u0111\u00f3ng g\u00f3i","potentialAction":[{"@type":"SearchAction","target":{"@type":"EntryPoint","urlTemplate":"https:\/\/cokhitanminh.com\/may-dong-goi\/?s={search_term_string}"},"query-input":"required name=search_term_string"}],"inLanguage":"vi"},{"@type":"ImageObject","@id":"https:\/\/cokhitanminh.com\/may-dong-goi\/may-dong-goi-tra-2-lop-co-tem-chi-tmdg-3f17\/#primaryimage","inLanguage":"vi","url":"https:\/\/cokhitanminh.com\/may-dong-goi\/wp-content\/uploads\/2022\/12\/may-dong-goi-tra-2-lop-co-tem-chi-tmdg-3f17-1.jpg","contentUrl":"https:\/\/cokhitanminh.com\/may-dong-goi\/wp-content\/uploads\/2022\/12\/may-dong-goi-tra-2-lop-co-tem-chi-tmdg-3f17-1.jpg","width":550,"height":550},{"@type":"WebPage","@id":"https:\/\/cokhitanminh.com\/may-dong-goi\/may-dong-goi-tra-2-lop-co-tem-chi-tmdg-3f17\/#webpage","url":"https:\/\/cokhitanminh.com\/may-dong-goi\/may-dong-goi-tra-2-lop-co-tem-chi-tmdg-3f17\/","name":"M\u00e1y \u0111\u00f3ng g\u00f3i tr\u00e0 2 l\u1edbp c\u00f3 tem ch\u1ec9 (TM\u0110G-3F17) - M\u00c1Y \u0110\u00d3NG G\u00d3I T\u00c2N MINH","isPartOf":{"@id":"https:\/\/cokhitanminh.com\/may-dong-goi\/#website"},"primaryImageOfPage":{"@id":"https:\/\/cokhitanminh.com\/may-dong-goi\/may-dong-goi-tra-2-lop-co-tem-chi-tmdg-3f17\/#primaryimage"},"datePublished":"2022-12-22T03:13:12+00:00","dateModified":"2022-12-27T02:34:05+00:00","description":"M\u00e1y \u0111\u00f3ng g\u00f3i tr\u00e0 2 l\u1edbp c\u00f3 tem ch\u1ec9 (TM\u0110G-3F17) - Gi\u00e1 r\u1ebb - uy t\u00edn ch\u1ea5t l\u01b0\u1ee3ng Li\u00ean h\u1ec7 Hotline 1: 1900 2861 | Hotline 2: 09 67 68 69 11","breadcrumb":{"@id":"https:\/\/cokhitanminh.com\/may-dong-goi\/may-dong-goi-tra-2-lop-co-tem-chi-tmdg-3f17\/#breadcrumb"},"inLanguage":"vi","potentialAction":[{"@type":"ReadAction","target":["https:\/\/cokhitanminh.com\/may-dong-goi\/may-dong-goi-tra-2-lop-co-tem-chi-tmdg-3f17\/"]}]},{"@type":"BreadcrumbList","@id":"https:\/\/cokhitanminh.com\/may-dong-goi\/may-dong-goi-tra-2-lop-co-tem-chi-tmdg-3f17\/#breadcrumb","itemListElement":[{"@type":"ListItem","position":1,"name":"Trang ch\u1ee7","item":"https:\/\/cokhitanminh.com\/may-dong-goi\/"},{"@type":"ListItem","position":2,"name":"C\u1eeda h\u00e0ng","item":"https:\/\/cokhitanminh.com\/may-dong-goi\/mua\/"},{"@type":"ListItem","position":3,"name":"M\u00e1y \u0111\u00f3ng g\u00f3i tr\u00e0 2 l\u1edbp c\u00f3 tem ch\u1ec9 (TM\u0110G-3F17)"}]}]}},"_links":{"self":[{"href":"https:\/\/cokhitanminh.com\/may-dong-goi\/wp-json\/wp\/v2\/product\/8424","targetHints":{"allow":["GET"]}}],"collection":[{"href":"https:\/\/cokhitanminh.com\/may-dong-goi\/wp-json\/wp\/v2\/product"}],"about":[{"href":"https:\/\/cokhitanminh.com\/may-dong-goi\/wp-json\/wp\/v2\/types\/product"}],"replies":[{"embeddable":true,"href":"https:\/\/cokhitanminh.com\/may-dong-goi\/wp-json\/wp\/v2\/comments?post=8424"}],"wp:featuredmedia":[{"embeddable":true,"href":"https:\/\/cokhitanminh.com\/may-dong-goi\/wp-json\/wp\/v2\/media\/8447"}],"wp:attachment":[{"href":"https:\/\/cokhitanminh.com\/may-dong-goi\/wp-json\/wp\/v2\/media?parent=8424"}],"curies":[{"name":"wp","href":"https:\/\/api.w.org\/{rel}","templated":true}]}}