{"id":6456,"date":"2021-12-29T07:21:57","date_gmt":"2021-12-29T07:21:57","guid":{"rendered":"https:\/\/cokhitanminh.com\/may-dong-goi\/?post_type=product&#038;p=6456"},"modified":"2021-12-29T07:21:58","modified_gmt":"2021-12-29T07:21:58","slug":"may-dan-nhan-chai-tron-ban-tu-dong-tmdg-3t1","status":"publish","type":"product","link":"https:\/\/cokhitanminh.com\/may-dong-goi\/may-dan-nhan-chai-tron-ban-tu-dong-tmdg-3t1\/","title":{"rendered":"M\u00c1Y D\u00c1N NH\u00c3N CHAI TR\u00d2N B\u00c1N T\u1ef0 \u0110\u1ed8NG (TM\u0110G-3T1)"},"content":{"rendered":"<p><a href=\"https:\/\/cokhitanminh.com\/may-dong-goi\/?post_type=product&amp;p=6456&amp;preview=true\"><em><strong>M\u00e1y d\u00e1n nh\u00e3n chai tr\u00f2n b\u00e1n t\u1ef1 \u0111\u1ed9ng<\/strong><\/em><\/a>\u00a0(TM\u0110G-3T1) \u0111\u01b0\u1ee3c C\u00f4ng Ty C\u01a1 Kh\u00ed T\u00e2n Minh s\u1ea3n xu\u1ea5t v\u00e0 ph\u00e2n ph\u1ed1i tr\u00ean to\u00e0n qu\u1ed1c. M\u00e1y \u0111\u01b0\u1ee3c \u1ee9ng d\u1ee5ng trong l\u0129nh v\u1ef1c\u00a0<strong>M\u00e1y \u0110\u00f3ng G\u00f3i<\/strong>. C\u00e1c s\u1ea3n ph\u1ea9m c\u1ee7a ch\u00fang t\u00f4i \u0111\u1ec1u \u0111\u01b0\u1ee3c ki\u1ec3m tra k\u1ef9 l\u01b0\u1ee1ng v\u00e0 v\u1eadn h\u00e0nh th\u1ef1c t\u1ebf \u0111\u1ec3 lu\u00f4n \u0111\u1ea3m b\u1ea3o ch\u1ea5t l\u01b0\u1ee3ng t\u1ed1t nh\u1ea5t tr\u01b0\u1edbc khi b\u00e0n giao thi\u1ebft b\u1ecb cho kh\u00e1ch h\u00e0ng.<\/p>\n<p style=\"text-align: center;\"><a href=\"https:\/\/cokhitanminh.com\/may-dong-goi\/wp-content\/uploads\/2021\/12\/may-dan-nhan-chai-tron-ban-tu-dong-tmdg-3t1-cktm.mdg-1.png\"><img loading=\"lazy\" decoding=\"async\" class=\"alignnone size-large wp-image-6458\" src=\"https:\/\/cokhitanminh.com\/may-dong-goi\/wp-content\/uploads\/2021\/12\/may-dan-nhan-chai-tron-ban-tu-dong-tmdg-3t1-cktm.mdg-1.png\" alt=\"\" width=\"750\" height=\"375\" srcset=\"https:\/\/cokhitanminh.com\/may-dong-goi\/wp-content\/uploads\/2021\/12\/may-dan-nhan-chai-tron-ban-tu-dong-tmdg-3t1-cktm.mdg-1.png 750w, https:\/\/cokhitanminh.com\/may-dong-goi\/wp-content\/uploads\/2021\/12\/may-dan-nhan-chai-tron-ban-tu-dong-tmdg-3t1-cktm.mdg-1-300x150.png 300w, https:\/\/cokhitanminh.com\/may-dong-goi\/wp-content\/uploads\/2021\/12\/may-dan-nhan-chai-tron-ban-tu-dong-tmdg-3t1-cktm.mdg-1-600x300.png 600w\" sizes=\"auto, (max-width: 750px) 100vw, 750px\" \/><\/a> <a href=\"https:\/\/cokhitanminh.com\/may-dong-goi\/wp-content\/uploads\/2021\/12\/may-dan-nhan-chai-tron-ban-tu-dong-tmdg-3t1-cktm.mdg-2.jpg\"><img loading=\"lazy\" decoding=\"async\" class=\"alignnone size-large wp-image-6459\" src=\"https:\/\/cokhitanminh.com\/may-dong-goi\/wp-content\/uploads\/2021\/12\/may-dan-nhan-chai-tron-ban-tu-dong-tmdg-3t1-cktm.mdg-2.jpg\" alt=\"\" width=\"550\" height=\"366\" srcset=\"https:\/\/cokhitanminh.com\/may-dong-goi\/wp-content\/uploads\/2021\/12\/may-dan-nhan-chai-tron-ban-tu-dong-tmdg-3t1-cktm.mdg-2.jpg 550w, https:\/\/cokhitanminh.com\/may-dong-goi\/wp-content\/uploads\/2021\/12\/may-dan-nhan-chai-tron-ban-tu-dong-tmdg-3t1-cktm.mdg-2-300x200.jpg 300w\" sizes=\"auto, (max-width: 550px) 100vw, 550px\" \/><\/a> <a href=\"https:\/\/cokhitanminh.com\/may-dong-goi\/wp-content\/uploads\/2021\/12\/may-dan-nhan-chai-tron-ban-tu-dong-tmdg-3t1-cktm.mdg-3.jpg\"><img loading=\"lazy\" decoding=\"async\" class=\"size-large wp-image-6460 aligncenter\" src=\"https:\/\/cokhitanminh.com\/may-dong-goi\/wp-content\/uploads\/2021\/12\/may-dan-nhan-chai-tron-ban-tu-dong-tmdg-3t1-cktm.mdg-3.jpg\" alt=\"\" width=\"550\" height=\"366\" srcset=\"https:\/\/cokhitanminh.com\/may-dong-goi\/wp-content\/uploads\/2021\/12\/may-dan-nhan-chai-tron-ban-tu-dong-tmdg-3t1-cktm.mdg-3.jpg 550w, https:\/\/cokhitanminh.com\/may-dong-goi\/wp-content\/uploads\/2021\/12\/may-dan-nhan-chai-tron-ban-tu-dong-tmdg-3t1-cktm.mdg-3-300x200.jpg 300w\" sizes=\"auto, (max-width: 550px) 100vw, 550px\" \/><\/a> <a href=\"https:\/\/cokhitanminh.com\/may-dong-goi\/wp-content\/uploads\/2021\/12\/may-dan-nhan-chai-tron-ban-tu-dong-tmdg-3t1-cktm.mdg-4.jpg\"><img loading=\"lazy\" decoding=\"async\" class=\"alignnone size-large wp-image-6461\" src=\"https:\/\/cokhitanminh.com\/may-dong-goi\/wp-content\/uploads\/2021\/12\/may-dan-nhan-chai-tron-ban-tu-dong-tmdg-3t1-cktm.mdg-4.jpg\" alt=\"\" width=\"550\" height=\"366\" srcset=\"https:\/\/cokhitanminh.com\/may-dong-goi\/wp-content\/uploads\/2021\/12\/may-dan-nhan-chai-tron-ban-tu-dong-tmdg-3t1-cktm.mdg-4.jpg 550w, https:\/\/cokhitanminh.com\/may-dong-goi\/wp-content\/uploads\/2021\/12\/may-dan-nhan-chai-tron-ban-tu-dong-tmdg-3t1-cktm.mdg-4-300x200.jpg 300w\" sizes=\"auto, (max-width: 550px) 100vw, 550px\" \/><\/a> <a href=\"https:\/\/cokhitanminh.com\/may-dong-goi\/wp-content\/uploads\/2021\/12\/may-dan-nhan-chai-tron-ban-tu-dong-tmdg-3t1-cktm.mdg-5.jpg\"><img loading=\"lazy\" decoding=\"async\" class=\"size-large wp-image-6462 aligncenter\" src=\"https:\/\/cokhitanminh.com\/may-dong-goi\/wp-content\/uploads\/2021\/12\/may-dan-nhan-chai-tron-ban-tu-dong-tmdg-3t1-cktm.mdg-5.jpg\" alt=\"\" width=\"550\" height=\"410\" srcset=\"https:\/\/cokhitanminh.com\/may-dong-goi\/wp-content\/uploads\/2021\/12\/may-dan-nhan-chai-tron-ban-tu-dong-tmdg-3t1-cktm.mdg-5.jpg 550w, https:\/\/cokhitanminh.com\/may-dong-goi\/wp-content\/uploads\/2021\/12\/may-dan-nhan-chai-tron-ban-tu-dong-tmdg-3t1-cktm.mdg-5-300x224.jpg 300w\" sizes=\"auto, (max-width: 550px) 100vw, 550px\" \/><\/a> <a href=\"https:\/\/cokhitanminh.com\/may-dong-goi\/wp-content\/uploads\/2021\/12\/may-dan-nhan-chai-tron-ban-tu-dong-tmdg-3t1-cktm.mdg-6.jpg\"><img loading=\"lazy\" decoding=\"async\" class=\"alignnone size-large wp-image-6463\" src=\"https:\/\/cokhitanminh.com\/may-dong-goi\/wp-content\/uploads\/2021\/12\/may-dan-nhan-chai-tron-ban-tu-dong-tmdg-3t1-cktm.mdg-6.jpg\" alt=\"\" width=\"550\" height=\"366\" srcset=\"https:\/\/cokhitanminh.com\/may-dong-goi\/wp-content\/uploads\/2021\/12\/may-dan-nhan-chai-tron-ban-tu-dong-tmdg-3t1-cktm.mdg-6.jpg 550w, https:\/\/cokhitanminh.com\/may-dong-goi\/wp-content\/uploads\/2021\/12\/may-dan-nhan-chai-tron-ban-tu-dong-tmdg-3t1-cktm.mdg-6-300x200.jpg 300w\" sizes=\"auto, (max-width: 550px) 100vw, 550px\" \/><\/a><\/p>\n<p><strong>Th\u00f4ng s\u1ed1 k\u0129 thu\u1eadt<\/strong><\/p>\n<p style=\"text-align: center;\"><a href=\"https:\/\/cokhitanminh.com\/may-dong-goi\/wp-content\/uploads\/2021\/12\/may-dan-nhan-chai-tron-ban-tu-dong-tmdg-3t1-cktm.mdg-7.jpg\"><img loading=\"lazy\" decoding=\"async\" class=\"alignnone size-large wp-image-6464\" src=\"https:\/\/cokhitanminh.com\/may-dong-goi\/wp-content\/uploads\/2021\/12\/may-dan-nhan-chai-tron-ban-tu-dong-tmdg-3t1-cktm.mdg-7-1024x402.jpg\" alt=\"\" width=\"1020\" height=\"400\" srcset=\"https:\/\/cokhitanminh.com\/may-dong-goi\/wp-content\/uploads\/2021\/12\/may-dan-nhan-chai-tron-ban-tu-dong-tmdg-3t1-cktm.mdg-7-1024x402.jpg 1024w, https:\/\/cokhitanminh.com\/may-dong-goi\/wp-content\/uploads\/2021\/12\/may-dan-nhan-chai-tron-ban-tu-dong-tmdg-3t1-cktm.mdg-7-300x118.jpg 300w, https:\/\/cokhitanminh.com\/may-dong-goi\/wp-content\/uploads\/2021\/12\/may-dan-nhan-chai-tron-ban-tu-dong-tmdg-3t1-cktm.mdg-7-768x302.jpg 768w, https:\/\/cokhitanminh.com\/may-dong-goi\/wp-content\/uploads\/2021\/12\/may-dan-nhan-chai-tron-ban-tu-dong-tmdg-3t1-cktm.mdg-7-600x236.jpg 600w, https:\/\/cokhitanminh.com\/may-dong-goi\/wp-content\/uploads\/2021\/12\/may-dan-nhan-chai-tron-ban-tu-dong-tmdg-3t1-cktm.mdg-7.jpg 1128w\" sizes=\"auto, (max-width: 1020px) 100vw, 1020px\" \/><\/a><\/p>\n<p>Xem th\u00eam:\u00a0<span data-sheets-value=\"{&quot;1&quot;:2,&quot;2&quot;:&quot;M\u00e1y d\u00e1n nh\u00e3n chai tr\u00f2n b\u00e1n t\u1ef1 \u0111\u1ed9ng TM\u0110G-3T1&quot;}\" data-sheets-userformat=\"{&quot;2&quot;:769,&quot;3&quot;:{&quot;1&quot;:0},&quot;11&quot;:3,&quot;12&quot;:0}\"><em><strong>M\u00e1y d\u00e1n nh\u00e3n chai tr\u00f2n b\u00e1n t\u1ef1 \u0111\u1ed9ng<\/strong>\u00a0<\/em>TM\u0110G-3T1<\/span><\/p>\n","protected":false},"excerpt":{"rendered":"<p>M\u00e1y d\u00e1n nh\u00e3n chai tr\u00f2n b\u00e1n t\u1ef1 \u0111\u1ed9ng\u00a0(TM\u0110G-3T1) \u0111\u01b0\u1ee3c C\u00f4ng Ty C\u01a1 Kh\u00ed T\u00e2n Minh s\u1ea3n xu\u1ea5t v\u00e0 ph\u00e2n ph\u1ed1i tr\u00ean to\u00e0n qu\u1ed1c. M\u00e1y \u0111\u01b0\u1ee3c \u1ee9ng d\u1ee5ng trong l\u0129nh v\u1ef1c\u00a0M\u00e1y \u0110\u00f3ng G\u00f3i. C\u00e1c s\u1ea3n ph\u1ea9m c\u1ee7a ch\u00fang t\u00f4i \u0111\u1ec1u \u0111\u01b0\u1ee3c ki\u1ec3m tra k\u1ef9 l\u01b0\u1ee1ng v\u00e0 v\u1eadn h\u00e0nh th\u1ef1c t\u1ebf \u0111\u1ec3 lu\u00f4n \u0111\u1ea3m b\u1ea3o ch\u1ea5t l\u01b0\u1ee3ng &#8230;<\/p>\n","protected":false},"featured_media":6457,"comment_status":"open","ping_status":"closed","template":"","meta":[],"class_list":{"0":"post-6456","1":"product","2":"type-product","3":"status-publish","4":"has-post-thumbnail","6":"product_cat-may-dan-tem-nhan","8":"first","9":"instock","10":"shipping-taxable","11":"purchasable","12":"product-type-simple"},"brands":[],"yoast_head":"<!-- This site is optimized with the Yoast SEO plugin v17.6 - https:\/\/yoast.com\/wordpress\/plugins\/seo\/ -->\n<title>M\u00c1Y D\u00c1N NH\u00c3N CHAI TR\u00d2N B\u00c1N T\u1ef0 \u0110\u1ed8NG (TM\u0110G-3T1) - M\u00c1Y \u0110\u00d3NG G\u00d3I T\u00c2N MINH \u00a0M\u00e1y d\u00e1n nh\u00e3n chai tr\u00f2n b\u00e1n t\u1ef1 \u0111\u1ed9ng\u00a0TM\u0110G-3T1<\/title>\n<meta name=\"description\" content=\"\u00a0M\u00e1y d\u00e1n nh\u00e3n chai tr\u00f2n b\u00e1n t\u1ef1 \u0111\u1ed9ng\u00a0TM\u0110G-3T1. Chi ti\u1ebft xin vui l\u00f2ng li\u00ean h\u1ec7 Hotline 1: 1900 2861 - Hotline 2: 09 67 68 69 11 \u0110\u1ec3 \u0111\u01b0\u1ee3c t\u01b0 v\u1ea5n ho\u00e0n to\u00e0n mi\u1ec5n ph\u00ed!\" \/>\n<meta name=\"robots\" content=\"index, follow, max-snippet:-1, max-image-preview:large, max-video-preview:-1\" \/>\n<link rel=\"canonical\" href=\"https:\/\/cokhitanminh.com\/may-dong-goi\/may-dan-nhan-chai-tron-ban-tu-dong-tmdg-3t1\/\" \/>\n<meta property=\"og:locale\" content=\"vi_VN\" \/>\n<meta property=\"og:type\" content=\"article\" \/>\n<meta property=\"og:title\" content=\"M\u00c1Y D\u00c1N NH\u00c3N CHAI TR\u00d2N B\u00c1N T\u1ef0 \u0110\u1ed8NG (TM\u0110G-3T1) - M\u00c1Y \u0110\u00d3NG G\u00d3I T\u00c2N MINH \u00a0M\u00e1y d\u00e1n nh\u00e3n chai tr\u00f2n b\u00e1n t\u1ef1 \u0111\u1ed9ng\u00a0TM\u0110G-3T1\" \/>\n<meta property=\"og:description\" content=\"\u00a0M\u00e1y d\u00e1n nh\u00e3n chai tr\u00f2n b\u00e1n t\u1ef1 \u0111\u1ed9ng\u00a0TM\u0110G-3T1. Chi ti\u1ebft xin vui l\u00f2ng li\u00ean h\u1ec7 Hotline 1: 1900 2861 - Hotline 2: 09 67 68 69 11 \u0110\u1ec3 \u0111\u01b0\u1ee3c t\u01b0 v\u1ea5n ho\u00e0n to\u00e0n mi\u1ec5n ph\u00ed!\" \/>\n<meta property=\"og:url\" content=\"https:\/\/cokhitanminh.com\/may-dong-goi\/may-dan-nhan-chai-tron-ban-tu-dong-tmdg-3t1\/\" \/>\n<meta property=\"og:site_name\" content=\"M\u00c1Y \u0110\u00d3NG G\u00d3I T\u00c2N MINH\" \/>\n<meta property=\"article:modified_time\" content=\"2021-12-29T07:21:58+00:00\" \/>\n<meta property=\"og:image\" content=\"https:\/\/cokhitanminh.com\/may-dong-goi\/wp-content\/uploads\/2021\/12\/may-dan-nhan-chai-tron-ban-tu-dong-tmdg-3t1-cktm.mdg-1.jpg\" \/>\n\t<meta property=\"og:image:width\" content=\"550\" \/>\n\t<meta property=\"og:image:height\" content=\"550\" \/>\n<meta name=\"twitter:card\" content=\"summary_large_image\" \/>\n<meta name=\"twitter:label1\" content=\"\u01af\u1edbc t\u00ednh th\u1eddi gian \u0111\u1ecdc\" \/>\n\t<meta name=\"twitter:data1\" content=\"2 ph\u00fat\" \/>\n<script type=\"application\/ld+json\" class=\"yoast-schema-graph\">{\"@context\":\"https:\/\/schema.org\",\"@graph\":[{\"@type\":\"WebSite\",\"@id\":\"https:\/\/cokhitanminh.com\/may-dong-goi\/#website\",\"url\":\"https:\/\/cokhitanminh.com\/may-dong-goi\/\",\"name\":\"M\\u00c1Y \\u0110\\u00d3NG G\\u00d3I T\\u00c2N MINH\",\"description\":\"Chuy\\u00ean gia m\\u00e1y \\u0111\\u00f3ng g\\u00f3i\",\"potentialAction\":[{\"@type\":\"SearchAction\",\"target\":{\"@type\":\"EntryPoint\",\"urlTemplate\":\"https:\/\/cokhitanminh.com\/may-dong-goi\/?s={search_term_string}\"},\"query-input\":\"required name=search_term_string\"}],\"inLanguage\":\"vi\"},{\"@type\":\"ImageObject\",\"@id\":\"https:\/\/cokhitanminh.com\/may-dong-goi\/may-dan-nhan-chai-tron-ban-tu-dong-tmdg-3t1\/#primaryimage\",\"inLanguage\":\"vi\",\"url\":\"https:\/\/cokhitanminh.com\/may-dong-goi\/wp-content\/uploads\/2021\/12\/may-dan-nhan-chai-tron-ban-tu-dong-tmdg-3t1-cktm.mdg-1.jpg\",\"contentUrl\":\"https:\/\/cokhitanminh.com\/may-dong-goi\/wp-content\/uploads\/2021\/12\/may-dan-nhan-chai-tron-ban-tu-dong-tmdg-3t1-cktm.mdg-1.jpg\",\"width\":550,\"height\":550},{\"@type\":\"WebPage\",\"@id\":\"https:\/\/cokhitanminh.com\/may-dong-goi\/may-dan-nhan-chai-tron-ban-tu-dong-tmdg-3t1\/#webpage\",\"url\":\"https:\/\/cokhitanminh.com\/may-dong-goi\/may-dan-nhan-chai-tron-ban-tu-dong-tmdg-3t1\/\",\"name\":\"M\\u00c1Y D\\u00c1N NH\\u00c3N CHAI TR\\u00d2N B\\u00c1N T\\u1ef0 \\u0110\\u1ed8NG (TM\\u0110G-3T1) - M\\u00c1Y \\u0110\\u00d3NG G\\u00d3I T\\u00c2N MINH \\u00a0M\\u00e1y d\\u00e1n nh\\u00e3n chai tr\\u00f2n b\\u00e1n t\\u1ef1 \\u0111\\u1ed9ng\\u00a0TM\\u0110G-3T1\",\"isPartOf\":{\"@id\":\"https:\/\/cokhitanminh.com\/may-dong-goi\/#website\"},\"primaryImageOfPage\":{\"@id\":\"https:\/\/cokhitanminh.com\/may-dong-goi\/may-dan-nhan-chai-tron-ban-tu-dong-tmdg-3t1\/#primaryimage\"},\"datePublished\":\"2021-12-29T07:21:57+00:00\",\"dateModified\":\"2021-12-29T07:21:58+00:00\",\"description\":\"\\u00a0M\\u00e1y d\\u00e1n nh\\u00e3n chai tr\\u00f2n b\\u00e1n t\\u1ef1 \\u0111\\u1ed9ng\\u00a0TM\\u0110G-3T1. Chi ti\\u1ebft xin vui l\\u00f2ng li\\u00ean h\\u1ec7 Hotline 1: 1900 2861 - Hotline 2: 09 67 68 69 11 \\u0110\\u1ec3 \\u0111\\u01b0\\u1ee3c t\\u01b0 v\\u1ea5n ho\\u00e0n to\\u00e0n mi\\u1ec5n ph\\u00ed!\",\"breadcrumb\":{\"@id\":\"https:\/\/cokhitanminh.com\/may-dong-goi\/may-dan-nhan-chai-tron-ban-tu-dong-tmdg-3t1\/#breadcrumb\"},\"inLanguage\":\"vi\",\"potentialAction\":[{\"@type\":\"ReadAction\",\"target\":[\"https:\/\/cokhitanminh.com\/may-dong-goi\/may-dan-nhan-chai-tron-ban-tu-dong-tmdg-3t1\/\"]}]},{\"@type\":\"BreadcrumbList\",\"@id\":\"https:\/\/cokhitanminh.com\/may-dong-goi\/may-dan-nhan-chai-tron-ban-tu-dong-tmdg-3t1\/#breadcrumb\",\"itemListElement\":[{\"@type\":\"ListItem\",\"position\":1,\"name\":\"Trang ch\\u1ee7\",\"item\":\"https:\/\/cokhitanminh.com\/may-dong-goi\/\"},{\"@type\":\"ListItem\",\"position\":2,\"name\":\"C\\u1eeda h\\u00e0ng\",\"item\":\"https:\/\/cokhitanminh.com\/may-dong-goi\/mua\/\"},{\"@type\":\"ListItem\",\"position\":3,\"name\":\"M\\u00c1Y D\\u00c1N NH\\u00c3N CHAI TR\\u00d2N B\\u00c1N T\\u1ef0 \\u0110\\u1ed8NG (TM\\u0110G-3T1)\"}]}]}<\/script>\n<!-- \/ Yoast SEO plugin. -->","yoast_head_json":{"title":"M\u00c1Y D\u00c1N NH\u00c3N CHAI TR\u00d2N B\u00c1N T\u1ef0 \u0110\u1ed8NG (TM\u0110G-3T1) - M\u00c1Y \u0110\u00d3NG G\u00d3I T\u00c2N MINH \u00a0M\u00e1y d\u00e1n nh\u00e3n chai tr\u00f2n b\u00e1n t\u1ef1 \u0111\u1ed9ng\u00a0TM\u0110G-3T1","description":"\u00a0M\u00e1y d\u00e1n nh\u00e3n chai tr\u00f2n b\u00e1n t\u1ef1 \u0111\u1ed9ng\u00a0TM\u0110G-3T1. Chi ti\u1ebft xin vui l\u00f2ng li\u00ean h\u1ec7 Hotline 1: 1900 2861 - Hotline 2: 09 67 68 69 11 \u0110\u1ec3 \u0111\u01b0\u1ee3c t\u01b0 v\u1ea5n ho\u00e0n to\u00e0n mi\u1ec5n ph\u00ed!","robots":{"index":"index","follow":"follow","max-snippet":"max-snippet:-1","max-image-preview":"max-image-preview:large","max-video-preview":"max-video-preview:-1"},"canonical":"https:\/\/cokhitanminh.com\/may-dong-goi\/may-dan-nhan-chai-tron-ban-tu-dong-tmdg-3t1\/","og_locale":"vi_VN","og_type":"article","og_title":"M\u00c1Y D\u00c1N NH\u00c3N CHAI TR\u00d2N B\u00c1N T\u1ef0 \u0110\u1ed8NG (TM\u0110G-3T1) - M\u00c1Y \u0110\u00d3NG G\u00d3I T\u00c2N MINH \u00a0M\u00e1y d\u00e1n nh\u00e3n chai tr\u00f2n b\u00e1n t\u1ef1 \u0111\u1ed9ng\u00a0TM\u0110G-3T1","og_description":"\u00a0M\u00e1y d\u00e1n nh\u00e3n chai tr\u00f2n b\u00e1n t\u1ef1 \u0111\u1ed9ng\u00a0TM\u0110G-3T1. Chi ti\u1ebft xin vui l\u00f2ng li\u00ean h\u1ec7 Hotline 1: 1900 2861 - Hotline 2: 09 67 68 69 11 \u0110\u1ec3 \u0111\u01b0\u1ee3c t\u01b0 v\u1ea5n ho\u00e0n to\u00e0n mi\u1ec5n ph\u00ed!","og_url":"https:\/\/cokhitanminh.com\/may-dong-goi\/may-dan-nhan-chai-tron-ban-tu-dong-tmdg-3t1\/","og_site_name":"M\u00c1Y \u0110\u00d3NG G\u00d3I T\u00c2N MINH","article_modified_time":"2021-12-29T07:21:58+00:00","og_image":[{"width":550,"height":550,"url":"https:\/\/cokhitanminh.com\/may-dong-goi\/wp-content\/uploads\/2021\/12\/may-dan-nhan-chai-tron-ban-tu-dong-tmdg-3t1-cktm.mdg-1.jpg","type":"image\/jpeg"}],"twitter_card":"summary_large_image","twitter_misc":{"\u01af\u1edbc t\u00ednh th\u1eddi gian \u0111\u1ecdc":"2 ph\u00fat"},"schema":{"@context":"https:\/\/schema.org","@graph":[{"@type":"WebSite","@id":"https:\/\/cokhitanminh.com\/may-dong-goi\/#website","url":"https:\/\/cokhitanminh.com\/may-dong-goi\/","name":"M\u00c1Y \u0110\u00d3NG G\u00d3I T\u00c2N MINH","description":"Chuy\u00ean gia m\u00e1y \u0111\u00f3ng g\u00f3i","potentialAction":[{"@type":"SearchAction","target":{"@type":"EntryPoint","urlTemplate":"https:\/\/cokhitanminh.com\/may-dong-goi\/?s={search_term_string}"},"query-input":"required name=search_term_string"}],"inLanguage":"vi"},{"@type":"ImageObject","@id":"https:\/\/cokhitanminh.com\/may-dong-goi\/may-dan-nhan-chai-tron-ban-tu-dong-tmdg-3t1\/#primaryimage","inLanguage":"vi","url":"https:\/\/cokhitanminh.com\/may-dong-goi\/wp-content\/uploads\/2021\/12\/may-dan-nhan-chai-tron-ban-tu-dong-tmdg-3t1-cktm.mdg-1.jpg","contentUrl":"https:\/\/cokhitanminh.com\/may-dong-goi\/wp-content\/uploads\/2021\/12\/may-dan-nhan-chai-tron-ban-tu-dong-tmdg-3t1-cktm.mdg-1.jpg","width":550,"height":550},{"@type":"WebPage","@id":"https:\/\/cokhitanminh.com\/may-dong-goi\/may-dan-nhan-chai-tron-ban-tu-dong-tmdg-3t1\/#webpage","url":"https:\/\/cokhitanminh.com\/may-dong-goi\/may-dan-nhan-chai-tron-ban-tu-dong-tmdg-3t1\/","name":"M\u00c1Y D\u00c1N NH\u00c3N CHAI TR\u00d2N B\u00c1N T\u1ef0 \u0110\u1ed8NG (TM\u0110G-3T1) - M\u00c1Y \u0110\u00d3NG G\u00d3I T\u00c2N MINH \u00a0M\u00e1y d\u00e1n nh\u00e3n chai tr\u00f2n b\u00e1n t\u1ef1 \u0111\u1ed9ng\u00a0TM\u0110G-3T1","isPartOf":{"@id":"https:\/\/cokhitanminh.com\/may-dong-goi\/#website"},"primaryImageOfPage":{"@id":"https:\/\/cokhitanminh.com\/may-dong-goi\/may-dan-nhan-chai-tron-ban-tu-dong-tmdg-3t1\/#primaryimage"},"datePublished":"2021-12-29T07:21:57+00:00","dateModified":"2021-12-29T07:21:58+00:00","description":"\u00a0M\u00e1y d\u00e1n nh\u00e3n chai tr\u00f2n b\u00e1n t\u1ef1 \u0111\u1ed9ng\u00a0TM\u0110G-3T1. Chi ti\u1ebft xin vui l\u00f2ng li\u00ean h\u1ec7 Hotline 1: 1900 2861 - Hotline 2: 09 67 68 69 11 \u0110\u1ec3 \u0111\u01b0\u1ee3c t\u01b0 v\u1ea5n ho\u00e0n to\u00e0n mi\u1ec5n ph\u00ed!","breadcrumb":{"@id":"https:\/\/cokhitanminh.com\/may-dong-goi\/may-dan-nhan-chai-tron-ban-tu-dong-tmdg-3t1\/#breadcrumb"},"inLanguage":"vi","potentialAction":[{"@type":"ReadAction","target":["https:\/\/cokhitanminh.com\/may-dong-goi\/may-dan-nhan-chai-tron-ban-tu-dong-tmdg-3t1\/"]}]},{"@type":"BreadcrumbList","@id":"https:\/\/cokhitanminh.com\/may-dong-goi\/may-dan-nhan-chai-tron-ban-tu-dong-tmdg-3t1\/#breadcrumb","itemListElement":[{"@type":"ListItem","position":1,"name":"Trang ch\u1ee7","item":"https:\/\/cokhitanminh.com\/may-dong-goi\/"},{"@type":"ListItem","position":2,"name":"C\u1eeda h\u00e0ng","item":"https:\/\/cokhitanminh.com\/may-dong-goi\/mua\/"},{"@type":"ListItem","position":3,"name":"M\u00c1Y D\u00c1N NH\u00c3N CHAI TR\u00d2N B\u00c1N T\u1ef0 \u0110\u1ed8NG (TM\u0110G-3T1)"}]}]}},"_links":{"self":[{"href":"https:\/\/cokhitanminh.com\/may-dong-goi\/wp-json\/wp\/v2\/product\/6456","targetHints":{"allow":["GET"]}}],"collection":[{"href":"https:\/\/cokhitanminh.com\/may-dong-goi\/wp-json\/wp\/v2\/product"}],"about":[{"href":"https:\/\/cokhitanminh.com\/may-dong-goi\/wp-json\/wp\/v2\/types\/product"}],"replies":[{"embeddable":true,"href":"https:\/\/cokhitanminh.com\/may-dong-goi\/wp-json\/wp\/v2\/comments?post=6456"}],"wp:featuredmedia":[{"embeddable":true,"href":"https:\/\/cokhitanminh.com\/may-dong-goi\/wp-json\/wp\/v2\/media\/6457"}],"wp:attachment":[{"href":"https:\/\/cokhitanminh.com\/may-dong-goi\/wp-json\/wp\/v2\/media?parent=6456"}],"curies":[{"name":"wp","href":"https:\/\/api.w.org\/{rel}","templated":true}]}}