{"id":4042,"date":"2021-12-07T03:21:26","date_gmt":"2021-12-07T03:21:26","guid":{"rendered":"https:\/\/cokhitanminh.com\/may-dong-goi\/?post_type=product&#038;p=4042"},"modified":"2022-01-10T02:40:58","modified_gmt":"2022-01-10T02:40:58","slug":"may-dong-goi-1-50-gam-khong-indate-tmdg-i32","status":"publish","type":"product","link":"https:\/\/cokhitanminh.com\/may-dong-goi\/may-dong-goi-1-50-gam-khong-indate-tmdg-i32\/","title":{"rendered":"M\u00c1Y \u0110\u00d3NG G\u00d3I 1-50 GAM (KH\u00d4NG INDATE) (TM\u0110G-I32)"},"content":{"rendered":"<p><strong><a href=\"https:\/\/cokhitanminh.com\/may-dong-goi\/may-dong-goi-1-50-gam-khong-indate-tmdg-i32\/\"><em>M\u00e1y \u0111\u00f3ng g\u00f3i 1-50 gam (kh\u00f4ng indate)<\/em><\/a>\u00a0<\/strong><strong>(TM\u0110G-I32)<\/strong> l\u00e0 lo\u1ea1i m\u00e1y chuy\u00ean d\u00f9ng \u0111\u1ec3 \u0111\u00f3ng g\u00f3i, b\u1ea3o qu\u1ea3n th\u1ef1c ph\u1ea9m, ch\u1ee9c n\u0103ng ch\u00ednh c\u1ee7a m\u00e1y l\u00e0 th\u1ef1c hi\u1ec7n ch\u1ee7 y\u1ebfu 2 ch\u1ee9c n\u0103ng: gi\u00fap cho nh\u00e0 s\u1ea3n xu\u1ea5t ho\u00e0n thi\u1ec7n bao b\u00ec, \u0111\u1ea3m b\u1ea3o \u0111\u01b0\u1ee3c s\u1ed1 l\u01b0\u1ee3ng c\u1ee7a s\u1ea3n ph\u1ea9m, \u0111\u1ecbnh kh\u1ed1i l\u01b0\u1ee3ng s\u1ea3n ph\u1ea9m.<\/p>\n<p style=\"text-align: center;\"><a href=\"https:\/\/cokhitanminh.com\/may-dong-goi\/wp-content\/uploads\/2021\/12\/may-dong-goi-1-50-gam-khong-indate-tmdg-i32-cktm.mdg-1.jpg\"><img loading=\"lazy\" decoding=\"async\" class=\"alignnone size-full wp-image-4036\" src=\"https:\/\/cokhitanminh.com\/may-dong-goi\/wp-content\/uploads\/2021\/12\/may-dong-goi-1-50-gam-khong-indate-tmdg-i32-cktm.mdg-1.jpg\" alt=\"\" width=\"500\" height=\"758\" srcset=\"https:\/\/cokhitanminh.com\/may-dong-goi\/wp-content\/uploads\/2021\/12\/may-dong-goi-1-50-gam-khong-indate-tmdg-i32-cktm.mdg-1.jpg 500w, https:\/\/cokhitanminh.com\/may-dong-goi\/wp-content\/uploads\/2021\/12\/may-dong-goi-1-50-gam-khong-indate-tmdg-i32-cktm.mdg-1-198x300.jpg 198w\" sizes=\"auto, (max-width: 500px) 100vw, 500px\" \/><\/a><\/p>\n<p>M\u00e1y ho\u1ea1t \u0111\u1ed9ng theo nguy\u00ean l\u00fd v\u00f4 c\u00f9ng \u0111\u01a1n gi\u1ea3n, d\u00f9ng c\u01a1 kh\u00ed \u0111\u1ec3 \u00e9p nhi\u1ec7t, ho\u1ea1t \u0111\u1ed9ng theo quy tr\u00ecnh, d\u1ec5 \u0111i\u1ec1u ch\u1ec9nh v\u00e0 \u1ed5n \u0111\u1ecbnh. M\u00e1y \u0111\u00f3ng g\u00f3i \u0111\u1ecbnh l\u01b0\u1ee3ng t\u1ef1 \u0111\u1ed9ng \u0111\u01b0\u1ee3c s\u1eed d\u1ee5ng r\u1ed9ng r\u00e3i trong l\u0129nh v\u1ef1c \u0111\u00f3ng g\u00f3i c\u00e1c lo\u1ea1i th\u1ef1c ph\u1ea9m, d\u01b0\u1ee3c ph\u1ea9m.<\/p>\n<p style=\"text-align: center;\"><a href=\"https:\/\/cokhitanminh.com\/may-dong-goi\/wp-content\/uploads\/2021\/12\/may-dong-goi-1-50-gam-khong-indate-tmdg-i32-cktm.mdg-2.jpg\"><img loading=\"lazy\" decoding=\"async\" class=\"alignnone size-full wp-image-4037\" src=\"https:\/\/cokhitanminh.com\/may-dong-goi\/wp-content\/uploads\/2021\/12\/may-dong-goi-1-50-gam-khong-indate-tmdg-i32-cktm.mdg-2.jpg\" alt=\"\" width=\"499\" height=\"552\" srcset=\"https:\/\/cokhitanminh.com\/may-dong-goi\/wp-content\/uploads\/2021\/12\/may-dong-goi-1-50-gam-khong-indate-tmdg-i32-cktm.mdg-2.jpg 499w, https:\/\/cokhitanminh.com\/may-dong-goi\/wp-content\/uploads\/2021\/12\/may-dong-goi-1-50-gam-khong-indate-tmdg-i32-cktm.mdg-2-271x300.jpg 271w\" sizes=\"auto, (max-width: 499px) 100vw, 499px\" \/><\/a><\/p>\n<p>D\u00f9ng \u0111\u1ec3 \u0111\u00f3ng c\u00e1c lo\u1ea1i: b\u1ed9t canh, \u0111\u1eadu ph\u1ed9ng, b\u00e1nh snake\u2026 Ngo\u00e0i ra c\u00f2n c\u00f3 th\u1ec3 s\u1eed d\u1ee5ng: t\u1ef1 \u0111\u1ed9ng \u0111\u00f3ng g\u00f3i cho c\u00e1c lo\u1ea1i nguy\u00ean li\u1ec7u d\u1ea1ng b\u1ed9t trong c\u00f4ng nghi\u1ec7p h\u00f3a ch\u1ea5t, d\u01b0\u1ee3c ph\u1ea9m, th\u1ef1c ph\u1ea9m, m\u1ef9 ph\u1ea9m\u2026<\/p>\n<p style=\"text-align: center;\"><a href=\"https:\/\/cokhitanminh.com\/may-dong-goi\/wp-content\/uploads\/2021\/12\/may-dong-goi-1-50-gam-khong-indate-tmdg-i32-cktm.mdg-4.jpg\"><img loading=\"lazy\" decoding=\"async\" class=\"alignnone size-full wp-image-4038\" src=\"https:\/\/cokhitanminh.com\/may-dong-goi\/wp-content\/uploads\/2021\/12\/may-dong-goi-1-50-gam-khong-indate-tmdg-i32-cktm.mdg-4.jpg\" alt=\"\" width=\"500\" height=\"326\" srcset=\"https:\/\/cokhitanminh.com\/may-dong-goi\/wp-content\/uploads\/2021\/12\/may-dong-goi-1-50-gam-khong-indate-tmdg-i32-cktm.mdg-4.jpg 500w, https:\/\/cokhitanminh.com\/may-dong-goi\/wp-content\/uploads\/2021\/12\/may-dong-goi-1-50-gam-khong-indate-tmdg-i32-cktm.mdg-4-300x196.jpg 300w\" sizes=\"auto, (max-width: 500px) 100vw, 500px\" \/><\/a><\/p>\n<p>M\u00e1y \u0111\u00f3ng g\u00f3i \u0111\u1ecbnh l\u01b0\u1ee3ng t\u1ef1 \u0111\u1ed9ng c\u00f3 h\u1ec7 th\u1ed1ng t\u1ef1 \u0111\u1ed9ng \u0111\u1ecbnh l\u01b0\u1ee3ng, t\u1ea1o h\u00ecnh t\u00fai, \u0111\u00f3ng, h\u00e0n c\u1eaft, v\u1ebft x\u00e9 h\u00ecnh r\u0103ng c\u01b0a, m\u00e1y c\u00f3 \u0111\u1ed9 ch\u00ednh x\u00e1c v\u00e0 t\u00ednh \u1ed5n \u0111\u1ecbnh cao.<\/p>\n<p style=\"text-align: center;\"><a href=\"https:\/\/cokhitanminh.com\/may-dong-goi\/wp-content\/uploads\/2021\/12\/may-dong-goi-1-50-gam-khong-indate-tmdg-i32-cktm.mdg-5.jpg\"><img loading=\"lazy\" decoding=\"async\" class=\"alignnone size-full wp-image-4039\" src=\"https:\/\/cokhitanminh.com\/may-dong-goi\/wp-content\/uploads\/2021\/12\/may-dong-goi-1-50-gam-khong-indate-tmdg-i32-cktm.mdg-5.jpg\" alt=\"\" width=\"500\" height=\"339\" srcset=\"https:\/\/cokhitanminh.com\/may-dong-goi\/wp-content\/uploads\/2021\/12\/may-dong-goi-1-50-gam-khong-indate-tmdg-i32-cktm.mdg-5.jpg 500w, https:\/\/cokhitanminh.com\/may-dong-goi\/wp-content\/uploads\/2021\/12\/may-dong-goi-1-50-gam-khong-indate-tmdg-i32-cktm.mdg-5-300x203.jpg 300w\" sizes=\"auto, (max-width: 500px) 100vw, 500px\" \/><\/a><\/p>\n<p>M\u00e1y c\u00f3 h\u1ec7 th\u1ed1ng \u0111i\u1ec1u khi\u1ec3n t\u1ef1 \u0111\u1ed9ng n\u00ean k\u00edch th\u01b0\u1edbc g\u00f3i v\u00e0 t\u1ed1c \u0111\u1ed9 \u0111\u00f3ng g\u00f3i \u0111\u01b0\u1ee3c \u0111i\u1ec1u ch\u1ec9nh d\u1ec5 d\u00e0ng v\u00e0 c\u00f3 th\u1ec3 \u0111i\u1ec1u ch\u1ec9nh \u0111\u01b0\u1ee3c khi m\u00e1y \u0111ang ch\u1ea1y.<\/p>\n<p style=\"text-align: center;\"><a href=\"https:\/\/cokhitanminh.com\/may-dong-goi\/wp-content\/uploads\/2021\/12\/may-dong-goi-1-50-gam-khong-indate-tmdg-i32-cktm.mdg-3.jpg\"><img loading=\"lazy\" decoding=\"async\" class=\"alignnone size-full wp-image-4040\" src=\"https:\/\/cokhitanminh.com\/may-dong-goi\/wp-content\/uploads\/2021\/12\/may-dong-goi-1-50-gam-khong-indate-tmdg-i32-cktm.mdg-3.jpg\" alt=\"\" width=\"500\" height=\"497\" srcset=\"https:\/\/cokhitanminh.com\/may-dong-goi\/wp-content\/uploads\/2021\/12\/may-dong-goi-1-50-gam-khong-indate-tmdg-i32-cktm.mdg-3.jpg 500w, https:\/\/cokhitanminh.com\/may-dong-goi\/wp-content\/uploads\/2021\/12\/may-dong-goi-1-50-gam-khong-indate-tmdg-i32-cktm.mdg-3-300x298.jpg 300w, https:\/\/cokhitanminh.com\/may-dong-goi\/wp-content\/uploads\/2021\/12\/may-dong-goi-1-50-gam-khong-indate-tmdg-i32-cktm.mdg-3-150x150.jpg 150w, https:\/\/cokhitanminh.com\/may-dong-goi\/wp-content\/uploads\/2021\/12\/may-dong-goi-1-50-gam-khong-indate-tmdg-i32-cktm.mdg-3-100x100.jpg 100w\" sizes=\"auto, (max-width: 500px) 100vw, 500px\" \/><\/a><\/p>\n<p>T\u1ea5t c\u1ea3 c\u00e1c th\u00e0nh ph\u1ea7n ti\u1ebfp x\u00fac tr\u1ef1c ti\u1ebfp v\u1edbi c\u00e1c s\u1ea3n ph\u1ea9m \u0111\u01b0\u1ee3c l\u00e0m b\u1eb1ng th\u00e9p kh\u00f4ng g\u1ec9, ph\u00f9 h\u1ee3p ti\u00eau chu\u1ea9n v\u1ec7 sinh. M\u00e1y \u0111\u1ea1t ti\u00eau chu\u1ea9n GMP.<\/p>\n<p><strong>Th\u00f4ng s\u1ed1 k\u1ef9 thu\u1eadt:<\/strong><\/p>\n<p>\u2013 Model: TM\u0110G-I32<\/p>\n<p>\u2013 \u0110i\u1ec7n \u00e1p: 220V\/50Hz<\/p>\n<p>\u2013 C\u00f4ng su\u1ea5t:\u00a0500W<\/p>\n<p>\u2013 T\u1ed1c \u0111\u1ed9 \u0111\u00f3ng g\u00f3i:\u00a015-25 t\u00fai\/ph\u00fat<\/p>\n<p>\u2013 \u0110o kho\u1ea3ng:\u00a03-50 gam<\/p>\n<p>\u2013 Chi\u1ec1u r\u1ed9ng t\u00fai: 60-200 mm<\/p>\n<p>\u2013 V\u1eadt li\u1ec7u \u0111\u00f3ng g\u00f3i: gi\u1ea5y Polyethylene, l\u00e1 polyester, nh\u00f4m, polyethylene nylon,\u00a0gi\u1ea5y l\u1ecdc tr\u00e0<\/p>\n<p>\u2013 Tr\u1ecdng l\u01b0\u1ee3ng:\u00a060 kg<\/p>\n<p>\u2013 Nh\u1eadp kh\u1ea9u: T\u00e2n Minh<\/p>\n<p>\u2013 B\u1ea3o h\u00e0nh: 12 th\u00e1ng<\/p>\n<p>Ngo\u00e0i<em><strong>\u00a0M\u00e1y \u0111\u00f3ng g\u00f3i 1-50 gam (kh\u00f4ng indate)\u00a0<\/strong><\/em>(TM\u0110G-I32), C\u01a1 Kh\u00ed T\u00e2n Minh c\u00f2n cung c\u1ea5p nhi\u1ec1u s\u1ea3n ph\u1ea9m M\u00e1y \u0111\u00f3ng g\u00f3i c\u00f4ng nghi\u1ec7p kh\u00e1c.<\/p>\n<p>Xin vui l\u00f2ng tham kh\u1ea3o th\u00eam c\u00e1c s\u1ea3n ph\u1ea9m kh\u00e1c t\u1ea1i \u0111\u00e2y:\u00a0<strong><em>M\u00e1y \u0111\u00f3ng g\u00f3i c\u00f4ng nghi\u1ec7p<\/em><\/strong><\/p>\n<p>H\u1ed7 tr\u1ee3 h\u01b0\u1edbng d\u1eabn s\u1eed d\u1ee5ng &amp; chuy\u1ec3n giao c\u00f4ng ngh\u1ec7 mi\u1ec5n ph\u00ed.<\/p>\n","protected":false},"excerpt":{"rendered":"<p>M\u00e1y \u0111\u00f3ng g\u00f3i 1-50 gam (kh\u00f4ng indate)\u00a0(TM\u0110G-I32) l\u00e0 lo\u1ea1i m\u00e1y chuy\u00ean d\u00f9ng \u0111\u1ec3 \u0111\u00f3ng g\u00f3i, b\u1ea3o qu\u1ea3n th\u1ef1c ph\u1ea9m, ch\u1ee9c n\u0103ng ch\u00ednh c\u1ee7a m\u00e1y l\u00e0 th\u1ef1c hi\u1ec7n ch\u1ee7 y\u1ebfu 2 ch\u1ee9c n\u0103ng: gi\u00fap cho nh\u00e0 s\u1ea3n xu\u1ea5t ho\u00e0n thi\u1ec7n bao b\u00ec, \u0111\u1ea3m b\u1ea3o \u0111\u01b0\u1ee3c s\u1ed1 l\u01b0\u1ee3ng c\u1ee7a s\u1ea3n ph\u1ea9m, \u0111\u1ecbnh kh\u1ed1i l\u01b0\u1ee3ng s\u1ea3n ph\u1ea9m. M\u00e1y &#8230;<\/p>\n","protected":false},"featured_media":4043,"comment_status":"open","ping_status":"closed","template":"","meta":[],"class_list":{"0":"post-4042","1":"product","2":"type-product","3":"status-publish","4":"has-post-thumbnail","6":"product_cat-may-dong-goi-dang-tui-dang-bao","8":"first","9":"instock","10":"shipping-taxable","11":"purchasable","12":"product-type-simple"},"brands":[],"yoast_head":"<!-- This site is optimized with the Yoast SEO plugin v17.6 - https:\/\/yoast.com\/wordpress\/plugins\/seo\/ -->\n<title>M\u00c1Y \u0110\u00d3NG G\u00d3I 1-50 GAM (KH\u00d4NG INDATE) (TM\u0110G-I32) - M\u00c1Y \u0110\u00d3NG G\u00d3I T\u00c2N MINH M\u00c1Y \u0110\u00d3NG G\u00d3I 1-50 GAM (KH\u00d4NG INDATE) (TM\u0110G-I32)<\/title>\n<meta name=\"description\" content=\"M\u00c1Y \u0110\u00d3NG G\u00d3I 1-50 GAM (KH\u00d4NG INDATE) (TM\u0110G-I32). Chi ti\u1ebft xin vui l\u00f2ng li\u00ean h\u1ec7 Hotline 1: 1900 2861 - Hotline 2: 09 67 68 69 11 \u0110\u1ec3 \u0111\u01b0\u1ee3c t\u01b0 v\u1ea5n ho\u00e0n to\u00e0n mi\u1ec5n ph\u00ed!\" \/>\n<meta name=\"robots\" content=\"index, follow, max-snippet:-1, max-image-preview:large, max-video-preview:-1\" \/>\n<link rel=\"canonical\" href=\"https:\/\/cokhitanminh.com\/may-dong-goi\/may-dong-goi-1-50-gam-khong-indate-tmdg-i32\/\" \/>\n<meta property=\"og:locale\" content=\"vi_VN\" \/>\n<meta property=\"og:type\" content=\"article\" \/>\n<meta property=\"og:title\" content=\"M\u00c1Y \u0110\u00d3NG G\u00d3I 1-50 GAM (KH\u00d4NG INDATE) (TM\u0110G-I32) - M\u00c1Y \u0110\u00d3NG G\u00d3I T\u00c2N MINH M\u00c1Y \u0110\u00d3NG G\u00d3I 1-50 GAM (KH\u00d4NG INDATE) (TM\u0110G-I32)\" \/>\n<meta property=\"og:description\" content=\"M\u00c1Y \u0110\u00d3NG G\u00d3I 1-50 GAM (KH\u00d4NG INDATE) (TM\u0110G-I32). Chi ti\u1ebft xin vui l\u00f2ng li\u00ean h\u1ec7 Hotline 1: 1900 2861 - Hotline 2: 09 67 68 69 11 \u0110\u1ec3 \u0111\u01b0\u1ee3c t\u01b0 v\u1ea5n ho\u00e0n to\u00e0n mi\u1ec5n ph\u00ed!\" \/>\n<meta property=\"og:url\" content=\"https:\/\/cokhitanminh.com\/may-dong-goi\/may-dong-goi-1-50-gam-khong-indate-tmdg-i32\/\" \/>\n<meta property=\"og:site_name\" content=\"M\u00c1Y \u0110\u00d3NG G\u00d3I T\u00c2N MINH\" \/>\n<meta property=\"article:modified_time\" content=\"2022-01-10T02:40:58+00:00\" \/>\n<meta property=\"og:image\" content=\"https:\/\/cokhitanminh.com\/may-dong-goi\/wp-content\/uploads\/2021\/12\/may-dong-goi-1-50-gam-khong-indate-tmdg-i32-cktm.mdg-6-1.jpg\" \/>\n\t<meta property=\"og:image:width\" content=\"500\" \/>\n\t<meta property=\"og:image:height\" content=\"500\" \/>\n<meta name=\"twitter:card\" content=\"summary_large_image\" \/>\n<meta name=\"twitter:label1\" content=\"\u01af\u1edbc t\u00ednh th\u1eddi gian \u0111\u1ecdc\" \/>\n\t<meta name=\"twitter:data1\" content=\"3 ph\u00fat\" \/>\n<script type=\"application\/ld+json\" class=\"yoast-schema-graph\">{\"@context\":\"https:\/\/schema.org\",\"@graph\":[{\"@type\":\"WebSite\",\"@id\":\"https:\/\/cokhitanminh.com\/may-dong-goi\/#website\",\"url\":\"https:\/\/cokhitanminh.com\/may-dong-goi\/\",\"name\":\"M\\u00c1Y \\u0110\\u00d3NG G\\u00d3I T\\u00c2N MINH\",\"description\":\"Chuy\\u00ean gia m\\u00e1y \\u0111\\u00f3ng g\\u00f3i\",\"potentialAction\":[{\"@type\":\"SearchAction\",\"target\":{\"@type\":\"EntryPoint\",\"urlTemplate\":\"https:\/\/cokhitanminh.com\/may-dong-goi\/?s={search_term_string}\"},\"query-input\":\"required name=search_term_string\"}],\"inLanguage\":\"vi\"},{\"@type\":\"ImageObject\",\"@id\":\"https:\/\/cokhitanminh.com\/may-dong-goi\/may-dong-goi-1-50-gam-khong-indate-tmdg-i32\/#primaryimage\",\"inLanguage\":\"vi\",\"url\":\"https:\/\/cokhitanminh.com\/may-dong-goi\/wp-content\/uploads\/2021\/12\/may-dong-goi-1-50-gam-khong-indate-tmdg-i32-cktm.mdg-6-1.jpg\",\"contentUrl\":\"https:\/\/cokhitanminh.com\/may-dong-goi\/wp-content\/uploads\/2021\/12\/may-dong-goi-1-50-gam-khong-indate-tmdg-i32-cktm.mdg-6-1.jpg\",\"width\":500,\"height\":500},{\"@type\":\"WebPage\",\"@id\":\"https:\/\/cokhitanminh.com\/may-dong-goi\/may-dong-goi-1-50-gam-khong-indate-tmdg-i32\/#webpage\",\"url\":\"https:\/\/cokhitanminh.com\/may-dong-goi\/may-dong-goi-1-50-gam-khong-indate-tmdg-i32\/\",\"name\":\"M\\u00c1Y \\u0110\\u00d3NG G\\u00d3I 1-50 GAM (KH\\u00d4NG INDATE) (TM\\u0110G-I32) - M\\u00c1Y \\u0110\\u00d3NG G\\u00d3I T\\u00c2N MINH M\\u00c1Y \\u0110\\u00d3NG G\\u00d3I 1-50 GAM (KH\\u00d4NG INDATE) (TM\\u0110G-I32)\",\"isPartOf\":{\"@id\":\"https:\/\/cokhitanminh.com\/may-dong-goi\/#website\"},\"primaryImageOfPage\":{\"@id\":\"https:\/\/cokhitanminh.com\/may-dong-goi\/may-dong-goi-1-50-gam-khong-indate-tmdg-i32\/#primaryimage\"},\"datePublished\":\"2021-12-07T03:21:26+00:00\",\"dateModified\":\"2022-01-10T02:40:58+00:00\",\"description\":\"M\\u00c1Y \\u0110\\u00d3NG G\\u00d3I 1-50 GAM (KH\\u00d4NG INDATE) (TM\\u0110G-I32). Chi ti\\u1ebft xin vui l\\u00f2ng li\\u00ean h\\u1ec7 Hotline 1: 1900 2861 - Hotline 2: 09 67 68 69 11 \\u0110\\u1ec3 \\u0111\\u01b0\\u1ee3c t\\u01b0 v\\u1ea5n ho\\u00e0n to\\u00e0n mi\\u1ec5n ph\\u00ed!\",\"breadcrumb\":{\"@id\":\"https:\/\/cokhitanminh.com\/may-dong-goi\/may-dong-goi-1-50-gam-khong-indate-tmdg-i32\/#breadcrumb\"},\"inLanguage\":\"vi\",\"potentialAction\":[{\"@type\":\"ReadAction\",\"target\":[\"https:\/\/cokhitanminh.com\/may-dong-goi\/may-dong-goi-1-50-gam-khong-indate-tmdg-i32\/\"]}]},{\"@type\":\"BreadcrumbList\",\"@id\":\"https:\/\/cokhitanminh.com\/may-dong-goi\/may-dong-goi-1-50-gam-khong-indate-tmdg-i32\/#breadcrumb\",\"itemListElement\":[{\"@type\":\"ListItem\",\"position\":1,\"name\":\"Trang ch\\u1ee7\",\"item\":\"https:\/\/cokhitanminh.com\/may-dong-goi\/\"},{\"@type\":\"ListItem\",\"position\":2,\"name\":\"C\\u1eeda h\\u00e0ng\",\"item\":\"https:\/\/cokhitanminh.com\/may-dong-goi\/mua\/\"},{\"@type\":\"ListItem\",\"position\":3,\"name\":\"M\\u00c1Y \\u0110\\u00d3NG G\\u00d3I 1-50 GAM (KH\\u00d4NG INDATE) (TM\\u0110G-I32)\"}]}]}<\/script>\n<!-- \/ Yoast SEO plugin. -->","yoast_head_json":{"title":"M\u00c1Y \u0110\u00d3NG G\u00d3I 1-50 GAM (KH\u00d4NG INDATE) (TM\u0110G-I32) - M\u00c1Y \u0110\u00d3NG G\u00d3I T\u00c2N MINH M\u00c1Y \u0110\u00d3NG G\u00d3I 1-50 GAM (KH\u00d4NG INDATE) (TM\u0110G-I32)","description":"M\u00c1Y \u0110\u00d3NG G\u00d3I 1-50 GAM (KH\u00d4NG INDATE) (TM\u0110G-I32). Chi ti\u1ebft xin vui l\u00f2ng li\u00ean h\u1ec7 Hotline 1: 1900 2861 - Hotline 2: 09 67 68 69 11 \u0110\u1ec3 \u0111\u01b0\u1ee3c t\u01b0 v\u1ea5n ho\u00e0n to\u00e0n mi\u1ec5n ph\u00ed!","robots":{"index":"index","follow":"follow","max-snippet":"max-snippet:-1","max-image-preview":"max-image-preview:large","max-video-preview":"max-video-preview:-1"},"canonical":"https:\/\/cokhitanminh.com\/may-dong-goi\/may-dong-goi-1-50-gam-khong-indate-tmdg-i32\/","og_locale":"vi_VN","og_type":"article","og_title":"M\u00c1Y \u0110\u00d3NG G\u00d3I 1-50 GAM (KH\u00d4NG INDATE) (TM\u0110G-I32) - M\u00c1Y \u0110\u00d3NG G\u00d3I T\u00c2N MINH M\u00c1Y \u0110\u00d3NG G\u00d3I 1-50 GAM (KH\u00d4NG INDATE) (TM\u0110G-I32)","og_description":"M\u00c1Y \u0110\u00d3NG G\u00d3I 1-50 GAM (KH\u00d4NG INDATE) (TM\u0110G-I32). Chi ti\u1ebft xin vui l\u00f2ng li\u00ean h\u1ec7 Hotline 1: 1900 2861 - Hotline 2: 09 67 68 69 11 \u0110\u1ec3 \u0111\u01b0\u1ee3c t\u01b0 v\u1ea5n ho\u00e0n to\u00e0n mi\u1ec5n ph\u00ed!","og_url":"https:\/\/cokhitanminh.com\/may-dong-goi\/may-dong-goi-1-50-gam-khong-indate-tmdg-i32\/","og_site_name":"M\u00c1Y \u0110\u00d3NG G\u00d3I T\u00c2N MINH","article_modified_time":"2022-01-10T02:40:58+00:00","og_image":[{"width":500,"height":500,"url":"https:\/\/cokhitanminh.com\/may-dong-goi\/wp-content\/uploads\/2021\/12\/may-dong-goi-1-50-gam-khong-indate-tmdg-i32-cktm.mdg-6-1.jpg","type":"image\/jpeg"}],"twitter_card":"summary_large_image","twitter_misc":{"\u01af\u1edbc t\u00ednh th\u1eddi gian \u0111\u1ecdc":"3 ph\u00fat"},"schema":{"@context":"https:\/\/schema.org","@graph":[{"@type":"WebSite","@id":"https:\/\/cokhitanminh.com\/may-dong-goi\/#website","url":"https:\/\/cokhitanminh.com\/may-dong-goi\/","name":"M\u00c1Y \u0110\u00d3NG G\u00d3I T\u00c2N MINH","description":"Chuy\u00ean gia m\u00e1y \u0111\u00f3ng g\u00f3i","potentialAction":[{"@type":"SearchAction","target":{"@type":"EntryPoint","urlTemplate":"https:\/\/cokhitanminh.com\/may-dong-goi\/?s={search_term_string}"},"query-input":"required name=search_term_string"}],"inLanguage":"vi"},{"@type":"ImageObject","@id":"https:\/\/cokhitanminh.com\/may-dong-goi\/may-dong-goi-1-50-gam-khong-indate-tmdg-i32\/#primaryimage","inLanguage":"vi","url":"https:\/\/cokhitanminh.com\/may-dong-goi\/wp-content\/uploads\/2021\/12\/may-dong-goi-1-50-gam-khong-indate-tmdg-i32-cktm.mdg-6-1.jpg","contentUrl":"https:\/\/cokhitanminh.com\/may-dong-goi\/wp-content\/uploads\/2021\/12\/may-dong-goi-1-50-gam-khong-indate-tmdg-i32-cktm.mdg-6-1.jpg","width":500,"height":500},{"@type":"WebPage","@id":"https:\/\/cokhitanminh.com\/may-dong-goi\/may-dong-goi-1-50-gam-khong-indate-tmdg-i32\/#webpage","url":"https:\/\/cokhitanminh.com\/may-dong-goi\/may-dong-goi-1-50-gam-khong-indate-tmdg-i32\/","name":"M\u00c1Y \u0110\u00d3NG G\u00d3I 1-50 GAM (KH\u00d4NG INDATE) (TM\u0110G-I32) - M\u00c1Y \u0110\u00d3NG G\u00d3I T\u00c2N MINH M\u00c1Y \u0110\u00d3NG G\u00d3I 1-50 GAM (KH\u00d4NG INDATE) (TM\u0110G-I32)","isPartOf":{"@id":"https:\/\/cokhitanminh.com\/may-dong-goi\/#website"},"primaryImageOfPage":{"@id":"https:\/\/cokhitanminh.com\/may-dong-goi\/may-dong-goi-1-50-gam-khong-indate-tmdg-i32\/#primaryimage"},"datePublished":"2021-12-07T03:21:26+00:00","dateModified":"2022-01-10T02:40:58+00:00","description":"M\u00c1Y \u0110\u00d3NG G\u00d3I 1-50 GAM (KH\u00d4NG INDATE) (TM\u0110G-I32). Chi ti\u1ebft xin vui l\u00f2ng li\u00ean h\u1ec7 Hotline 1: 1900 2861 - Hotline 2: 09 67 68 69 11 \u0110\u1ec3 \u0111\u01b0\u1ee3c t\u01b0 v\u1ea5n ho\u00e0n to\u00e0n mi\u1ec5n ph\u00ed!","breadcrumb":{"@id":"https:\/\/cokhitanminh.com\/may-dong-goi\/may-dong-goi-1-50-gam-khong-indate-tmdg-i32\/#breadcrumb"},"inLanguage":"vi","potentialAction":[{"@type":"ReadAction","target":["https:\/\/cokhitanminh.com\/may-dong-goi\/may-dong-goi-1-50-gam-khong-indate-tmdg-i32\/"]}]},{"@type":"BreadcrumbList","@id":"https:\/\/cokhitanminh.com\/may-dong-goi\/may-dong-goi-1-50-gam-khong-indate-tmdg-i32\/#breadcrumb","itemListElement":[{"@type":"ListItem","position":1,"name":"Trang ch\u1ee7","item":"https:\/\/cokhitanminh.com\/may-dong-goi\/"},{"@type":"ListItem","position":2,"name":"C\u1eeda h\u00e0ng","item":"https:\/\/cokhitanminh.com\/may-dong-goi\/mua\/"},{"@type":"ListItem","position":3,"name":"M\u00c1Y \u0110\u00d3NG G\u00d3I 1-50 GAM (KH\u00d4NG INDATE) (TM\u0110G-I32)"}]}]}},"_links":{"self":[{"href":"https:\/\/cokhitanminh.com\/may-dong-goi\/wp-json\/wp\/v2\/product\/4042","targetHints":{"allow":["GET"]}}],"collection":[{"href":"https:\/\/cokhitanminh.com\/may-dong-goi\/wp-json\/wp\/v2\/product"}],"about":[{"href":"https:\/\/cokhitanminh.com\/may-dong-goi\/wp-json\/wp\/v2\/types\/product"}],"replies":[{"embeddable":true,"href":"https:\/\/cokhitanminh.com\/may-dong-goi\/wp-json\/wp\/v2\/comments?post=4042"}],"wp:featuredmedia":[{"embeddable":true,"href":"https:\/\/cokhitanminh.com\/may-dong-goi\/wp-json\/wp\/v2\/media\/4043"}],"wp:attachment":[{"href":"https:\/\/cokhitanminh.com\/may-dong-goi\/wp-json\/wp\/v2\/media?parent=4042"}],"curies":[{"name":"wp","href":"https:\/\/api.w.org\/{rel}","templated":true}]}}