{"id":3614,"date":"2021-12-04T04:01:14","date_gmt":"2021-12-04T04:01:14","guid":{"rendered":"https:\/\/cokhitanminh.com\/may-dong-goi\/?post_type=product&#038;p=3614"},"modified":"2022-01-10T10:22:28","modified_gmt":"2022-01-10T10:22:28","slug":"may-dong-goi-dinh-luong-4-bien-dang-coc-dong-500-1000-gram-tmdg-i51","status":"publish","type":"product","link":"https:\/\/cokhitanminh.com\/may-dong-goi\/may-dong-goi-dinh-luong-4-bien-dang-coc-dong-500-1000-gram-tmdg-i51\/","title":{"rendered":"M\u00e1y \u0111\u00f3ng g\u00f3i \u0111\u1ecbnh l\u01b0\u1ee3ng 4 bi\u00ean d\u1ea1ng c\u1ed1c \u0111ong 500 -1000 gram (TM\u0110G-I51)"},"content":{"rendered":"<p style=\"text-align: justify;\"><a href=\"https:\/\/cokhitanminh.com\/may-dong-goi\/may-dong-goi-dinh-luong-4-bien-dang-coc-dong-500-1000-gram-tmdg-i51\/\"><em><strong>M\u00e1y \u0111\u00f3ng g\u00f3i \u0111\u1ecbnh l\u01b0\u1ee3ng 4 bi\u00ean d\u1ea1ng c\u1ed1c \u0111ong 500 -1000 gram<\/strong><\/em><\/a>\u00a0(TM\u0110G-I51) \u0111\u01b0\u1ee3c C\u00f4ng Ty C\u01a1 Kh\u00ed T\u00e2n Minh s\u1ea3n xu\u1ea5t v\u00e0 ph\u00e2n ph\u1ed1i tr\u00ean to\u00e0n qu\u1ed1c. M\u00e1y \u0111\u01b0\u1ee3c \u1ee9ng d\u1ee5ng trong l\u0129nh v\u1ef1c\u00a0<strong>M\u00e1y\u00a0 \u0110\u00f3ng G\u00f3i<\/strong>.C\u00e1c s\u1ea3n ph\u1ea9m c\u1ee7a ch\u00fang t\u00f4i \u0111\u1ec1u \u0111\u01b0\u1ee3c ki\u1ec3m tra k\u1ef9 l\u01b0\u1ee1ng v\u00e0 v\u1eadn h\u00e0nh th\u1ef1c t\u1ebf \u0111\u1ec3 lu\u00f4n \u0111\u1ea3m b\u1ea3o ch\u1ea5t l\u01b0\u1ee3ng t\u1ed1t nh\u1ea5t tr\u01b0\u1edbc khi b\u00e0n giao thi\u1ebft b\u1ecb cho kh\u00e1ch h\u00e0ng.<\/p>\n<p><img loading=\"lazy\" decoding=\"async\" class=\"size-full wp-image-8041 aligncenter\" src=\"https:\/\/cokhitanminh.com\/may-dong-goi\/wp-content\/uploads\/2021\/12\/may-dong-goi-dinh-luong-4-bien-dang-coc-dong-500-1000-gram-tmdg-i51-2-cokhitanminhcommdg.jpg\" alt=\"\" width=\"550\" height=\"733\" srcset=\"https:\/\/cokhitanminh.com\/may-dong-goi\/wp-content\/uploads\/2021\/12\/may-dong-goi-dinh-luong-4-bien-dang-coc-dong-500-1000-gram-tmdg-i51-2-cokhitanminhcommdg.jpg 550w, https:\/\/cokhitanminh.com\/may-dong-goi\/wp-content\/uploads\/2021\/12\/may-dong-goi-dinh-luong-4-bien-dang-coc-dong-500-1000-gram-tmdg-i51-2-cokhitanminhcommdg-225x300.jpg 225w\" sizes=\"auto, (max-width: 550px) 100vw, 550px\" \/><\/p>\n<p><img loading=\"lazy\" decoding=\"async\" class=\"size-full wp-image-8042 aligncenter\" src=\"https:\/\/cokhitanminh.com\/may-dong-goi\/wp-content\/uploads\/2021\/12\/may-dong-goi-dinh-luong-4-bien-dang-coc-dong-500-1000-gram-tmdg-i51-3-cokhitanminhcommdg.jpg\" alt=\"\" width=\"550\" height=\"733\" srcset=\"https:\/\/cokhitanminh.com\/may-dong-goi\/wp-content\/uploads\/2021\/12\/may-dong-goi-dinh-luong-4-bien-dang-coc-dong-500-1000-gram-tmdg-i51-3-cokhitanminhcommdg.jpg 550w, https:\/\/cokhitanminh.com\/may-dong-goi\/wp-content\/uploads\/2021\/12\/may-dong-goi-dinh-luong-4-bien-dang-coc-dong-500-1000-gram-tmdg-i51-3-cokhitanminhcommdg-225x300.jpg 225w\" sizes=\"auto, (max-width: 550px) 100vw, 550px\" \/><\/p>\n<p><img loading=\"lazy\" decoding=\"async\" class=\"size-full wp-image-8043 aligncenter\" src=\"https:\/\/cokhitanminh.com\/may-dong-goi\/wp-content\/uploads\/2021\/12\/may-dong-goi-dinh-luong-4-bien-dang-coc-dong-500-1000-gram-tmdg-i51-4-cokhitanminhcommdg.jpg\" alt=\"\" width=\"550\" height=\"733\" srcset=\"https:\/\/cokhitanminh.com\/may-dong-goi\/wp-content\/uploads\/2021\/12\/may-dong-goi-dinh-luong-4-bien-dang-coc-dong-500-1000-gram-tmdg-i51-4-cokhitanminhcommdg.jpg 550w, https:\/\/cokhitanminh.com\/may-dong-goi\/wp-content\/uploads\/2021\/12\/may-dong-goi-dinh-luong-4-bien-dang-coc-dong-500-1000-gram-tmdg-i51-4-cokhitanminhcommdg-225x300.jpg 225w\" sizes=\"auto, (max-width: 550px) 100vw, 550px\" \/><\/p>\n<p><img loading=\"lazy\" decoding=\"async\" class=\"size-full wp-image-8044 aligncenter\" src=\"https:\/\/cokhitanminh.com\/may-dong-goi\/wp-content\/uploads\/2021\/12\/may-dong-goi-dinh-luong-4-bien-dang-coc-dong-500-1000-gram-tmdg-i51-5-cokhitanminhcommdg.jpg\" alt=\"\" width=\"550\" height=\"555\" srcset=\"https:\/\/cokhitanminh.com\/may-dong-goi\/wp-content\/uploads\/2021\/12\/may-dong-goi-dinh-luong-4-bien-dang-coc-dong-500-1000-gram-tmdg-i51-5-cokhitanminhcommdg.jpg 550w, https:\/\/cokhitanminh.com\/may-dong-goi\/wp-content\/uploads\/2021\/12\/may-dong-goi-dinh-luong-4-bien-dang-coc-dong-500-1000-gram-tmdg-i51-5-cokhitanminhcommdg-297x300.jpg 297w, https:\/\/cokhitanminh.com\/may-dong-goi\/wp-content\/uploads\/2021\/12\/may-dong-goi-dinh-luong-4-bien-dang-coc-dong-500-1000-gram-tmdg-i51-5-cokhitanminhcommdg-150x150.jpg 150w, https:\/\/cokhitanminh.com\/may-dong-goi\/wp-content\/uploads\/2021\/12\/may-dong-goi-dinh-luong-4-bien-dang-coc-dong-500-1000-gram-tmdg-i51-5-cokhitanminhcommdg-100x100.jpg 100w\" sizes=\"auto, (max-width: 550px) 100vw, 550px\" \/><\/p>\n<p><img loading=\"lazy\" decoding=\"async\" class=\"size-full wp-image-8045 aligncenter\" src=\"https:\/\/cokhitanminh.com\/may-dong-goi\/wp-content\/uploads\/2021\/12\/may-dong-goi-dinh-luong-4-bien-dang-coc-dong-500-1000-gram-tmdg-i51-6-cokhitanminhcommdg.jpg\" alt=\"\" width=\"550\" height=\"413\" srcset=\"https:\/\/cokhitanminh.com\/may-dong-goi\/wp-content\/uploads\/2021\/12\/may-dong-goi-dinh-luong-4-bien-dang-coc-dong-500-1000-gram-tmdg-i51-6-cokhitanminhcommdg.jpg 550w, https:\/\/cokhitanminh.com\/may-dong-goi\/wp-content\/uploads\/2021\/12\/may-dong-goi-dinh-luong-4-bien-dang-coc-dong-500-1000-gram-tmdg-i51-6-cokhitanminhcommdg-300x225.jpg 300w\" sizes=\"auto, (max-width: 550px) 100vw, 550px\" \/><\/p>\n<p><strong>Th\u00f4ng s\u1ed1 k\u1ef9 thu\u1eadt:<\/strong><\/p>\n<p>&#8211; Model: TM\u0110G-I51<\/p>\n<p>&#8211; \u0110i\u1ec7n \u00e1p: 220v\/50hz<\/p>\n<p>&#8211; Tr\u1ecdng l\u01b0\u1ee3ng: 320 kg<\/p>\n<p>&#8211; K\u00edch th\u01b0\u1edbc m\u00e1y: 1100 x 750 x 1700 mm<\/p>\n<p>&#8211; Dung sai: 1.5%<\/p>\n<p>&#8211; T\u1ed1c \u0111\u1ed9 \u0111\u00f3ng g\u00f3i :\u00a0 15-25 t\u00fai\/ ph\u00fat<\/p>\n<p>&#8211; Kh\u1ed5 r\u1ed9ng m\u00e0ng: 360 mm<\/p>\n<p>&#8211; Chi\u1ec1u d\u00e0i t\u00fai sau \u0111\u00f3ng g\u00f3i : &lt; 260 mm<\/p>\n<p>&#8211; C\u01a1 c\u1ea5u \u0111\u1ecbnh l\u01b0\u1ee3ng: c\u1ed1c \u0111ong<\/p>\n<p>&#8211; B\u1ea3o h\u00e0nh: 12 th\u00e1ng<\/p>\n<p>Xem th\u00eam:\u00a0<em><strong>M\u00e1y \u0111\u00f3ng g\u00f3i \u0111\u1ecbnh l\u01b0\u1ee3ng 4 bi\u00ean d\u1ea1ng c\u1ed1c \u0111ong 500 -1000 gram<\/strong><\/em><\/p>\n","protected":false},"excerpt":{"rendered":"<p>M\u00e1y \u0111\u00f3ng g\u00f3i \u0111\u1ecbnh l\u01b0\u1ee3ng 4 bi\u00ean d\u1ea1ng c\u1ed1c \u0111ong 500 -1000 gram\u00a0(TM\u0110G-I51) \u0111\u01b0\u1ee3c C\u00f4ng Ty C\u01a1 Kh\u00ed T\u00e2n Minh s\u1ea3n xu\u1ea5t v\u00e0 ph\u00e2n ph\u1ed1i tr\u00ean to\u00e0n qu\u1ed1c. M\u00e1y \u0111\u01b0\u1ee3c \u1ee9ng d\u1ee5ng trong l\u0129nh v\u1ef1c\u00a0M\u00e1y\u00a0 \u0110\u00f3ng G\u00f3i.C\u00e1c s\u1ea3n ph\u1ea9m c\u1ee7a ch\u00fang t\u00f4i \u0111\u1ec1u \u0111\u01b0\u1ee3c ki\u1ec3m tra k\u1ef9 l\u01b0\u1ee1ng v\u00e0 v\u1eadn h\u00e0nh th\u1ef1c t\u1ebf \u0111\u1ec3 lu\u00f4n &#8230;<\/p>\n","protected":false},"featured_media":4211,"comment_status":"open","ping_status":"closed","template":"","meta":[],"class_list":{"0":"post-3614","1":"product","2":"type-product","3":"status-publish","4":"has-post-thumbnail","6":"product_cat-may-dong-goi-dang-tui-dang-bao","8":"first","9":"instock","10":"shipping-taxable","11":"purchasable","12":"product-type-simple"},"brands":[],"yoast_head":"<!-- This site is optimized with the Yoast SEO plugin v17.6 - https:\/\/yoast.com\/wordpress\/plugins\/seo\/ -->\n<title>M\u00e1y \u0111\u00f3ng g\u00f3i \u0111\u1ecbnh l\u01b0\u1ee3ng 4 bi\u00ean d\u1ea1ng c\u1ed1c \u0111ong 500 -1000 gram (TM\u0110G-I51)<\/title>\n<meta name=\"description\" content=\"M\u00e1y \u0111\u00f3ng g\u00f3i \u0111\u1ecbnh l\u01b0\u1ee3ng 4 bi\u00ean d\u1ea1ng c\u1ed1c \u0111ong 500 -1000 gram (TM\u0110G-I51) uy t\u00edn - Ch\u1ea5t l\u01b0\u1ee3ng cao - Cam k\u1ebft b\u1ea3o h\u00e0nh d\u00e0i h\u1ea1n - Li\u00ean h\u1ec7 \u0111\u1ec3 \u0111\u01b0\u1ee1 h\u1ed7 tr\u1ee3\" \/>\n<meta name=\"robots\" content=\"index, follow, max-snippet:-1, max-image-preview:large, max-video-preview:-1\" \/>\n<link rel=\"canonical\" href=\"https:\/\/cokhitanminh.com\/may-dong-goi\/may-dong-goi-dinh-luong-4-bien-dang-coc-dong-500-1000-gram-tmdg-i51\/\" \/>\n<meta property=\"og:locale\" content=\"vi_VN\" \/>\n<meta property=\"og:type\" content=\"article\" \/>\n<meta property=\"og:title\" content=\"M\u00e1y \u0111\u00f3ng g\u00f3i \u0111\u1ecbnh l\u01b0\u1ee3ng 4 bi\u00ean d\u1ea1ng c\u1ed1c \u0111ong 500 -1000 gram (TM\u0110G-I51)\" \/>\n<meta property=\"og:description\" content=\"M\u00e1y \u0111\u00f3ng g\u00f3i \u0111\u1ecbnh l\u01b0\u1ee3ng 4 bi\u00ean d\u1ea1ng c\u1ed1c \u0111ong 500 -1000 gram (TM\u0110G-I51) uy t\u00edn - Ch\u1ea5t l\u01b0\u1ee3ng cao - Cam k\u1ebft b\u1ea3o h\u00e0nh d\u00e0i h\u1ea1n - Li\u00ean h\u1ec7 \u0111\u1ec3 \u0111\u01b0\u1ee1 h\u1ed7 tr\u1ee3\" \/>\n<meta property=\"og:url\" content=\"https:\/\/cokhitanminh.com\/may-dong-goi\/may-dong-goi-dinh-luong-4-bien-dang-coc-dong-500-1000-gram-tmdg-i51\/\" \/>\n<meta property=\"og:site_name\" content=\"M\u00c1Y \u0110\u00d3NG G\u00d3I T\u00c2N MINH\" \/>\n<meta property=\"article:modified_time\" content=\"2022-01-10T10:22:28+00:00\" \/>\n<meta property=\"og:image\" content=\"https:\/\/cokhitanminh.com\/may-dong-goi\/wp-content\/uploads\/2021\/12\/may-dong-goi-dinh-luong-4-bien-dang-coc-dong-500-1000-gram-tmdg-i51-1-cokhitanminhcom.jpg\" \/>\n\t<meta property=\"og:image:width\" content=\"663\" \/>\n\t<meta property=\"og:image:height\" content=\"663\" \/>\n<meta name=\"twitter:card\" content=\"summary_large_image\" \/>\n<meta name=\"twitter:label1\" content=\"\u01af\u1edbc t\u00ednh th\u1eddi gian \u0111\u1ecdc\" \/>\n\t<meta name=\"twitter:data1\" content=\"2 ph\u00fat\" \/>\n<script type=\"application\/ld+json\" class=\"yoast-schema-graph\">{\"@context\":\"https:\/\/schema.org\",\"@graph\":[{\"@type\":\"WebSite\",\"@id\":\"https:\/\/cokhitanminh.com\/may-dong-goi\/#website\",\"url\":\"https:\/\/cokhitanminh.com\/may-dong-goi\/\",\"name\":\"M\\u00c1Y \\u0110\\u00d3NG G\\u00d3I T\\u00c2N MINH\",\"description\":\"Chuy\\u00ean gia m\\u00e1y \\u0111\\u00f3ng g\\u00f3i\",\"potentialAction\":[{\"@type\":\"SearchAction\",\"target\":{\"@type\":\"EntryPoint\",\"urlTemplate\":\"https:\/\/cokhitanminh.com\/may-dong-goi\/?s={search_term_string}\"},\"query-input\":\"required name=search_term_string\"}],\"inLanguage\":\"vi\"},{\"@type\":\"ImageObject\",\"@id\":\"https:\/\/cokhitanminh.com\/may-dong-goi\/may-dong-goi-dinh-luong-4-bien-dang-coc-dong-500-1000-gram-tmdg-i51\/#primaryimage\",\"inLanguage\":\"vi\",\"url\":\"https:\/\/cokhitanminh.com\/may-dong-goi\/wp-content\/uploads\/2021\/12\/may-dong-goi-dinh-luong-4-bien-dang-coc-dong-500-1000-gram-tmdg-i51-1-cokhitanminhcom.jpg\",\"contentUrl\":\"https:\/\/cokhitanminh.com\/may-dong-goi\/wp-content\/uploads\/2021\/12\/may-dong-goi-dinh-luong-4-bien-dang-coc-dong-500-1000-gram-tmdg-i51-1-cokhitanminhcom.jpg\",\"width\":663,\"height\":663,\"caption\":\"M\\u00c1Y \\u0110\\u00d3NG G\\u00d3I \\u0110\\u1ecaNH L\\u01af\\u1ee2NG 4 BI\\u00caN D\\u1ea0NG C\\u1ed0C \\u0110ONG 500 -1000 GRAM (TM\\u0110G-I51)\"},{\"@type\":\"WebPage\",\"@id\":\"https:\/\/cokhitanminh.com\/may-dong-goi\/may-dong-goi-dinh-luong-4-bien-dang-coc-dong-500-1000-gram-tmdg-i51\/#webpage\",\"url\":\"https:\/\/cokhitanminh.com\/may-dong-goi\/may-dong-goi-dinh-luong-4-bien-dang-coc-dong-500-1000-gram-tmdg-i51\/\",\"name\":\"M\\u00e1y \\u0111\\u00f3ng g\\u00f3i \\u0111\\u1ecbnh l\\u01b0\\u1ee3ng 4 bi\\u00ean d\\u1ea1ng c\\u1ed1c \\u0111ong 500 -1000 gram (TM\\u0110G-I51)\",\"isPartOf\":{\"@id\":\"https:\/\/cokhitanminh.com\/may-dong-goi\/#website\"},\"primaryImageOfPage\":{\"@id\":\"https:\/\/cokhitanminh.com\/may-dong-goi\/may-dong-goi-dinh-luong-4-bien-dang-coc-dong-500-1000-gram-tmdg-i51\/#primaryimage\"},\"datePublished\":\"2021-12-04T04:01:14+00:00\",\"dateModified\":\"2022-01-10T10:22:28+00:00\",\"description\":\"M\\u00e1y \\u0111\\u00f3ng g\\u00f3i \\u0111\\u1ecbnh l\\u01b0\\u1ee3ng 4 bi\\u00ean d\\u1ea1ng c\\u1ed1c \\u0111ong 500 -1000 gram (TM\\u0110G-I51) uy t\\u00edn - Ch\\u1ea5t l\\u01b0\\u1ee3ng cao - Cam k\\u1ebft b\\u1ea3o h\\u00e0nh d\\u00e0i h\\u1ea1n - Li\\u00ean h\\u1ec7 \\u0111\\u1ec3 \\u0111\\u01b0\\u1ee1 h\\u1ed7 tr\\u1ee3\",\"breadcrumb\":{\"@id\":\"https:\/\/cokhitanminh.com\/may-dong-goi\/may-dong-goi-dinh-luong-4-bien-dang-coc-dong-500-1000-gram-tmdg-i51\/#breadcrumb\"},\"inLanguage\":\"vi\",\"potentialAction\":[{\"@type\":\"ReadAction\",\"target\":[\"https:\/\/cokhitanminh.com\/may-dong-goi\/may-dong-goi-dinh-luong-4-bien-dang-coc-dong-500-1000-gram-tmdg-i51\/\"]}]},{\"@type\":\"BreadcrumbList\",\"@id\":\"https:\/\/cokhitanminh.com\/may-dong-goi\/may-dong-goi-dinh-luong-4-bien-dang-coc-dong-500-1000-gram-tmdg-i51\/#breadcrumb\",\"itemListElement\":[{\"@type\":\"ListItem\",\"position\":1,\"name\":\"Trang ch\\u1ee7\",\"item\":\"https:\/\/cokhitanminh.com\/may-dong-goi\/\"},{\"@type\":\"ListItem\",\"position\":2,\"name\":\"C\\u1eeda h\\u00e0ng\",\"item\":\"https:\/\/cokhitanminh.com\/may-dong-goi\/mua\/\"},{\"@type\":\"ListItem\",\"position\":3,\"name\":\"M\\u00e1y \\u0111\\u00f3ng g\\u00f3i \\u0111\\u1ecbnh l\\u01b0\\u1ee3ng 4 bi\\u00ean d\\u1ea1ng c\\u1ed1c \\u0111ong 500 -1000 gram (TM\\u0110G-I51)\"}]}]}<\/script>\n<!-- \/ Yoast SEO plugin. -->","yoast_head_json":{"title":"M\u00e1y \u0111\u00f3ng g\u00f3i \u0111\u1ecbnh l\u01b0\u1ee3ng 4 bi\u00ean d\u1ea1ng c\u1ed1c \u0111ong 500 -1000 gram (TM\u0110G-I51)","description":"M\u00e1y \u0111\u00f3ng g\u00f3i \u0111\u1ecbnh l\u01b0\u1ee3ng 4 bi\u00ean d\u1ea1ng c\u1ed1c \u0111ong 500 -1000 gram (TM\u0110G-I51) uy t\u00edn - Ch\u1ea5t l\u01b0\u1ee3ng cao - Cam k\u1ebft b\u1ea3o h\u00e0nh d\u00e0i h\u1ea1n - Li\u00ean h\u1ec7 \u0111\u1ec3 \u0111\u01b0\u1ee1 h\u1ed7 tr\u1ee3","robots":{"index":"index","follow":"follow","max-snippet":"max-snippet:-1","max-image-preview":"max-image-preview:large","max-video-preview":"max-video-preview:-1"},"canonical":"https:\/\/cokhitanminh.com\/may-dong-goi\/may-dong-goi-dinh-luong-4-bien-dang-coc-dong-500-1000-gram-tmdg-i51\/","og_locale":"vi_VN","og_type":"article","og_title":"M\u00e1y \u0111\u00f3ng g\u00f3i \u0111\u1ecbnh l\u01b0\u1ee3ng 4 bi\u00ean d\u1ea1ng c\u1ed1c \u0111ong 500 -1000 gram (TM\u0110G-I51)","og_description":"M\u00e1y \u0111\u00f3ng g\u00f3i \u0111\u1ecbnh l\u01b0\u1ee3ng 4 bi\u00ean d\u1ea1ng c\u1ed1c \u0111ong 500 -1000 gram (TM\u0110G-I51) uy t\u00edn - Ch\u1ea5t l\u01b0\u1ee3ng cao - Cam k\u1ebft b\u1ea3o h\u00e0nh d\u00e0i h\u1ea1n - Li\u00ean h\u1ec7 \u0111\u1ec3 \u0111\u01b0\u1ee1 h\u1ed7 tr\u1ee3","og_url":"https:\/\/cokhitanminh.com\/may-dong-goi\/may-dong-goi-dinh-luong-4-bien-dang-coc-dong-500-1000-gram-tmdg-i51\/","og_site_name":"M\u00c1Y \u0110\u00d3NG G\u00d3I T\u00c2N MINH","article_modified_time":"2022-01-10T10:22:28+00:00","og_image":[{"width":663,"height":663,"url":"https:\/\/cokhitanminh.com\/may-dong-goi\/wp-content\/uploads\/2021\/12\/may-dong-goi-dinh-luong-4-bien-dang-coc-dong-500-1000-gram-tmdg-i51-1-cokhitanminhcom.jpg","type":"image\/jpeg"}],"twitter_card":"summary_large_image","twitter_misc":{"\u01af\u1edbc t\u00ednh th\u1eddi gian \u0111\u1ecdc":"2 ph\u00fat"},"schema":{"@context":"https:\/\/schema.org","@graph":[{"@type":"WebSite","@id":"https:\/\/cokhitanminh.com\/may-dong-goi\/#website","url":"https:\/\/cokhitanminh.com\/may-dong-goi\/","name":"M\u00c1Y \u0110\u00d3NG G\u00d3I T\u00c2N MINH","description":"Chuy\u00ean gia m\u00e1y \u0111\u00f3ng g\u00f3i","potentialAction":[{"@type":"SearchAction","target":{"@type":"EntryPoint","urlTemplate":"https:\/\/cokhitanminh.com\/may-dong-goi\/?s={search_term_string}"},"query-input":"required name=search_term_string"}],"inLanguage":"vi"},{"@type":"ImageObject","@id":"https:\/\/cokhitanminh.com\/may-dong-goi\/may-dong-goi-dinh-luong-4-bien-dang-coc-dong-500-1000-gram-tmdg-i51\/#primaryimage","inLanguage":"vi","url":"https:\/\/cokhitanminh.com\/may-dong-goi\/wp-content\/uploads\/2021\/12\/may-dong-goi-dinh-luong-4-bien-dang-coc-dong-500-1000-gram-tmdg-i51-1-cokhitanminhcom.jpg","contentUrl":"https:\/\/cokhitanminh.com\/may-dong-goi\/wp-content\/uploads\/2021\/12\/may-dong-goi-dinh-luong-4-bien-dang-coc-dong-500-1000-gram-tmdg-i51-1-cokhitanminhcom.jpg","width":663,"height":663,"caption":"M\u00c1Y \u0110\u00d3NG G\u00d3I \u0110\u1ecaNH L\u01af\u1ee2NG 4 BI\u00caN D\u1ea0NG C\u1ed0C \u0110ONG 500 -1000 GRAM (TM\u0110G-I51)"},{"@type":"WebPage","@id":"https:\/\/cokhitanminh.com\/may-dong-goi\/may-dong-goi-dinh-luong-4-bien-dang-coc-dong-500-1000-gram-tmdg-i51\/#webpage","url":"https:\/\/cokhitanminh.com\/may-dong-goi\/may-dong-goi-dinh-luong-4-bien-dang-coc-dong-500-1000-gram-tmdg-i51\/","name":"M\u00e1y \u0111\u00f3ng g\u00f3i \u0111\u1ecbnh l\u01b0\u1ee3ng 4 bi\u00ean d\u1ea1ng c\u1ed1c \u0111ong 500 -1000 gram (TM\u0110G-I51)","isPartOf":{"@id":"https:\/\/cokhitanminh.com\/may-dong-goi\/#website"},"primaryImageOfPage":{"@id":"https:\/\/cokhitanminh.com\/may-dong-goi\/may-dong-goi-dinh-luong-4-bien-dang-coc-dong-500-1000-gram-tmdg-i51\/#primaryimage"},"datePublished":"2021-12-04T04:01:14+00:00","dateModified":"2022-01-10T10:22:28+00:00","description":"M\u00e1y \u0111\u00f3ng g\u00f3i \u0111\u1ecbnh l\u01b0\u1ee3ng 4 bi\u00ean d\u1ea1ng c\u1ed1c \u0111ong 500 -1000 gram (TM\u0110G-I51) uy t\u00edn - Ch\u1ea5t l\u01b0\u1ee3ng cao - Cam k\u1ebft b\u1ea3o h\u00e0nh d\u00e0i h\u1ea1n - Li\u00ean h\u1ec7 \u0111\u1ec3 \u0111\u01b0\u1ee1 h\u1ed7 tr\u1ee3","breadcrumb":{"@id":"https:\/\/cokhitanminh.com\/may-dong-goi\/may-dong-goi-dinh-luong-4-bien-dang-coc-dong-500-1000-gram-tmdg-i51\/#breadcrumb"},"inLanguage":"vi","potentialAction":[{"@type":"ReadAction","target":["https:\/\/cokhitanminh.com\/may-dong-goi\/may-dong-goi-dinh-luong-4-bien-dang-coc-dong-500-1000-gram-tmdg-i51\/"]}]},{"@type":"BreadcrumbList","@id":"https:\/\/cokhitanminh.com\/may-dong-goi\/may-dong-goi-dinh-luong-4-bien-dang-coc-dong-500-1000-gram-tmdg-i51\/#breadcrumb","itemListElement":[{"@type":"ListItem","position":1,"name":"Trang ch\u1ee7","item":"https:\/\/cokhitanminh.com\/may-dong-goi\/"},{"@type":"ListItem","position":2,"name":"C\u1eeda h\u00e0ng","item":"https:\/\/cokhitanminh.com\/may-dong-goi\/mua\/"},{"@type":"ListItem","position":3,"name":"M\u00e1y \u0111\u00f3ng g\u00f3i \u0111\u1ecbnh l\u01b0\u1ee3ng 4 bi\u00ean d\u1ea1ng c\u1ed1c \u0111ong 500 -1000 gram (TM\u0110G-I51)"}]}]}},"_links":{"self":[{"href":"https:\/\/cokhitanminh.com\/may-dong-goi\/wp-json\/wp\/v2\/product\/3614","targetHints":{"allow":["GET"]}}],"collection":[{"href":"https:\/\/cokhitanminh.com\/may-dong-goi\/wp-json\/wp\/v2\/product"}],"about":[{"href":"https:\/\/cokhitanminh.com\/may-dong-goi\/wp-json\/wp\/v2\/types\/product"}],"replies":[{"embeddable":true,"href":"https:\/\/cokhitanminh.com\/may-dong-goi\/wp-json\/wp\/v2\/comments?post=3614"}],"wp:featuredmedia":[{"embeddable":true,"href":"https:\/\/cokhitanminh.com\/may-dong-goi\/wp-json\/wp\/v2\/media\/4211"}],"wp:attachment":[{"href":"https:\/\/cokhitanminh.com\/may-dong-goi\/wp-json\/wp\/v2\/media?parent=3614"}],"curies":[{"name":"wp","href":"https:\/\/api.w.org\/{rel}","templated":true}]}}