{"id":3419,"date":"2021-12-04T03:55:01","date_gmt":"2021-12-04T03:55:01","guid":{"rendered":"https:\/\/cokhitanminh.com\/may-dong-goi\/?post_type=product&#038;p=3419"},"modified":"2021-12-29T07:27:20","modified_gmt":"2021-12-29T07:27:20","slug":"may-co-mang-bs-400-x-200-co-dong-ho-bao-nhiet-dang-luoi-tmdg-b36","status":"publish","type":"product","link":"https:\/\/cokhitanminh.com\/may-dong-goi\/may-co-mang-bs-400-x-200-co-dong-ho-bao-nhiet-dang-luoi-tmdg-b36\/","title":{"rendered":"M\u00e1y co m\u00e0ng BS 400 x 200 (c\u00f3 \u0111\u1ed3ng h\u1ed3 b\u00e1o nhi\u1ec7t) d\u1ea1ng l\u01b0\u1edbi (TM\u0110G-B36)"},"content":{"rendered":"<h3><a href=\"https:\/\/cokhitanminh.com\/may-dong-goi\/may-co-mang-bs-400-x-200-co-dong-ho-bao-nhiet-dang-luoi-tmdg-b36\/\"><strong><em>M\u00e1y co m\u00e0ng BS 400 x 200 (c\u00f3 \u0111\u1ed3ng h\u1ed3 b\u00e1o nhi\u1ec7t) d\u1ea1ng l\u01b0\u1edbi<\/em><\/strong><\/a>\u00a0(TM\u0110G-B36)<\/h3>\n<p><strong><em>M\u00e1y co m\u00e0ng BS 400 x 200 (c\u00f3 \u0111\u1ed3ng h\u1ed3 b\u00e1o nhi\u1ec7t) d\u1ea1ng l\u01b0\u1edbi<\/em><\/strong> (TM\u0110G-B36) \u0111\u01b0\u1ee3c nghi\u00ean c\u1ee9u s\u1ea3n xu\u1ea5t v\u00e0 ph\u00e2n ph\u1ed1i tr\u00ean to\u00e0n qu\u1ed1c. T\u1ea5t c\u1ea3 c\u00e1c s\u1ea3n ph\u1ea9m c\u1ee7a ch\u00fang t\u00f4i \u0111\u1ec1u \u0111\u01b0\u1ee3c ki\u1ec3m tra k\u1ef9 l\u01b0\u1ee1ng v\u00e0 v\u1eadn h\u00e0nh th\u1ef1c t\u1ebf \u0111\u1ec3 lu\u00f4n \u0111\u1ea3m b\u1ea3o ch\u1ea5t l\u01b0\u1ee3ng t\u1ed1t nh\u1ea5t tr\u01b0\u1edbc khi b\u00e0n giao thi\u1ebft b\u1ecb cho kh\u00e1ch h\u00e0ng.<\/p>\n<p><strong>Th\u00f4ng s\u1ed1 k\u1ef9 thu\u1eadt:<\/strong><\/p>\n<p>\u2013 Model: TM\u0110G-B36<\/p>\n<p>\u2013 \u0110i\u1ec7n \u00e1p: 220v ho\u1eb7c 380v<\/p>\n<p>\u2013 C\u00f4ng su\u1ea5t: 6,5 Kw<\/p>\n<p>\u2013 Nhi\u1ec7t \u0111\u1ed9: T\u1eeb 0 \u2013 300 \u0111\u1ed9 C<\/p>\n<p>\u2013 T\u1ed1c \u0111\u1ed9: 0 \u2013 10 m\/ph\u00fat<\/p>\n<p>\u2013 Lo\u1ea1i m\u00e0ng \u00e1p d\u1ee5ng: PVC, PC, POF<\/p>\n<p>\u2013 K\u00edch th\u01b0\u1edbc c\u1eeda bu\u1ed3ng co: 400 x 200 mm<\/p>\n<p>\u2013 K\u00edch th\u01b0\u1edbc m\u00e1y: 1120 x 570 x 570 mm<\/p>\n<p>\u2013 Tr\u1ecdng l\u01b0\u1ee3ng m\u00e1y: kho\u1ea3ng 58 kg<\/p>\n<p>\u2013 B\u1ea3o h\u00e0nh: 12 th\u00e1ng<\/p>\n<p><strong>H\u00ecnh \u1ea3nh s\u1ea3n ph\u1ea9m:<\/strong><\/p>\n<p><a href=\"https:\/\/cokhitanminh.com\/may-dong-goi\/wp-content\/uploads\/2021\/12\/may-co-mang-bs-400-x-200-co-dong-ho-bao-nhiet-dang-luoi-tmdg-b36-2-cokhitanminhcommdg.jpg\"><img loading=\"lazy\" decoding=\"async\" class=\"size-full wp-image-6475 aligncenter\" src=\"https:\/\/cokhitanminh.com\/may-dong-goi\/wp-content\/uploads\/2021\/12\/may-co-mang-bs-400-x-200-co-dong-ho-bao-nhiet-dang-luoi-tmdg-b36-2-cokhitanminhcommdg.jpg\" alt=\"\" width=\"550\" height=\"413\" srcset=\"https:\/\/cokhitanminh.com\/may-dong-goi\/wp-content\/uploads\/2021\/12\/may-co-mang-bs-400-x-200-co-dong-ho-bao-nhiet-dang-luoi-tmdg-b36-2-cokhitanminhcommdg.jpg 550w, https:\/\/cokhitanminh.com\/may-dong-goi\/wp-content\/uploads\/2021\/12\/may-co-mang-bs-400-x-200-co-dong-ho-bao-nhiet-dang-luoi-tmdg-b36-2-cokhitanminhcommdg-300x225.jpg 300w\" sizes=\"auto, (max-width: 550px) 100vw, 550px\" \/><\/a><\/p>\n<p><a href=\"https:\/\/cokhitanminh.com\/may-dong-goi\/wp-content\/uploads\/2021\/12\/may-co-mang-bs-400-x-200-co-dong-ho-bao-nhiet-dang-luoi-tmdg-b36-3-cokhitanminhcommdg.jpg\"><img loading=\"lazy\" decoding=\"async\" class=\"size-large wp-image-6476 aligncenter\" src=\"https:\/\/cokhitanminh.com\/may-dong-goi\/wp-content\/uploads\/2021\/12\/may-co-mang-bs-400-x-200-co-dong-ho-bao-nhiet-dang-luoi-tmdg-b36-3-cokhitanminhcommdg.jpg\" alt=\"\" width=\"550\" height=\"413\" srcset=\"https:\/\/cokhitanminh.com\/may-dong-goi\/wp-content\/uploads\/2021\/12\/may-co-mang-bs-400-x-200-co-dong-ho-bao-nhiet-dang-luoi-tmdg-b36-3-cokhitanminhcommdg.jpg 550w, https:\/\/cokhitanminh.com\/may-dong-goi\/wp-content\/uploads\/2021\/12\/may-co-mang-bs-400-x-200-co-dong-ho-bao-nhiet-dang-luoi-tmdg-b36-3-cokhitanminhcommdg-300x225.jpg 300w\" sizes=\"auto, (max-width: 550px) 100vw, 550px\" \/><\/a><\/p>\n<p><a href=\"https:\/\/cokhitanminh.com\/may-dong-goi\/wp-content\/uploads\/2021\/12\/may-co-mang-bs-400-x-200-co-dong-ho-bao-nhiet-dang-luoi-tmdg-b36-4-cokhitanminhcommdg.jpg\"><img loading=\"lazy\" decoding=\"async\" class=\"size-large wp-image-6477 aligncenter\" src=\"https:\/\/cokhitanminh.com\/may-dong-goi\/wp-content\/uploads\/2021\/12\/may-co-mang-bs-400-x-200-co-dong-ho-bao-nhiet-dang-luoi-tmdg-b36-4-cokhitanminhcommdg.jpg\" alt=\"\" width=\"550\" height=\"413\" srcset=\"https:\/\/cokhitanminh.com\/may-dong-goi\/wp-content\/uploads\/2021\/12\/may-co-mang-bs-400-x-200-co-dong-ho-bao-nhiet-dang-luoi-tmdg-b36-4-cokhitanminhcommdg.jpg 550w, https:\/\/cokhitanminh.com\/may-dong-goi\/wp-content\/uploads\/2021\/12\/may-co-mang-bs-400-x-200-co-dong-ho-bao-nhiet-dang-luoi-tmdg-b36-4-cokhitanminhcommdg-300x225.jpg 300w\" sizes=\"auto, (max-width: 550px) 100vw, 550px\" \/><\/a><\/p>\n<p><a href=\"https:\/\/cokhitanminh.com\/may-dong-goi\/wp-content\/uploads\/2021\/12\/may-co-mang-bs-400-x-200-co-dong-ho-bao-nhiet-dang-luoi-tmdg-b36-5-cokhitanminhcommdg.jpg\"><img loading=\"lazy\" decoding=\"async\" class=\"size-large wp-image-6478 aligncenter\" src=\"https:\/\/cokhitanminh.com\/may-dong-goi\/wp-content\/uploads\/2021\/12\/may-co-mang-bs-400-x-200-co-dong-ho-bao-nhiet-dang-luoi-tmdg-b36-5-cokhitanminhcommdg.jpg\" alt=\"\" width=\"550\" height=\"413\" srcset=\"https:\/\/cokhitanminh.com\/may-dong-goi\/wp-content\/uploads\/2021\/12\/may-co-mang-bs-400-x-200-co-dong-ho-bao-nhiet-dang-luoi-tmdg-b36-5-cokhitanminhcommdg.jpg 550w, https:\/\/cokhitanminh.com\/may-dong-goi\/wp-content\/uploads\/2021\/12\/may-co-mang-bs-400-x-200-co-dong-ho-bao-nhiet-dang-luoi-tmdg-b36-5-cokhitanminhcommdg-300x225.jpg 300w\" sizes=\"auto, (max-width: 550px) 100vw, 550px\" \/><\/a><\/p>\n<p><a href=\"https:\/\/cokhitanminh.com\/may-dong-goi\/wp-content\/uploads\/2021\/12\/may-co-mang-bs-400-x-200-co-dong-ho-bao-nhiet-dang-luoi-tmdg-b36-6-cokhitanminhcommdg.jpg\"><img loading=\"lazy\" decoding=\"async\" class=\"size-large wp-image-6479 aligncenter\" src=\"https:\/\/cokhitanminh.com\/may-dong-goi\/wp-content\/uploads\/2021\/12\/may-co-mang-bs-400-x-200-co-dong-ho-bao-nhiet-dang-luoi-tmdg-b36-6-cokhitanminhcommdg.jpg\" alt=\"\" width=\"550\" height=\"413\" srcset=\"https:\/\/cokhitanminh.com\/may-dong-goi\/wp-content\/uploads\/2021\/12\/may-co-mang-bs-400-x-200-co-dong-ho-bao-nhiet-dang-luoi-tmdg-b36-6-cokhitanminhcommdg.jpg 550w, https:\/\/cokhitanminh.com\/may-dong-goi\/wp-content\/uploads\/2021\/12\/may-co-mang-bs-400-x-200-co-dong-ho-bao-nhiet-dang-luoi-tmdg-b36-6-cokhitanminhcommdg-300x225.jpg 300w\" sizes=\"auto, (max-width: 550px) 100vw, 550px\" \/><\/a><\/p>\n<p>Xem th\u00eam:\u00a0<strong><em>M\u00e1y co m\u00e0ng BS 400 x 200 (c\u00f3 \u0111\u1ed3ng h\u1ed3 b\u00e1o nhi\u1ec7t) d\u1ea1ng l\u01b0\u1edbi<\/em><\/strong>\u00a0(TM\u0110G-B36)<\/p>\n","protected":false},"excerpt":{"rendered":"<p>M\u00e1y co m\u00e0ng BS 400 x 200 (c\u00f3 \u0111\u1ed3ng h\u1ed3 b\u00e1o nhi\u1ec7t) d\u1ea1ng l\u01b0\u1edbi\u00a0(TM\u0110G-B36) M\u00e1y co m\u00e0ng BS 400 x 200 (c\u00f3 \u0111\u1ed3ng h\u1ed3 b\u00e1o nhi\u1ec7t) d\u1ea1ng l\u01b0\u1edbi (TM\u0110G-B36) \u0111\u01b0\u1ee3c nghi\u00ean c\u1ee9u s\u1ea3n xu\u1ea5t v\u00e0 ph\u00e2n ph\u1ed1i tr\u00ean to\u00e0n qu\u1ed1c. T\u1ea5t c\u1ea3 c\u00e1c s\u1ea3n ph\u1ea9m c\u1ee7a ch\u00fang t\u00f4i \u0111\u1ec1u \u0111\u01b0\u1ee3c ki\u1ec3m tra k\u1ef9 l\u01b0\u1ee1ng v\u00e0 &#8230;<\/p>\n","protected":false},"featured_media":6480,"comment_status":"open","ping_status":"closed","template":"","meta":[],"class_list":{"0":"post-3419","1":"product","2":"type-product","3":"status-publish","4":"has-post-thumbnail","6":"product_cat-may-co-cat-mang-ep-mang","8":"first","9":"instock","10":"shipping-taxable","11":"purchasable","12":"product-type-simple"},"brands":[],"yoast_head":"<!-- This site is optimized with the Yoast SEO plugin v17.6 - https:\/\/yoast.com\/wordpress\/plugins\/seo\/ -->\n<title>M\u00e1y co m\u00e0ng BS 400 x 200 (c\u00f3 \u0111\u1ed3ng h\u1ed3 b\u00e1o nhi\u1ec7t) d\u1ea1ng l\u01b0\u1edbi (TM\u0110G-B36)<\/title>\n<meta name=\"description\" content=\"M\u00e1y co m\u00e0ng BS 400 x 200 (c\u00f3 \u0111\u1ed3ng h\u1ed3 b\u00e1o nhi\u1ec7t) d\u1ea1ng l\u01b0\u1edbi\u00a0(TM\u0110G-B36) - ch\u1ea5t l\u01b0\u1ee3ng cao - Chi ti\u1ebft xin vui l\u00f2ng li\u00ean h\u1ec7 hotline 1900.2861 - 0967.68.69.11\" \/>\n<meta name=\"robots\" content=\"index, follow, max-snippet:-1, max-image-preview:large, max-video-preview:-1\" \/>\n<link rel=\"canonical\" href=\"https:\/\/cokhitanminh.com\/may-dong-goi\/may-co-mang-bs-400-x-200-co-dong-ho-bao-nhiet-dang-luoi-tmdg-b36\/\" \/>\n<meta property=\"og:locale\" content=\"vi_VN\" \/>\n<meta property=\"og:type\" content=\"article\" \/>\n<meta property=\"og:title\" content=\"M\u00e1y co m\u00e0ng BS 400 x 200 (c\u00f3 \u0111\u1ed3ng h\u1ed3 b\u00e1o nhi\u1ec7t) d\u1ea1ng l\u01b0\u1edbi (TM\u0110G-B36)\" \/>\n<meta property=\"og:description\" content=\"M\u00e1y co m\u00e0ng BS 400 x 200 (c\u00f3 \u0111\u1ed3ng h\u1ed3 b\u00e1o nhi\u1ec7t) d\u1ea1ng l\u01b0\u1edbi\u00a0(TM\u0110G-B36) - ch\u1ea5t l\u01b0\u1ee3ng cao - Chi ti\u1ebft xin vui l\u00f2ng li\u00ean h\u1ec7 hotline 1900.2861 - 0967.68.69.11\" \/>\n<meta property=\"og:url\" content=\"https:\/\/cokhitanminh.com\/may-dong-goi\/may-co-mang-bs-400-x-200-co-dong-ho-bao-nhiet-dang-luoi-tmdg-b36\/\" \/>\n<meta property=\"og:site_name\" content=\"M\u00c1Y \u0110\u00d3NG G\u00d3I T\u00c2N MINH\" \/>\n<meta property=\"article:modified_time\" content=\"2021-12-29T07:27:20+00:00\" \/>\n<meta property=\"og:image\" content=\"https:\/\/cokhitanminh.com\/may-dong-goi\/wp-content\/uploads\/2021\/12\/may-co-mang-bs-400-x-200-co-dong-ho-bao-nhiet-dang-luoi-tmdg-b36-1-cokhitanminhcommdg.jpg\" \/>\n\t<meta property=\"og:image:width\" content=\"497\" \/>\n\t<meta property=\"og:image:height\" content=\"497\" \/>\n<meta name=\"twitter:card\" content=\"summary_large_image\" \/>\n<meta name=\"twitter:label1\" content=\"\u01af\u1edbc t\u00ednh th\u1eddi gian \u0111\u1ecdc\" \/>\n\t<meta name=\"twitter:data1\" content=\"1 ph\u00fat\" \/>\n<script type=\"application\/ld+json\" class=\"yoast-schema-graph\">{\"@context\":\"https:\/\/schema.org\",\"@graph\":[{\"@type\":\"WebSite\",\"@id\":\"https:\/\/cokhitanminh.com\/may-dong-goi\/#website\",\"url\":\"https:\/\/cokhitanminh.com\/may-dong-goi\/\",\"name\":\"M\\u00c1Y \\u0110\\u00d3NG G\\u00d3I T\\u00c2N MINH\",\"description\":\"Chuy\\u00ean gia m\\u00e1y \\u0111\\u00f3ng g\\u00f3i\",\"potentialAction\":[{\"@type\":\"SearchAction\",\"target\":{\"@type\":\"EntryPoint\",\"urlTemplate\":\"https:\/\/cokhitanminh.com\/may-dong-goi\/?s={search_term_string}\"},\"query-input\":\"required name=search_term_string\"}],\"inLanguage\":\"vi\"},{\"@type\":\"ImageObject\",\"@id\":\"https:\/\/cokhitanminh.com\/may-dong-goi\/may-co-mang-bs-400-x-200-co-dong-ho-bao-nhiet-dang-luoi-tmdg-b36\/#primaryimage\",\"inLanguage\":\"vi\",\"url\":\"https:\/\/cokhitanminh.com\/may-dong-goi\/wp-content\/uploads\/2021\/12\/may-co-mang-bs-400-x-200-co-dong-ho-bao-nhiet-dang-luoi-tmdg-b36-1-cokhitanminhcommdg.jpg\",\"contentUrl\":\"https:\/\/cokhitanminh.com\/may-dong-goi\/wp-content\/uploads\/2021\/12\/may-co-mang-bs-400-x-200-co-dong-ho-bao-nhiet-dang-luoi-tmdg-b36-1-cokhitanminhcommdg.jpg\",\"width\":497,\"height\":497,\"caption\":\"M\\u00c1Y CO M\\u00c0NG BS 400 X 200 (C\\u00d3 \\u0110\\u1ed2NG H\\u1ed2 B\\u00c1O NHI\\u1ec6T) D\\u1ea0NG L\\u01af\\u1edaI (TM\\u0110G-B36)\"},{\"@type\":\"WebPage\",\"@id\":\"https:\/\/cokhitanminh.com\/may-dong-goi\/may-co-mang-bs-400-x-200-co-dong-ho-bao-nhiet-dang-luoi-tmdg-b36\/#webpage\",\"url\":\"https:\/\/cokhitanminh.com\/may-dong-goi\/may-co-mang-bs-400-x-200-co-dong-ho-bao-nhiet-dang-luoi-tmdg-b36\/\",\"name\":\"M\\u00e1y co m\\u00e0ng BS 400 x 200 (c\\u00f3 \\u0111\\u1ed3ng h\\u1ed3 b\\u00e1o nhi\\u1ec7t) d\\u1ea1ng l\\u01b0\\u1edbi (TM\\u0110G-B36)\",\"isPartOf\":{\"@id\":\"https:\/\/cokhitanminh.com\/may-dong-goi\/#website\"},\"primaryImageOfPage\":{\"@id\":\"https:\/\/cokhitanminh.com\/may-dong-goi\/may-co-mang-bs-400-x-200-co-dong-ho-bao-nhiet-dang-luoi-tmdg-b36\/#primaryimage\"},\"datePublished\":\"2021-12-04T03:55:01+00:00\",\"dateModified\":\"2021-12-29T07:27:20+00:00\",\"description\":\"M\\u00e1y co m\\u00e0ng BS 400 x 200 (c\\u00f3 \\u0111\\u1ed3ng h\\u1ed3 b\\u00e1o nhi\\u1ec7t) d\\u1ea1ng l\\u01b0\\u1edbi\\u00a0(TM\\u0110G-B36) - ch\\u1ea5t l\\u01b0\\u1ee3ng cao - Chi ti\\u1ebft xin vui l\\u00f2ng li\\u00ean h\\u1ec7 hotline 1900.2861 - 0967.68.69.11\",\"breadcrumb\":{\"@id\":\"https:\/\/cokhitanminh.com\/may-dong-goi\/may-co-mang-bs-400-x-200-co-dong-ho-bao-nhiet-dang-luoi-tmdg-b36\/#breadcrumb\"},\"inLanguage\":\"vi\",\"potentialAction\":[{\"@type\":\"ReadAction\",\"target\":[\"https:\/\/cokhitanminh.com\/may-dong-goi\/may-co-mang-bs-400-x-200-co-dong-ho-bao-nhiet-dang-luoi-tmdg-b36\/\"]}]},{\"@type\":\"BreadcrumbList\",\"@id\":\"https:\/\/cokhitanminh.com\/may-dong-goi\/may-co-mang-bs-400-x-200-co-dong-ho-bao-nhiet-dang-luoi-tmdg-b36\/#breadcrumb\",\"itemListElement\":[{\"@type\":\"ListItem\",\"position\":1,\"name\":\"Trang ch\\u1ee7\",\"item\":\"https:\/\/cokhitanminh.com\/may-dong-goi\/\"},{\"@type\":\"ListItem\",\"position\":2,\"name\":\"C\\u1eeda h\\u00e0ng\",\"item\":\"https:\/\/cokhitanminh.com\/may-dong-goi\/mua\/\"},{\"@type\":\"ListItem\",\"position\":3,\"name\":\"M\\u00e1y co m\\u00e0ng BS 400 x 200 (c\\u00f3 \\u0111\\u1ed3ng h\\u1ed3 b\\u00e1o nhi\\u1ec7t) d\\u1ea1ng l\\u01b0\\u1edbi (TM\\u0110G-B36)\"}]}]}<\/script>\n<!-- \/ Yoast SEO plugin. -->","yoast_head_json":{"title":"M\u00e1y co m\u00e0ng BS 400 x 200 (c\u00f3 \u0111\u1ed3ng h\u1ed3 b\u00e1o nhi\u1ec7t) d\u1ea1ng l\u01b0\u1edbi (TM\u0110G-B36)","description":"M\u00e1y co m\u00e0ng BS 400 x 200 (c\u00f3 \u0111\u1ed3ng h\u1ed3 b\u00e1o nhi\u1ec7t) d\u1ea1ng l\u01b0\u1edbi\u00a0(TM\u0110G-B36) - ch\u1ea5t l\u01b0\u1ee3ng cao - Chi ti\u1ebft xin vui l\u00f2ng li\u00ean h\u1ec7 hotline 1900.2861 - 0967.68.69.11","robots":{"index":"index","follow":"follow","max-snippet":"max-snippet:-1","max-image-preview":"max-image-preview:large","max-video-preview":"max-video-preview:-1"},"canonical":"https:\/\/cokhitanminh.com\/may-dong-goi\/may-co-mang-bs-400-x-200-co-dong-ho-bao-nhiet-dang-luoi-tmdg-b36\/","og_locale":"vi_VN","og_type":"article","og_title":"M\u00e1y co m\u00e0ng BS 400 x 200 (c\u00f3 \u0111\u1ed3ng h\u1ed3 b\u00e1o nhi\u1ec7t) d\u1ea1ng l\u01b0\u1edbi (TM\u0110G-B36)","og_description":"M\u00e1y co m\u00e0ng BS 400 x 200 (c\u00f3 \u0111\u1ed3ng h\u1ed3 b\u00e1o nhi\u1ec7t) d\u1ea1ng l\u01b0\u1edbi\u00a0(TM\u0110G-B36) - ch\u1ea5t l\u01b0\u1ee3ng cao - Chi ti\u1ebft xin vui l\u00f2ng li\u00ean h\u1ec7 hotline 1900.2861 - 0967.68.69.11","og_url":"https:\/\/cokhitanminh.com\/may-dong-goi\/may-co-mang-bs-400-x-200-co-dong-ho-bao-nhiet-dang-luoi-tmdg-b36\/","og_site_name":"M\u00c1Y \u0110\u00d3NG G\u00d3I T\u00c2N MINH","article_modified_time":"2021-12-29T07:27:20+00:00","og_image":[{"width":497,"height":497,"url":"https:\/\/cokhitanminh.com\/may-dong-goi\/wp-content\/uploads\/2021\/12\/may-co-mang-bs-400-x-200-co-dong-ho-bao-nhiet-dang-luoi-tmdg-b36-1-cokhitanminhcommdg.jpg","type":"image\/jpeg"}],"twitter_card":"summary_large_image","twitter_misc":{"\u01af\u1edbc t\u00ednh th\u1eddi gian \u0111\u1ecdc":"1 ph\u00fat"},"schema":{"@context":"https:\/\/schema.org","@graph":[{"@type":"WebSite","@id":"https:\/\/cokhitanminh.com\/may-dong-goi\/#website","url":"https:\/\/cokhitanminh.com\/may-dong-goi\/","name":"M\u00c1Y \u0110\u00d3NG G\u00d3I T\u00c2N MINH","description":"Chuy\u00ean gia m\u00e1y \u0111\u00f3ng g\u00f3i","potentialAction":[{"@type":"SearchAction","target":{"@type":"EntryPoint","urlTemplate":"https:\/\/cokhitanminh.com\/may-dong-goi\/?s={search_term_string}"},"query-input":"required name=search_term_string"}],"inLanguage":"vi"},{"@type":"ImageObject","@id":"https:\/\/cokhitanminh.com\/may-dong-goi\/may-co-mang-bs-400-x-200-co-dong-ho-bao-nhiet-dang-luoi-tmdg-b36\/#primaryimage","inLanguage":"vi","url":"https:\/\/cokhitanminh.com\/may-dong-goi\/wp-content\/uploads\/2021\/12\/may-co-mang-bs-400-x-200-co-dong-ho-bao-nhiet-dang-luoi-tmdg-b36-1-cokhitanminhcommdg.jpg","contentUrl":"https:\/\/cokhitanminh.com\/may-dong-goi\/wp-content\/uploads\/2021\/12\/may-co-mang-bs-400-x-200-co-dong-ho-bao-nhiet-dang-luoi-tmdg-b36-1-cokhitanminhcommdg.jpg","width":497,"height":497,"caption":"M\u00c1Y CO M\u00c0NG BS 400 X 200 (C\u00d3 \u0110\u1ed2NG H\u1ed2 B\u00c1O NHI\u1ec6T) D\u1ea0NG L\u01af\u1edaI (TM\u0110G-B36)"},{"@type":"WebPage","@id":"https:\/\/cokhitanminh.com\/may-dong-goi\/may-co-mang-bs-400-x-200-co-dong-ho-bao-nhiet-dang-luoi-tmdg-b36\/#webpage","url":"https:\/\/cokhitanminh.com\/may-dong-goi\/may-co-mang-bs-400-x-200-co-dong-ho-bao-nhiet-dang-luoi-tmdg-b36\/","name":"M\u00e1y co m\u00e0ng BS 400 x 200 (c\u00f3 \u0111\u1ed3ng h\u1ed3 b\u00e1o nhi\u1ec7t) d\u1ea1ng l\u01b0\u1edbi (TM\u0110G-B36)","isPartOf":{"@id":"https:\/\/cokhitanminh.com\/may-dong-goi\/#website"},"primaryImageOfPage":{"@id":"https:\/\/cokhitanminh.com\/may-dong-goi\/may-co-mang-bs-400-x-200-co-dong-ho-bao-nhiet-dang-luoi-tmdg-b36\/#primaryimage"},"datePublished":"2021-12-04T03:55:01+00:00","dateModified":"2021-12-29T07:27:20+00:00","description":"M\u00e1y co m\u00e0ng BS 400 x 200 (c\u00f3 \u0111\u1ed3ng h\u1ed3 b\u00e1o nhi\u1ec7t) d\u1ea1ng l\u01b0\u1edbi\u00a0(TM\u0110G-B36) - ch\u1ea5t l\u01b0\u1ee3ng cao - Chi ti\u1ebft xin vui l\u00f2ng li\u00ean h\u1ec7 hotline 1900.2861 - 0967.68.69.11","breadcrumb":{"@id":"https:\/\/cokhitanminh.com\/may-dong-goi\/may-co-mang-bs-400-x-200-co-dong-ho-bao-nhiet-dang-luoi-tmdg-b36\/#breadcrumb"},"inLanguage":"vi","potentialAction":[{"@type":"ReadAction","target":["https:\/\/cokhitanminh.com\/may-dong-goi\/may-co-mang-bs-400-x-200-co-dong-ho-bao-nhiet-dang-luoi-tmdg-b36\/"]}]},{"@type":"BreadcrumbList","@id":"https:\/\/cokhitanminh.com\/may-dong-goi\/may-co-mang-bs-400-x-200-co-dong-ho-bao-nhiet-dang-luoi-tmdg-b36\/#breadcrumb","itemListElement":[{"@type":"ListItem","position":1,"name":"Trang ch\u1ee7","item":"https:\/\/cokhitanminh.com\/may-dong-goi\/"},{"@type":"ListItem","position":2,"name":"C\u1eeda h\u00e0ng","item":"https:\/\/cokhitanminh.com\/may-dong-goi\/mua\/"},{"@type":"ListItem","position":3,"name":"M\u00e1y co m\u00e0ng BS 400 x 200 (c\u00f3 \u0111\u1ed3ng h\u1ed3 b\u00e1o nhi\u1ec7t) d\u1ea1ng l\u01b0\u1edbi (TM\u0110G-B36)"}]}]}},"_links":{"self":[{"href":"https:\/\/cokhitanminh.com\/may-dong-goi\/wp-json\/wp\/v2\/product\/3419","targetHints":{"allow":["GET"]}}],"collection":[{"href":"https:\/\/cokhitanminh.com\/may-dong-goi\/wp-json\/wp\/v2\/product"}],"about":[{"href":"https:\/\/cokhitanminh.com\/may-dong-goi\/wp-json\/wp\/v2\/types\/product"}],"replies":[{"embeddable":true,"href":"https:\/\/cokhitanminh.com\/may-dong-goi\/wp-json\/wp\/v2\/comments?post=3419"}],"wp:featuredmedia":[{"embeddable":true,"href":"https:\/\/cokhitanminh.com\/may-dong-goi\/wp-json\/wp\/v2\/media\/6480"}],"wp:attachment":[{"href":"https:\/\/cokhitanminh.com\/may-dong-goi\/wp-json\/wp\/v2\/media?parent=3419"}],"curies":[{"name":"wp","href":"https:\/\/api.w.org\/{rel}","templated":true}]}}