{"id":3070,"date":"2021-12-04T03:43:23","date_gmt":"2021-12-04T03:43:23","guid":{"rendered":"https:\/\/cokhitanminh.com\/may-dong-goi\/?post_type=product&#038;p=3070"},"modified":"2021-12-10T02:41:13","modified_gmt":"2021-12-10T02:41:13","slug":"day-chuyen-dong-goi-chai-nuoc-tmdc-db11","status":"publish","type":"product","link":"https:\/\/cokhitanminh.com\/may-dong-goi\/day-chuyen-dong-goi-chai-nuoc-tmdc-db11\/","title":{"rendered":"D\u00e2y chuy\u1ec1n \u0111\u00f3ng g\u00f3i chai n\u01b0\u1edbc (TMDC-DB11)"},"content":{"rendered":"<h3><a href=\"https:\/\/cokhitanminh.com\/may-dong-goi\/day-chuyen-dong-goi-chai-nuoc-tmdc-db11\/\"><em><strong>D\u00e2y chuy\u1ec1n \u0111\u00f3ng g\u00f3i chai n\u01b0\u1edbc <\/strong><\/em><\/a>(TMDC-DB11)<\/h3>\n<p><em><strong>D\u00e2y chuy\u1ec1n \u0111\u00f3ng g\u00f3i chai n\u01b0\u1edbc<\/strong><\/em> \u0111\u01b0\u1ee3c nghi\u00ean c\u1ee9u s\u1ea3n xu\u1ea5t v\u00e0 ph\u00e2n ph\u1ed1i tr\u00ean to\u00e0n qu\u1ed1c. T\u1ea5t c\u1ea3 c\u00e1c s\u1ea3n ph\u1ea9m c\u1ee7a ch\u00fang t\u00f4i \u0111\u1ec1u \u0111\u01b0\u1ee3c ki\u1ec3m tra k\u1ef9 l\u01b0\u1ee1ng v\u00e0 v\u1eadn h\u00e0nh th\u1ef1c t\u1ebf \u0111\u1ec3 lu\u00f4n \u0111\u1ea3m b\u1ea3o ch\u1ea5t l\u01b0\u1ee3ng t\u1ed1t nh\u1ea5t tr\u01b0\u1edbc khi b\u00e0n giao thi\u1ebft b\u1ecb cho kh\u00e1ch h\u00e0ng.<\/p>\n<p><strong>Th\u00f4ng s\u1ed1 k\u1ef9 thu\u1eadt:<\/strong><\/p>\n<p>&#8211; Model: TMDC-DB11<\/p>\n<p>&#8211; \u0110i\u1ec7n \u00e1p: 380 V\/50 Hz<\/p>\n<p>&#8211; C\u00f4ng su\u1ea5t: 8KW<\/p>\n<p>&#8211; T\u1ed1c \u0111\u1ed9 \u0111\u00f3ng g\u00f3i: 18-20 th\u00f9ng \/ ph\u00fat<\/p>\n<p>&#8211; \u00c1p su\u1ea5t kh\u00ed: 0,6 ~ 0,8 Mpa<\/p>\n<p>&#8211; Chi\u1ec1u cao ti\u1ebfp \u0111\u1ea7u b\u0103ng t\u1ea3i:<\/p>\n<p>+ Chi\u1ec1u cao d\u00e2y chuy\u1ec1n khi cho chai n\u01b0\u1edbc v\u00e0o: 1250 \u00b1 50 mm<\/p>\n<p>+Chi\u1ec1u cao c\u1ee7a b\u0103ng t\u1ea3i khi xu\u1ea5t ra: 720 \u00b1 50 mm<\/p>\n<p>&#8211; Y\u00eau c\u1ea7u k\u1ef9 thu\u1eadt \u0111\u1ed1i v\u1edbi nguy\u00ean li\u1ec7u carton:<\/p>\n<p>+ \u0110\u1ed9 d\u00e0y m\u1eb7t gi\u1ea5y b\u00ean ngo\u00e0i: 120 -180 g \/ m2<\/p>\n<p>+ \u0110\u1ed9 d\u00e0y m\u1eb7t gi\u1ea5y b\u00ean trong: 130 -150 g \/ m2<\/p>\n<p>+ R\u00e3nh: Keo h\u00f3a h\u1ecdc h\u1ed7n h\u1ee3p (+\/- 120 gr \/ m2)<\/p>\n<p>&#8211; K\u00edch th\u01b0\u1edbc m\u00e1y: 6450 x 2700 x 2150 mm<\/p>\n<p>&#8211; Tr\u1ecdng l\u01b0\u1ee3ng m\u00e1y: 2800 kg<\/p>\n<p>&#8211; B\u1ea3o h\u00e0nh: 12 th\u00e1ng<\/p>\n<h4><strong>H\u00ecnh \u1ea3nh s\u1ea3n ph\u1ea9m:<\/strong><\/h4>\n<p style=\"text-align: center;\"><a href=\"https:\/\/cokhitanminh.com\/may-dong-goi\/wp-content\/uploads\/2021\/12\/day-chuyen-dong-goi-chai-nuoc-tmdc-db11-cktm.mdg-4.jpg\"><img loading=\"lazy\" decoding=\"async\" class=\"alignnone size-full wp-image-4509\" src=\"https:\/\/cokhitanminh.com\/may-dong-goi\/wp-content\/uploads\/2021\/12\/day-chuyen-dong-goi-chai-nuoc-tmdc-db11-cktm.mdg-4.jpg\" alt=\"\" width=\"550\" height=\"365\" srcset=\"https:\/\/cokhitanminh.com\/may-dong-goi\/wp-content\/uploads\/2021\/12\/day-chuyen-dong-goi-chai-nuoc-tmdc-db11-cktm.mdg-4.jpg 550w, https:\/\/cokhitanminh.com\/may-dong-goi\/wp-content\/uploads\/2021\/12\/day-chuyen-dong-goi-chai-nuoc-tmdc-db11-cktm.mdg-4-300x199.jpg 300w\" sizes=\"auto, (max-width: 550px) 100vw, 550px\" \/><\/a> <a href=\"https:\/\/cokhitanminh.com\/may-dong-goi\/wp-content\/uploads\/2021\/12\/day-chuyen-dong-goi-chai-nuoc-tmdc-db11-cktm.mdg-5.jpg\"><img loading=\"lazy\" decoding=\"async\" class=\"size-full wp-image-4510 aligncenter\" src=\"https:\/\/cokhitanminh.com\/may-dong-goi\/wp-content\/uploads\/2021\/12\/day-chuyen-dong-goi-chai-nuoc-tmdc-db11-cktm.mdg-5.jpg\" alt=\"\" width=\"550\" height=\"365\" srcset=\"https:\/\/cokhitanminh.com\/may-dong-goi\/wp-content\/uploads\/2021\/12\/day-chuyen-dong-goi-chai-nuoc-tmdc-db11-cktm.mdg-5.jpg 550w, https:\/\/cokhitanminh.com\/may-dong-goi\/wp-content\/uploads\/2021\/12\/day-chuyen-dong-goi-chai-nuoc-tmdc-db11-cktm.mdg-5-300x199.jpg 300w\" sizes=\"auto, (max-width: 550px) 100vw, 550px\" \/><\/a><\/p>\n<p>Chi ti\u1ebft s\u1ea3n ph\u1ea9m <em><strong>D\u00e2y chuy\u1ec1n \u0111\u00f3ng g\u00f3i chai n\u01b0\u1edbc<\/strong><\/em> xin vui l\u00f2ng li\u00ean h\u1ec7 Hotline: 19002861 \u0110\u1ec3 \u0111\u01b0\u1ee3c t\u01b0 v\u1ea5n ho\u00e0n to\u00e0n mi\u1ec5n ph\u00ed!<\/p>\n","protected":false},"excerpt":{"rendered":"<p>D\u00e2y chuy\u1ec1n \u0111\u00f3ng g\u00f3i chai n\u01b0\u1edbc (TMDC-DB11) D\u00e2y chuy\u1ec1n \u0111\u00f3ng g\u00f3i chai n\u01b0\u1edbc \u0111\u01b0\u1ee3c nghi\u00ean c\u1ee9u s\u1ea3n xu\u1ea5t v\u00e0 ph\u00e2n ph\u1ed1i tr\u00ean to\u00e0n qu\u1ed1c. T\u1ea5t c\u1ea3 c\u00e1c s\u1ea3n ph\u1ea9m c\u1ee7a ch\u00fang t\u00f4i \u0111\u1ec1u \u0111\u01b0\u1ee3c ki\u1ec3m tra k\u1ef9 l\u01b0\u1ee1ng v\u00e0 v\u1eadn h\u00e0nh th\u1ef1c t\u1ebf \u0111\u1ec3 lu\u00f4n \u0111\u1ea3m b\u1ea3o ch\u1ea5t l\u01b0\u1ee3ng t\u1ed1t nh\u1ea5t tr\u01b0\u1edbc khi b\u00e0n giao &#8230;<\/p>\n","protected":false},"featured_media":4511,"comment_status":"open","ping_status":"closed","template":"","meta":[],"class_list":{"0":"post-3070","1":"product","2":"type-product","3":"status-publish","4":"has-post-thumbnail","6":"product_cat-may-siet-dong-nap-vien-mi","8":"first","9":"instock","10":"shipping-taxable","11":"purchasable","12":"product-type-simple"},"brands":[],"yoast_head":"<!-- This site is optimized with the Yoast SEO plugin v17.6 - https:\/\/yoast.com\/wordpress\/plugins\/seo\/ -->\n<title>D\u00e2y chuy\u1ec1n \u0111\u00f3ng g\u00f3i chai n\u01b0\u1edbc (TMDC-DB11) - M\u00c1Y \u0110\u00d3NG G\u00d3I T\u00c2N MINH<\/title>\n<meta name=\"description\" content=\"D\u00e2y chuy\u1ec1n \u0111\u00f3ng g\u00f3i chai n\u01b0\u1edbc (TMDC-DB11) uy t\u00edn ch\u1ea5t l\u01b0\u1ee3ng Li\u00ean h\u1ec7 Hotline 1: 1900 2861 | Hotline 2: 09 67 68 69 11 \u0110\u1ec3 \u0111\u01b0\u1ee3c t\u01b0 v\u1ea5n mi\u1ec5n ph\u00ed!\" \/>\n<meta name=\"robots\" content=\"index, follow, max-snippet:-1, max-image-preview:large, max-video-preview:-1\" \/>\n<link rel=\"canonical\" href=\"https:\/\/cokhitanminh.com\/may-dong-goi\/day-chuyen-dong-goi-chai-nuoc-tmdc-db11\/\" \/>\n<meta property=\"og:locale\" content=\"vi_VN\" \/>\n<meta property=\"og:type\" content=\"article\" \/>\n<meta property=\"og:title\" content=\"D\u00e2y chuy\u1ec1n \u0111\u00f3ng g\u00f3i chai n\u01b0\u1edbc (TMDC-DB11) - M\u00c1Y \u0110\u00d3NG G\u00d3I T\u00c2N MINH\" \/>\n<meta property=\"og:description\" content=\"D\u00e2y chuy\u1ec1n \u0111\u00f3ng g\u00f3i chai n\u01b0\u1edbc (TMDC-DB11) uy t\u00edn ch\u1ea5t l\u01b0\u1ee3ng Li\u00ean h\u1ec7 Hotline 1: 1900 2861 | Hotline 2: 09 67 68 69 11 \u0110\u1ec3 \u0111\u01b0\u1ee3c t\u01b0 v\u1ea5n mi\u1ec5n ph\u00ed!\" \/>\n<meta property=\"og:url\" content=\"https:\/\/cokhitanminh.com\/may-dong-goi\/day-chuyen-dong-goi-chai-nuoc-tmdc-db11\/\" \/>\n<meta property=\"og:site_name\" content=\"M\u00c1Y \u0110\u00d3NG G\u00d3I T\u00c2N MINH\" \/>\n<meta property=\"article:modified_time\" content=\"2021-12-10T02:41:13+00:00\" \/>\n<meta property=\"og:image\" content=\"https:\/\/cokhitanminh.com\/may-dong-goi\/wp-content\/uploads\/2021\/12\/day-chuyen-dong-goi-chai-nuoc-tmdc-db11-cktm.mdg-6.jpg\" \/>\n\t<meta property=\"og:image:width\" content=\"508\" \/>\n\t<meta property=\"og:image:height\" content=\"508\" \/>\n<meta name=\"twitter:card\" content=\"summary_large_image\" \/>\n<meta name=\"twitter:label1\" content=\"\u01af\u1edbc t\u00ednh th\u1eddi gian \u0111\u1ecdc\" \/>\n\t<meta name=\"twitter:data1\" content=\"2 ph\u00fat\" \/>\n<script type=\"application\/ld+json\" class=\"yoast-schema-graph\">{\"@context\":\"https:\/\/schema.org\",\"@graph\":[{\"@type\":\"WebSite\",\"@id\":\"https:\/\/cokhitanminh.com\/may-dong-goi\/#website\",\"url\":\"https:\/\/cokhitanminh.com\/may-dong-goi\/\",\"name\":\"M\\u00c1Y \\u0110\\u00d3NG G\\u00d3I T\\u00c2N MINH\",\"description\":\"Chuy\\u00ean gia m\\u00e1y \\u0111\\u00f3ng g\\u00f3i\",\"potentialAction\":[{\"@type\":\"SearchAction\",\"target\":{\"@type\":\"EntryPoint\",\"urlTemplate\":\"https:\/\/cokhitanminh.com\/may-dong-goi\/?s={search_term_string}\"},\"query-input\":\"required name=search_term_string\"}],\"inLanguage\":\"vi\"},{\"@type\":\"ImageObject\",\"@id\":\"https:\/\/cokhitanminh.com\/may-dong-goi\/day-chuyen-dong-goi-chai-nuoc-tmdc-db11\/#primaryimage\",\"inLanguage\":\"vi\",\"url\":\"https:\/\/cokhitanminh.com\/may-dong-goi\/wp-content\/uploads\/2021\/12\/day-chuyen-dong-goi-chai-nuoc-tmdc-db11-cktm.mdg-6.jpg\",\"contentUrl\":\"https:\/\/cokhitanminh.com\/may-dong-goi\/wp-content\/uploads\/2021\/12\/day-chuyen-dong-goi-chai-nuoc-tmdc-db11-cktm.mdg-6.jpg\",\"width\":508,\"height\":508,\"caption\":\"D\\u00e2y chuy\\u1ec1n \\u0111\\u00f3ng g\\u00f3i chai n\\u01b0\\u1edbc\"},{\"@type\":\"WebPage\",\"@id\":\"https:\/\/cokhitanminh.com\/may-dong-goi\/day-chuyen-dong-goi-chai-nuoc-tmdc-db11\/#webpage\",\"url\":\"https:\/\/cokhitanminh.com\/may-dong-goi\/day-chuyen-dong-goi-chai-nuoc-tmdc-db11\/\",\"name\":\"D\\u00e2y chuy\\u1ec1n \\u0111\\u00f3ng g\\u00f3i chai n\\u01b0\\u1edbc (TMDC-DB11) - M\\u00c1Y \\u0110\\u00d3NG G\\u00d3I T\\u00c2N MINH\",\"isPartOf\":{\"@id\":\"https:\/\/cokhitanminh.com\/may-dong-goi\/#website\"},\"primaryImageOfPage\":{\"@id\":\"https:\/\/cokhitanminh.com\/may-dong-goi\/day-chuyen-dong-goi-chai-nuoc-tmdc-db11\/#primaryimage\"},\"datePublished\":\"2021-12-04T03:43:23+00:00\",\"dateModified\":\"2021-12-10T02:41:13+00:00\",\"description\":\"D\\u00e2y chuy\\u1ec1n \\u0111\\u00f3ng g\\u00f3i chai n\\u01b0\\u1edbc (TMDC-DB11) uy t\\u00edn ch\\u1ea5t l\\u01b0\\u1ee3ng Li\\u00ean h\\u1ec7 Hotline 1: 1900 2861 | Hotline 2: 09 67 68 69 11 \\u0110\\u1ec3 \\u0111\\u01b0\\u1ee3c t\\u01b0 v\\u1ea5n mi\\u1ec5n ph\\u00ed!\",\"breadcrumb\":{\"@id\":\"https:\/\/cokhitanminh.com\/may-dong-goi\/day-chuyen-dong-goi-chai-nuoc-tmdc-db11\/#breadcrumb\"},\"inLanguage\":\"vi\",\"potentialAction\":[{\"@type\":\"ReadAction\",\"target\":[\"https:\/\/cokhitanminh.com\/may-dong-goi\/day-chuyen-dong-goi-chai-nuoc-tmdc-db11\/\"]}]},{\"@type\":\"BreadcrumbList\",\"@id\":\"https:\/\/cokhitanminh.com\/may-dong-goi\/day-chuyen-dong-goi-chai-nuoc-tmdc-db11\/#breadcrumb\",\"itemListElement\":[{\"@type\":\"ListItem\",\"position\":1,\"name\":\"Trang ch\\u1ee7\",\"item\":\"https:\/\/cokhitanminh.com\/may-dong-goi\/\"},{\"@type\":\"ListItem\",\"position\":2,\"name\":\"C\\u1eeda h\\u00e0ng\",\"item\":\"https:\/\/cokhitanminh.com\/may-dong-goi\/mua\/\"},{\"@type\":\"ListItem\",\"position\":3,\"name\":\"D\\u00e2y chuy\\u1ec1n \\u0111\\u00f3ng g\\u00f3i chai n\\u01b0\\u1edbc (TMDC-DB11)\"}]}]}<\/script>\n<!-- \/ Yoast SEO plugin. -->","yoast_head_json":{"title":"D\u00e2y chuy\u1ec1n \u0111\u00f3ng g\u00f3i chai n\u01b0\u1edbc (TMDC-DB11) - M\u00c1Y \u0110\u00d3NG G\u00d3I T\u00c2N MINH","description":"D\u00e2y chuy\u1ec1n \u0111\u00f3ng g\u00f3i chai n\u01b0\u1edbc (TMDC-DB11) uy t\u00edn ch\u1ea5t l\u01b0\u1ee3ng Li\u00ean h\u1ec7 Hotline 1: 1900 2861 | Hotline 2: 09 67 68 69 11 \u0110\u1ec3 \u0111\u01b0\u1ee3c t\u01b0 v\u1ea5n mi\u1ec5n ph\u00ed!","robots":{"index":"index","follow":"follow","max-snippet":"max-snippet:-1","max-image-preview":"max-image-preview:large","max-video-preview":"max-video-preview:-1"},"canonical":"https:\/\/cokhitanminh.com\/may-dong-goi\/day-chuyen-dong-goi-chai-nuoc-tmdc-db11\/","og_locale":"vi_VN","og_type":"article","og_title":"D\u00e2y chuy\u1ec1n \u0111\u00f3ng g\u00f3i chai n\u01b0\u1edbc (TMDC-DB11) - M\u00c1Y \u0110\u00d3NG G\u00d3I T\u00c2N MINH","og_description":"D\u00e2y chuy\u1ec1n \u0111\u00f3ng g\u00f3i chai n\u01b0\u1edbc (TMDC-DB11) uy t\u00edn ch\u1ea5t l\u01b0\u1ee3ng Li\u00ean h\u1ec7 Hotline 1: 1900 2861 | Hotline 2: 09 67 68 69 11 \u0110\u1ec3 \u0111\u01b0\u1ee3c t\u01b0 v\u1ea5n mi\u1ec5n ph\u00ed!","og_url":"https:\/\/cokhitanminh.com\/may-dong-goi\/day-chuyen-dong-goi-chai-nuoc-tmdc-db11\/","og_site_name":"M\u00c1Y \u0110\u00d3NG G\u00d3I T\u00c2N MINH","article_modified_time":"2021-12-10T02:41:13+00:00","og_image":[{"width":508,"height":508,"url":"https:\/\/cokhitanminh.com\/may-dong-goi\/wp-content\/uploads\/2021\/12\/day-chuyen-dong-goi-chai-nuoc-tmdc-db11-cktm.mdg-6.jpg","type":"image\/jpeg"}],"twitter_card":"summary_large_image","twitter_misc":{"\u01af\u1edbc t\u00ednh th\u1eddi gian \u0111\u1ecdc":"2 ph\u00fat"},"schema":{"@context":"https:\/\/schema.org","@graph":[{"@type":"WebSite","@id":"https:\/\/cokhitanminh.com\/may-dong-goi\/#website","url":"https:\/\/cokhitanminh.com\/may-dong-goi\/","name":"M\u00c1Y \u0110\u00d3NG G\u00d3I T\u00c2N MINH","description":"Chuy\u00ean gia m\u00e1y \u0111\u00f3ng g\u00f3i","potentialAction":[{"@type":"SearchAction","target":{"@type":"EntryPoint","urlTemplate":"https:\/\/cokhitanminh.com\/may-dong-goi\/?s={search_term_string}"},"query-input":"required name=search_term_string"}],"inLanguage":"vi"},{"@type":"ImageObject","@id":"https:\/\/cokhitanminh.com\/may-dong-goi\/day-chuyen-dong-goi-chai-nuoc-tmdc-db11\/#primaryimage","inLanguage":"vi","url":"https:\/\/cokhitanminh.com\/may-dong-goi\/wp-content\/uploads\/2021\/12\/day-chuyen-dong-goi-chai-nuoc-tmdc-db11-cktm.mdg-6.jpg","contentUrl":"https:\/\/cokhitanminh.com\/may-dong-goi\/wp-content\/uploads\/2021\/12\/day-chuyen-dong-goi-chai-nuoc-tmdc-db11-cktm.mdg-6.jpg","width":508,"height":508,"caption":"D\u00e2y chuy\u1ec1n \u0111\u00f3ng g\u00f3i chai n\u01b0\u1edbc"},{"@type":"WebPage","@id":"https:\/\/cokhitanminh.com\/may-dong-goi\/day-chuyen-dong-goi-chai-nuoc-tmdc-db11\/#webpage","url":"https:\/\/cokhitanminh.com\/may-dong-goi\/day-chuyen-dong-goi-chai-nuoc-tmdc-db11\/","name":"D\u00e2y chuy\u1ec1n \u0111\u00f3ng g\u00f3i chai n\u01b0\u1edbc (TMDC-DB11) - M\u00c1Y \u0110\u00d3NG G\u00d3I T\u00c2N MINH","isPartOf":{"@id":"https:\/\/cokhitanminh.com\/may-dong-goi\/#website"},"primaryImageOfPage":{"@id":"https:\/\/cokhitanminh.com\/may-dong-goi\/day-chuyen-dong-goi-chai-nuoc-tmdc-db11\/#primaryimage"},"datePublished":"2021-12-04T03:43:23+00:00","dateModified":"2021-12-10T02:41:13+00:00","description":"D\u00e2y chuy\u1ec1n \u0111\u00f3ng g\u00f3i chai n\u01b0\u1edbc (TMDC-DB11) uy t\u00edn ch\u1ea5t l\u01b0\u1ee3ng Li\u00ean h\u1ec7 Hotline 1: 1900 2861 | Hotline 2: 09 67 68 69 11 \u0110\u1ec3 \u0111\u01b0\u1ee3c t\u01b0 v\u1ea5n mi\u1ec5n ph\u00ed!","breadcrumb":{"@id":"https:\/\/cokhitanminh.com\/may-dong-goi\/day-chuyen-dong-goi-chai-nuoc-tmdc-db11\/#breadcrumb"},"inLanguage":"vi","potentialAction":[{"@type":"ReadAction","target":["https:\/\/cokhitanminh.com\/may-dong-goi\/day-chuyen-dong-goi-chai-nuoc-tmdc-db11\/"]}]},{"@type":"BreadcrumbList","@id":"https:\/\/cokhitanminh.com\/may-dong-goi\/day-chuyen-dong-goi-chai-nuoc-tmdc-db11\/#breadcrumb","itemListElement":[{"@type":"ListItem","position":1,"name":"Trang ch\u1ee7","item":"https:\/\/cokhitanminh.com\/may-dong-goi\/"},{"@type":"ListItem","position":2,"name":"C\u1eeda h\u00e0ng","item":"https:\/\/cokhitanminh.com\/may-dong-goi\/mua\/"},{"@type":"ListItem","position":3,"name":"D\u00e2y chuy\u1ec1n \u0111\u00f3ng g\u00f3i chai n\u01b0\u1edbc (TMDC-DB11)"}]}]}},"_links":{"self":[{"href":"https:\/\/cokhitanminh.com\/may-dong-goi\/wp-json\/wp\/v2\/product\/3070","targetHints":{"allow":["GET"]}}],"collection":[{"href":"https:\/\/cokhitanminh.com\/may-dong-goi\/wp-json\/wp\/v2\/product"}],"about":[{"href":"https:\/\/cokhitanminh.com\/may-dong-goi\/wp-json\/wp\/v2\/types\/product"}],"replies":[{"embeddable":true,"href":"https:\/\/cokhitanminh.com\/may-dong-goi\/wp-json\/wp\/v2\/comments?post=3070"}],"wp:featuredmedia":[{"embeddable":true,"href":"https:\/\/cokhitanminh.com\/may-dong-goi\/wp-json\/wp\/v2\/media\/4511"}],"wp:attachment":[{"href":"https:\/\/cokhitanminh.com\/may-dong-goi\/wp-json\/wp\/v2\/media?parent=3070"}],"curies":[{"name":"wp","href":"https:\/\/api.w.org\/{rel}","templated":true}]}}