{"id":2902,"date":"2021-12-04T03:39:21","date_gmt":"2021-12-04T03:39:21","guid":{"rendered":"https:\/\/cokhitanminh.com\/may-dong-goi\/?post_type=product&#038;p=2902"},"modified":"2021-12-07T02:38:29","modified_gmt":"2021-12-07T02:38:29","slug":"may-dong-goi-3-chieu-chi-xe-dang-keo-502-bao-thuoc-la-tmdg-i71","status":"publish","type":"product","link":"https:\/\/cokhitanminh.com\/may-dong-goi\/may-dong-goi-3-chieu-chi-xe-dang-keo-502-bao-thuoc-la-tmdg-i71\/","title":{"rendered":"M\u00e1y \u0111\u00f3ng g\u00f3i 3 chi\u1ec1u (ch\u1ec9 x\u00e9) d\u1ea1ng keo 502, bao thu\u1ed1c l\u00e1 (TM\u0110G-I71)"},"content":{"rendered":"<h3 style=\"text-align: justify;\"><a href=\"https:\/\/cokhitanminh.com\/may-dong-goi\/may-dong-goi-3-chieu-chi-xe-dang-keo-502-bao-thuoc-la-tmdg-i71\/\"><strong><em>M\u00e1y \u0111\u00f3ng g\u00f3i 3 chi\u1ec1u (ch\u1ec9 x\u00e9) d\u1ea1ng keo 502, bao thu\u1ed1c l\u00e1<\/em><\/strong><\/a> (TM\u0110G-I71)<\/h3>\n<p style=\"text-align: justify;\"><strong><em>M\u00e1y \u0111\u00f3ng g\u00f3i 3 chi\u1ec1u (ch\u1ec9 x\u00e9) d\u1ea1ng keo 502, bao thu\u1ed1c l\u00e1<\/em><\/strong>\u00a0\u0111\u01b0\u1ee3c nghi\u00ean c\u1ee9u s\u1ea3n xu\u1ea5t v\u00e0 ph\u00e2n ph\u1ed1i tr\u00ean to\u00e0n qu\u1ed1c. T\u1ea5t c\u1ea3 c\u00e1c s\u1ea3n ph\u1ea9m c\u1ee7a ch\u00fang t\u00f4i \u0111\u1ec1u \u0111\u01b0\u1ee3c ki\u1ec3m tra k\u1ef9 l\u01b0\u1ee1ng v\u00e0 v\u1eadn h\u00e0nh th\u1ef1c t\u1ebf \u0111\u1ec3 lu\u00f4n \u0111\u1ea3m b\u1ea3o ch\u1ea5t l\u01b0\u1ee3ng t\u1ed1t nh\u1ea5t tr\u01b0\u1edbc khi b\u00e0n giao thi\u1ebft b\u1ecb cho kh\u00e1ch h\u00e0ng.<\/p>\n<p style=\"text-align: justify;\"><strong>Th\u00f4ng s\u1ed1 k\u1ef9 thu\u1eadt:<\/strong><\/p>\n<p>\u2013 Model: TM\u0110G-I71<\/p>\n<p>\u2013 \u0110i\u1ec7n \u00e1p: 220V\/50Hz<\/p>\n<p>\u2013 C\u00f4ng su\u1ea5t: 2.4KW<\/p>\n<p>\u2013 N\u0103ng su\u1ea5t: 30 \u2013 80 PCS\/p<\/p>\n<p>\u2013 K\u00edch th\u01b0\u1edbc s\u1ea3n ph\u1ea9m \u00e1p d\u1ee5ng: d\u00e0i (60 \u2013 200) x r\u1ed9ng (20 \u2013 120) x cao (10 \u2013 60) mm<\/p>\n<p>\u2013 Ghi ch\u00fa: v\u1edbi c\u00e1c k\u00edch th\u01b0\u1edbc n\u1eb1m ngo\u00e0i ph\u1ea1m vi x\u01b0\u1edfng c\u00f3 th\u1ec3 s\u1ea3n xu\u1ea5t theo y\u00eau c\u1ea7u<\/p>\n<p>\u2013 Nhi\u1ec7t \u0111\u1ed9: 0 \u2013 300 \u0111\u1ed9 C<\/p>\n<p>\u2013 Ch\u1ea5t li\u1ec7u m\u00e0ng: BOPP ho\u1eb7c theo y\u00eau c\u1ea7u<\/p>\n<p>\u2013 K\u00edch th\u01b0\u1edbc m\u00e1y: 2200 x 850 x 1300 mm<\/p>\n<p>\u2013 Tr\u1ecdng l\u01b0\u1ee3ng: ~250Kg<\/p>\n<p>\u2013 B\u1ea3o h\u00e0nh: 12 th\u00e1ng<\/p>\n<p style=\"text-align: justify;\"><strong>H\u00ecnh \u1ea3nh s\u1ea3n ph\u1ea9m:<\/strong><\/p>\n<p><a href=\"https:\/\/cokhitanminh.com\/may-dong-goi\/wp-content\/uploads\/2021\/12\/may-dong-goi-3-chieu-chi-xe-dang-keo-502-bao-thuoc-la-tmdg-i71-ckmdg-5.jpg\"><img loading=\"lazy\" decoding=\"async\" class=\"size-full wp-image-3949\" src=\"https:\/\/cokhitanminh.com\/may-dong-goi\/wp-content\/uploads\/2021\/12\/may-dong-goi-3-chieu-chi-xe-dang-keo-502-bao-thuoc-la-tmdg-i71-ckmdg-5.jpg\" alt=\"\" width=\"550\" height=\"413\" srcset=\"https:\/\/cokhitanminh.com\/may-dong-goi\/wp-content\/uploads\/2021\/12\/may-dong-goi-3-chieu-chi-xe-dang-keo-502-bao-thuoc-la-tmdg-i71-ckmdg-5.jpg 550w, https:\/\/cokhitanminh.com\/may-dong-goi\/wp-content\/uploads\/2021\/12\/may-dong-goi-3-chieu-chi-xe-dang-keo-502-bao-thuoc-la-tmdg-i71-ckmdg-5-300x225.jpg 300w\" sizes=\"auto, (max-width: 550px) 100vw, 550px\" \/><\/a><\/p>\n<p><a href=\"https:\/\/cokhitanminh.com\/may-dong-goi\/wp-content\/uploads\/2021\/12\/may-dong-goi-3-chieu-chi-xe-dang-keo-502-bao-thuoc-la-tmdg-i71-ckmdg-6.jpg\"><img loading=\"lazy\" decoding=\"async\" class=\"size-full wp-image-3950\" src=\"https:\/\/cokhitanminh.com\/may-dong-goi\/wp-content\/uploads\/2021\/12\/may-dong-goi-3-chieu-chi-xe-dang-keo-502-bao-thuoc-la-tmdg-i71-ckmdg-6.jpg\" alt=\"\" width=\"550\" height=\"413\" srcset=\"https:\/\/cokhitanminh.com\/may-dong-goi\/wp-content\/uploads\/2021\/12\/may-dong-goi-3-chieu-chi-xe-dang-keo-502-bao-thuoc-la-tmdg-i71-ckmdg-6.jpg 550w, https:\/\/cokhitanminh.com\/may-dong-goi\/wp-content\/uploads\/2021\/12\/may-dong-goi-3-chieu-chi-xe-dang-keo-502-bao-thuoc-la-tmdg-i71-ckmdg-6-300x225.jpg 300w\" sizes=\"auto, (max-width: 550px) 100vw, 550px\" \/><\/a><\/p>\n<p><a href=\"https:\/\/cokhitanminh.com\/may-dong-goi\/wp-content\/uploads\/2021\/12\/may-dong-goi-3-chieu-chi-xe-dang-keo-502-bao-thuoc-la-tmdg-i71-ckmdg-7.jpg\"><img loading=\"lazy\" decoding=\"async\" class=\"size-full wp-image-3952\" src=\"https:\/\/cokhitanminh.com\/may-dong-goi\/wp-content\/uploads\/2021\/12\/may-dong-goi-3-chieu-chi-xe-dang-keo-502-bao-thuoc-la-tmdg-i71-ckmdg-7.jpg\" alt=\"\" width=\"550\" height=\"413\" srcset=\"https:\/\/cokhitanminh.com\/may-dong-goi\/wp-content\/uploads\/2021\/12\/may-dong-goi-3-chieu-chi-xe-dang-keo-502-bao-thuoc-la-tmdg-i71-ckmdg-7.jpg 550w, https:\/\/cokhitanminh.com\/may-dong-goi\/wp-content\/uploads\/2021\/12\/may-dong-goi-3-chieu-chi-xe-dang-keo-502-bao-thuoc-la-tmdg-i71-ckmdg-7-300x225.jpg 300w\" sizes=\"auto, (max-width: 550px) 100vw, 550px\" \/><\/a><\/p>\n<p><a href=\"https:\/\/cokhitanminh.com\/may-dong-goi\/wp-content\/uploads\/2021\/12\/may-dong-goi-3-chieu-chi-xe-dang-keo-502-bao-thuoc-la-tmdg-i71-ckmdg-8.jpg\"><img loading=\"lazy\" decoding=\"async\" class=\"size-full wp-image-3953\" src=\"https:\/\/cokhitanminh.com\/may-dong-goi\/wp-content\/uploads\/2021\/12\/may-dong-goi-3-chieu-chi-xe-dang-keo-502-bao-thuoc-la-tmdg-i71-ckmdg-8.jpg\" alt=\"\" width=\"550\" height=\"413\" srcset=\"https:\/\/cokhitanminh.com\/may-dong-goi\/wp-content\/uploads\/2021\/12\/may-dong-goi-3-chieu-chi-xe-dang-keo-502-bao-thuoc-la-tmdg-i71-ckmdg-8.jpg 550w, https:\/\/cokhitanminh.com\/may-dong-goi\/wp-content\/uploads\/2021\/12\/may-dong-goi-3-chieu-chi-xe-dang-keo-502-bao-thuoc-la-tmdg-i71-ckmdg-8-300x225.jpg 300w\" sizes=\"auto, (max-width: 550px) 100vw, 550px\" \/><\/a><\/p>\n<p><a href=\"https:\/\/cokhitanminh.com\/may-dong-goi\/wp-content\/uploads\/2021\/12\/may-dong-goi-3-chieu-chi-xe-dang-keo-502-bao-thuoc-la-tmdg-i71-ckmdg-3.jpg\"><img loading=\"lazy\" decoding=\"async\" class=\"size-full wp-image-3947\" src=\"https:\/\/cokhitanminh.com\/may-dong-goi\/wp-content\/uploads\/2021\/12\/may-dong-goi-3-chieu-chi-xe-dang-keo-502-bao-thuoc-la-tmdg-i71-ckmdg-3.jpg\" alt=\"\" width=\"550\" height=\"286\" srcset=\"https:\/\/cokhitanminh.com\/may-dong-goi\/wp-content\/uploads\/2021\/12\/may-dong-goi-3-chieu-chi-xe-dang-keo-502-bao-thuoc-la-tmdg-i71-ckmdg-3.jpg 550w, https:\/\/cokhitanminh.com\/may-dong-goi\/wp-content\/uploads\/2021\/12\/may-dong-goi-3-chieu-chi-xe-dang-keo-502-bao-thuoc-la-tmdg-i71-ckmdg-3-300x156.jpg 300w\" sizes=\"auto, (max-width: 550px) 100vw, 550px\" \/><\/a><\/p>\n<p><a href=\"https:\/\/cokhitanminh.com\/may-dong-goi\/wp-content\/uploads\/2021\/12\/may-dong-goi-3-chieu-chi-xe-dang-keo-502-bao-thuoc-la-tmdg-i71-ckmdg-2.jpg\"><img loading=\"lazy\" decoding=\"async\" class=\"size-full wp-image-3946\" src=\"https:\/\/cokhitanminh.com\/may-dong-goi\/wp-content\/uploads\/2021\/12\/may-dong-goi-3-chieu-chi-xe-dang-keo-502-bao-thuoc-la-tmdg-i71-ckmdg-2.jpg\" alt=\"\" width=\"550\" height=\"644\" srcset=\"https:\/\/cokhitanminh.com\/may-dong-goi\/wp-content\/uploads\/2021\/12\/may-dong-goi-3-chieu-chi-xe-dang-keo-502-bao-thuoc-la-tmdg-i71-ckmdg-2.jpg 550w, https:\/\/cokhitanminh.com\/may-dong-goi\/wp-content\/uploads\/2021\/12\/may-dong-goi-3-chieu-chi-xe-dang-keo-502-bao-thuoc-la-tmdg-i71-ckmdg-2-256x300.jpg 256w\" sizes=\"auto, (max-width: 550px) 100vw, 550px\" \/><\/a><\/p>\n<p style=\"text-align: justify;\">Chi ti\u1ebft s\u1ea3n ph\u1ea9m\u00a0xin vui l\u00f2ng li\u00ean h\u1ec7 Hotline: 19002861 \u0110\u1ec3 \u0111\u01b0\u1ee3c t\u01b0 v\u1ea5n ho\u00e0n to\u00e0n mi\u1ec5n ph\u00ed!<\/p>\n","protected":false},"excerpt":{"rendered":"<p>M\u00e1y \u0111\u00f3ng g\u00f3i 3 chi\u1ec1u (ch\u1ec9 x\u00e9) d\u1ea1ng keo 502, bao thu\u1ed1c l\u00e1 (TM\u0110G-I71) M\u00e1y \u0111\u00f3ng g\u00f3i 3 chi\u1ec1u (ch\u1ec9 x\u00e9) d\u1ea1ng keo 502, bao thu\u1ed1c l\u00e1\u00a0\u0111\u01b0\u1ee3c nghi\u00ean c\u1ee9u s\u1ea3n xu\u1ea5t v\u00e0 ph\u00e2n ph\u1ed1i tr\u00ean to\u00e0n qu\u1ed1c. T\u1ea5t c\u1ea3 c\u00e1c s\u1ea3n ph\u1ea9m c\u1ee7a ch\u00fang t\u00f4i \u0111\u1ec1u \u0111\u01b0\u1ee3c ki\u1ec3m tra k\u1ef9 l\u01b0\u1ee1ng v\u00e0 v\u1eadn h\u00e0nh th\u1ef1c &#8230;<\/p>\n","protected":false},"featured_media":3945,"comment_status":"open","ping_status":"closed","template":"","meta":[],"class_list":{"0":"post-2902","1":"product","2":"type-product","3":"status-publish","4":"has-post-thumbnail","6":"product_cat-may-dong-goi-dang-tui-dang-bao","8":"first","9":"instock","10":"shipping-taxable","11":"purchasable","12":"product-type-simple"},"brands":[],"yoast_head":"<!-- This site is optimized with the Yoast SEO plugin v17.6 - https:\/\/yoast.com\/wordpress\/plugins\/seo\/ -->\n<title>M\u00e1y \u0111\u00f3ng g\u00f3i 3 chi\u1ec1u (ch\u1ec9 x\u00e9) d\u1ea1ng keo 502, bao thu\u1ed1c l\u00e1 (TM\u0110G-I71)<\/title>\n<meta name=\"description\" content=\"M\u00e1y \u0111\u00f3ng g\u00f3i 3 chi\u1ec1u (ch\u1ec9 x\u00e9) d\u1ea1ng keo 502, bao thu\u1ed1c l\u00e1 - Li\u00ean h\u1ec7 Hotline 1: 1900 2861 | Hotline 2: 09 67 68 69 11 \u0110\u1ec3 \u0111\u01b0\u1ee3c t\u01b0 v\u1ea5n mi\u1ec5n ph\u00ed!\" \/>\n<meta name=\"robots\" content=\"index, follow, max-snippet:-1, max-image-preview:large, max-video-preview:-1\" \/>\n<link rel=\"canonical\" href=\"https:\/\/cokhitanminh.com\/may-dong-goi\/may-dong-goi-3-chieu-chi-xe-dang-keo-502-bao-thuoc-la-tmdg-i71\/\" \/>\n<meta property=\"og:locale\" content=\"vi_VN\" \/>\n<meta property=\"og:type\" content=\"article\" \/>\n<meta property=\"og:title\" content=\"M\u00e1y \u0111\u00f3ng g\u00f3i 3 chi\u1ec1u (ch\u1ec9 x\u00e9) d\u1ea1ng keo 502, bao thu\u1ed1c l\u00e1 (TM\u0110G-I71)\" \/>\n<meta property=\"og:description\" content=\"M\u00e1y \u0111\u00f3ng g\u00f3i 3 chi\u1ec1u (ch\u1ec9 x\u00e9) d\u1ea1ng keo 502, bao thu\u1ed1c l\u00e1 - Li\u00ean h\u1ec7 Hotline 1: 1900 2861 | Hotline 2: 09 67 68 69 11 \u0110\u1ec3 \u0111\u01b0\u1ee3c t\u01b0 v\u1ea5n mi\u1ec5n ph\u00ed!\" \/>\n<meta property=\"og:url\" content=\"https:\/\/cokhitanminh.com\/may-dong-goi\/may-dong-goi-3-chieu-chi-xe-dang-keo-502-bao-thuoc-la-tmdg-i71\/\" \/>\n<meta property=\"og:site_name\" content=\"M\u00c1Y \u0110\u00d3NG G\u00d3I T\u00c2N MINH\" \/>\n<meta property=\"article:modified_time\" content=\"2021-12-07T02:38:29+00:00\" \/>\n<meta property=\"og:image\" content=\"https:\/\/cokhitanminh.com\/may-dong-goi\/wp-content\/uploads\/2021\/12\/may-dong-goi-3-chieu-chi-xe-dang-keo-502-bao-thuoc-la-tmdg-i71-ckmdg-1-scaled.jpg\" \/>\n\t<meta property=\"og:image:width\" content=\"2560\" \/>\n\t<meta property=\"og:image:height\" content=\"2560\" \/>\n<meta name=\"twitter:card\" content=\"summary_large_image\" \/>\n<meta name=\"twitter:label1\" content=\"\u01af\u1edbc t\u00ednh th\u1eddi gian \u0111\u1ecdc\" \/>\n\t<meta name=\"twitter:data1\" content=\"2 ph\u00fat\" \/>\n<script type=\"application\/ld+json\" class=\"yoast-schema-graph\">{\"@context\":\"https:\/\/schema.org\",\"@graph\":[{\"@type\":\"WebSite\",\"@id\":\"https:\/\/cokhitanminh.com\/may-dong-goi\/#website\",\"url\":\"https:\/\/cokhitanminh.com\/may-dong-goi\/\",\"name\":\"M\\u00c1Y \\u0110\\u00d3NG G\\u00d3I T\\u00c2N MINH\",\"description\":\"Chuy\\u00ean gia m\\u00e1y \\u0111\\u00f3ng g\\u00f3i\",\"potentialAction\":[{\"@type\":\"SearchAction\",\"target\":{\"@type\":\"EntryPoint\",\"urlTemplate\":\"https:\/\/cokhitanminh.com\/may-dong-goi\/?s={search_term_string}\"},\"query-input\":\"required name=search_term_string\"}],\"inLanguage\":\"vi\"},{\"@type\":\"ImageObject\",\"@id\":\"https:\/\/cokhitanminh.com\/may-dong-goi\/may-dong-goi-3-chieu-chi-xe-dang-keo-502-bao-thuoc-la-tmdg-i71\/#primaryimage\",\"inLanguage\":\"vi\",\"url\":\"https:\/\/cokhitanminh.com\/may-dong-goi\/wp-content\/uploads\/2021\/12\/may-dong-goi-3-chieu-chi-xe-dang-keo-502-bao-thuoc-la-tmdg-i71-ckmdg-1-scaled.jpg\",\"contentUrl\":\"https:\/\/cokhitanminh.com\/may-dong-goi\/wp-content\/uploads\/2021\/12\/may-dong-goi-3-chieu-chi-xe-dang-keo-502-bao-thuoc-la-tmdg-i71-ckmdg-1-scaled.jpg\",\"width\":2560,\"height\":2560,\"caption\":\"?????????????????????????????????????????????????????????\"},{\"@type\":\"WebPage\",\"@id\":\"https:\/\/cokhitanminh.com\/may-dong-goi\/may-dong-goi-3-chieu-chi-xe-dang-keo-502-bao-thuoc-la-tmdg-i71\/#webpage\",\"url\":\"https:\/\/cokhitanminh.com\/may-dong-goi\/may-dong-goi-3-chieu-chi-xe-dang-keo-502-bao-thuoc-la-tmdg-i71\/\",\"name\":\"M\\u00e1y \\u0111\\u00f3ng g\\u00f3i 3 chi\\u1ec1u (ch\\u1ec9 x\\u00e9) d\\u1ea1ng keo 502, bao thu\\u1ed1c l\\u00e1 (TM\\u0110G-I71)\",\"isPartOf\":{\"@id\":\"https:\/\/cokhitanminh.com\/may-dong-goi\/#website\"},\"primaryImageOfPage\":{\"@id\":\"https:\/\/cokhitanminh.com\/may-dong-goi\/may-dong-goi-3-chieu-chi-xe-dang-keo-502-bao-thuoc-la-tmdg-i71\/#primaryimage\"},\"datePublished\":\"2021-12-04T03:39:21+00:00\",\"dateModified\":\"2021-12-07T02:38:29+00:00\",\"description\":\"M\\u00e1y \\u0111\\u00f3ng g\\u00f3i 3 chi\\u1ec1u (ch\\u1ec9 x\\u00e9) d\\u1ea1ng keo 502, bao thu\\u1ed1c l\\u00e1 - Li\\u00ean h\\u1ec7 Hotline 1: 1900 2861 | Hotline 2: 09 67 68 69 11 \\u0110\\u1ec3 \\u0111\\u01b0\\u1ee3c t\\u01b0 v\\u1ea5n mi\\u1ec5n ph\\u00ed!\",\"breadcrumb\":{\"@id\":\"https:\/\/cokhitanminh.com\/may-dong-goi\/may-dong-goi-3-chieu-chi-xe-dang-keo-502-bao-thuoc-la-tmdg-i71\/#breadcrumb\"},\"inLanguage\":\"vi\",\"potentialAction\":[{\"@type\":\"ReadAction\",\"target\":[\"https:\/\/cokhitanminh.com\/may-dong-goi\/may-dong-goi-3-chieu-chi-xe-dang-keo-502-bao-thuoc-la-tmdg-i71\/\"]}]},{\"@type\":\"BreadcrumbList\",\"@id\":\"https:\/\/cokhitanminh.com\/may-dong-goi\/may-dong-goi-3-chieu-chi-xe-dang-keo-502-bao-thuoc-la-tmdg-i71\/#breadcrumb\",\"itemListElement\":[{\"@type\":\"ListItem\",\"position\":1,\"name\":\"Trang ch\\u1ee7\",\"item\":\"https:\/\/cokhitanminh.com\/may-dong-goi\/\"},{\"@type\":\"ListItem\",\"position\":2,\"name\":\"C\\u1eeda h\\u00e0ng\",\"item\":\"https:\/\/cokhitanminh.com\/may-dong-goi\/mua\/\"},{\"@type\":\"ListItem\",\"position\":3,\"name\":\"M\\u00e1y \\u0111\\u00f3ng g\\u00f3i 3 chi\\u1ec1u (ch\\u1ec9 x\\u00e9) d\\u1ea1ng keo 502, bao thu\\u1ed1c l\\u00e1 (TM\\u0110G-I71)\"}]}]}<\/script>\n<!-- \/ Yoast SEO plugin. -->","yoast_head_json":{"title":"M\u00e1y \u0111\u00f3ng g\u00f3i 3 chi\u1ec1u (ch\u1ec9 x\u00e9) d\u1ea1ng keo 502, bao thu\u1ed1c l\u00e1 (TM\u0110G-I71)","description":"M\u00e1y \u0111\u00f3ng g\u00f3i 3 chi\u1ec1u (ch\u1ec9 x\u00e9) d\u1ea1ng keo 502, bao thu\u1ed1c l\u00e1 - Li\u00ean h\u1ec7 Hotline 1: 1900 2861 | Hotline 2: 09 67 68 69 11 \u0110\u1ec3 \u0111\u01b0\u1ee3c t\u01b0 v\u1ea5n mi\u1ec5n ph\u00ed!","robots":{"index":"index","follow":"follow","max-snippet":"max-snippet:-1","max-image-preview":"max-image-preview:large","max-video-preview":"max-video-preview:-1"},"canonical":"https:\/\/cokhitanminh.com\/may-dong-goi\/may-dong-goi-3-chieu-chi-xe-dang-keo-502-bao-thuoc-la-tmdg-i71\/","og_locale":"vi_VN","og_type":"article","og_title":"M\u00e1y \u0111\u00f3ng g\u00f3i 3 chi\u1ec1u (ch\u1ec9 x\u00e9) d\u1ea1ng keo 502, bao thu\u1ed1c l\u00e1 (TM\u0110G-I71)","og_description":"M\u00e1y \u0111\u00f3ng g\u00f3i 3 chi\u1ec1u (ch\u1ec9 x\u00e9) d\u1ea1ng keo 502, bao thu\u1ed1c l\u00e1 - Li\u00ean h\u1ec7 Hotline 1: 1900 2861 | Hotline 2: 09 67 68 69 11 \u0110\u1ec3 \u0111\u01b0\u1ee3c t\u01b0 v\u1ea5n mi\u1ec5n ph\u00ed!","og_url":"https:\/\/cokhitanminh.com\/may-dong-goi\/may-dong-goi-3-chieu-chi-xe-dang-keo-502-bao-thuoc-la-tmdg-i71\/","og_site_name":"M\u00c1Y \u0110\u00d3NG G\u00d3I T\u00c2N MINH","article_modified_time":"2021-12-07T02:38:29+00:00","og_image":[{"width":2560,"height":2560,"url":"https:\/\/cokhitanminh.com\/may-dong-goi\/wp-content\/uploads\/2021\/12\/may-dong-goi-3-chieu-chi-xe-dang-keo-502-bao-thuoc-la-tmdg-i71-ckmdg-1-scaled.jpg","type":"image\/jpeg"}],"twitter_card":"summary_large_image","twitter_misc":{"\u01af\u1edbc t\u00ednh th\u1eddi gian \u0111\u1ecdc":"2 ph\u00fat"},"schema":{"@context":"https:\/\/schema.org","@graph":[{"@type":"WebSite","@id":"https:\/\/cokhitanminh.com\/may-dong-goi\/#website","url":"https:\/\/cokhitanminh.com\/may-dong-goi\/","name":"M\u00c1Y \u0110\u00d3NG G\u00d3I T\u00c2N MINH","description":"Chuy\u00ean gia m\u00e1y \u0111\u00f3ng g\u00f3i","potentialAction":[{"@type":"SearchAction","target":{"@type":"EntryPoint","urlTemplate":"https:\/\/cokhitanminh.com\/may-dong-goi\/?s={search_term_string}"},"query-input":"required name=search_term_string"}],"inLanguage":"vi"},{"@type":"ImageObject","@id":"https:\/\/cokhitanminh.com\/may-dong-goi\/may-dong-goi-3-chieu-chi-xe-dang-keo-502-bao-thuoc-la-tmdg-i71\/#primaryimage","inLanguage":"vi","url":"https:\/\/cokhitanminh.com\/may-dong-goi\/wp-content\/uploads\/2021\/12\/may-dong-goi-3-chieu-chi-xe-dang-keo-502-bao-thuoc-la-tmdg-i71-ckmdg-1-scaled.jpg","contentUrl":"https:\/\/cokhitanminh.com\/may-dong-goi\/wp-content\/uploads\/2021\/12\/may-dong-goi-3-chieu-chi-xe-dang-keo-502-bao-thuoc-la-tmdg-i71-ckmdg-1-scaled.jpg","width":2560,"height":2560,"caption":"?????????????????????????????????????????????????????????"},{"@type":"WebPage","@id":"https:\/\/cokhitanminh.com\/may-dong-goi\/may-dong-goi-3-chieu-chi-xe-dang-keo-502-bao-thuoc-la-tmdg-i71\/#webpage","url":"https:\/\/cokhitanminh.com\/may-dong-goi\/may-dong-goi-3-chieu-chi-xe-dang-keo-502-bao-thuoc-la-tmdg-i71\/","name":"M\u00e1y \u0111\u00f3ng g\u00f3i 3 chi\u1ec1u (ch\u1ec9 x\u00e9) d\u1ea1ng keo 502, bao thu\u1ed1c l\u00e1 (TM\u0110G-I71)","isPartOf":{"@id":"https:\/\/cokhitanminh.com\/may-dong-goi\/#website"},"primaryImageOfPage":{"@id":"https:\/\/cokhitanminh.com\/may-dong-goi\/may-dong-goi-3-chieu-chi-xe-dang-keo-502-bao-thuoc-la-tmdg-i71\/#primaryimage"},"datePublished":"2021-12-04T03:39:21+00:00","dateModified":"2021-12-07T02:38:29+00:00","description":"M\u00e1y \u0111\u00f3ng g\u00f3i 3 chi\u1ec1u (ch\u1ec9 x\u00e9) d\u1ea1ng keo 502, bao thu\u1ed1c l\u00e1 - Li\u00ean h\u1ec7 Hotline 1: 1900 2861 | Hotline 2: 09 67 68 69 11 \u0110\u1ec3 \u0111\u01b0\u1ee3c t\u01b0 v\u1ea5n mi\u1ec5n ph\u00ed!","breadcrumb":{"@id":"https:\/\/cokhitanminh.com\/may-dong-goi\/may-dong-goi-3-chieu-chi-xe-dang-keo-502-bao-thuoc-la-tmdg-i71\/#breadcrumb"},"inLanguage":"vi","potentialAction":[{"@type":"ReadAction","target":["https:\/\/cokhitanminh.com\/may-dong-goi\/may-dong-goi-3-chieu-chi-xe-dang-keo-502-bao-thuoc-la-tmdg-i71\/"]}]},{"@type":"BreadcrumbList","@id":"https:\/\/cokhitanminh.com\/may-dong-goi\/may-dong-goi-3-chieu-chi-xe-dang-keo-502-bao-thuoc-la-tmdg-i71\/#breadcrumb","itemListElement":[{"@type":"ListItem","position":1,"name":"Trang ch\u1ee7","item":"https:\/\/cokhitanminh.com\/may-dong-goi\/"},{"@type":"ListItem","position":2,"name":"C\u1eeda h\u00e0ng","item":"https:\/\/cokhitanminh.com\/may-dong-goi\/mua\/"},{"@type":"ListItem","position":3,"name":"M\u00e1y \u0111\u00f3ng g\u00f3i 3 chi\u1ec1u (ch\u1ec9 x\u00e9) d\u1ea1ng keo 502, bao thu\u1ed1c l\u00e1 (TM\u0110G-I71)"}]}]}},"_links":{"self":[{"href":"https:\/\/cokhitanminh.com\/may-dong-goi\/wp-json\/wp\/v2\/product\/2902","targetHints":{"allow":["GET"]}}],"collection":[{"href":"https:\/\/cokhitanminh.com\/may-dong-goi\/wp-json\/wp\/v2\/product"}],"about":[{"href":"https:\/\/cokhitanminh.com\/may-dong-goi\/wp-json\/wp\/v2\/types\/product"}],"replies":[{"embeddable":true,"href":"https:\/\/cokhitanminh.com\/may-dong-goi\/wp-json\/wp\/v2\/comments?post=2902"}],"wp:featuredmedia":[{"embeddable":true,"href":"https:\/\/cokhitanminh.com\/may-dong-goi\/wp-json\/wp\/v2\/media\/3945"}],"wp:attachment":[{"href":"https:\/\/cokhitanminh.com\/may-dong-goi\/wp-json\/wp\/v2\/media?parent=2902"}],"curies":[{"name":"wp","href":"https:\/\/api.w.org\/{rel}","templated":true}]}}