{"id":2482,"date":"2021-12-04T03:30:05","date_gmt":"2021-12-04T03:30:05","guid":{"rendered":"https:\/\/cokhitanminh.com\/may-dong-goi\/?post_type=product&#038;p=2482"},"modified":"2021-12-10T02:31:53","modified_gmt":"2021-12-10T02:31:53","slug":"day-chuyen-san-xuat-khan-uot-jy-d100-tmdc-db05","status":"publish","type":"product","link":"https:\/\/cokhitanminh.com\/may-dong-goi\/day-chuyen-san-xuat-khan-uot-jy-d100-tmdc-db05\/","title":{"rendered":"D\u00c2Y CHUY\u1ec0N S\u1ea2N XU\u1ea4T KH\u0102N \u01af\u1edaT JY-D100 (TMDC-DB05)"},"content":{"rendered":"<h3><strong><a href=\"https:\/\/cokhitanminh.com\/may-dong-goi\/day-chuyen-san-xuat-khan-uot-jy-d100-tmdc-db05\/\"><em>D\u00e2y chuy\u1ec1n s\u1ea3n xu\u1ea5t kh\u0103n \u01b0\u1edbt JY-D100<\/em><\/a> (TMDC-DB05)<\/strong><\/h3>\n<p><em><strong>D\u00e2y chuy\u1ec1n s\u1ea3n xu\u1ea5t kh\u0103n \u01b0\u1edbt JY-D100<\/strong><\/em> (TMDC-DB05)\u00a0\u0111\u01b0\u1ee3c nghi\u00ean c\u1ee9u s\u1ea3n xu\u1ea5t v\u00e0 ph\u00e2n ph\u1ed1i tr\u00ean to\u00e0n qu\u1ed1c. T\u1ea5t c\u1ea3 c\u00e1c s\u1ea3n ph\u1ea9m c\u1ee7a ch\u00fang t\u00f4i \u0111\u1ec1u \u0111\u01b0\u1ee3c ki\u1ec3m tra k\u1ef9 l\u01b0\u1ee1ng v\u00e0 v\u1eadn h\u00e0nh th\u1ef1c t\u1ebf \u0111\u1ec3 lu\u00f4n \u0111\u1ea3m b\u1ea3o ch\u1ea5t l\u01b0\u1ee3ng t\u1ed1t nh\u1ea5t tr\u01b0\u1edbc khi b\u00e0n giao thi\u1ebft b\u1ecb cho kh\u00e1ch h\u00e0ng.<\/p>\n<p><strong>Th\u00f4ng s\u1ed1 k\u1ef9 thu\u1eadt:<\/strong><\/p>\n<p>\u2013 Model: TMDC-DB05<\/p>\n<p>\u2013 \u0110i\u1ec7n \u00e1p: 220V\/50Hz<\/p>\n<p>\u2013 C\u00f4ng su\u1ea5t: 2.4Kw<\/p>\n<p>\u2013 T\u1ed1c \u0111\u1ed9 \u0111\u00f3ng g\u00f3i: 80-180 s\u1ea3n ph\u1ea9m\/ph\u00fat<\/p>\n<p>\u2013 K\u00edch th\u01b0\u1edbc g\u00f3i (D x R): (65-200) x (30-100) mm<\/p>\n<p>\u2013 K\u00edch th\u01b0\u1edbc kh\u0103n (D x R): (60-250) x (80-300) mm<\/p>\n<p>\u2013 K\u00edch th\u01b0\u1edbc m\u00e1y: 2100 x 1500 x 1500 mm<\/p>\n<p>\u2013 Tr\u1ecdng l\u01b0\u1ee3ng: 800 kg<\/p>\n<p>\u2013 B\u1ea3o h\u00e0nh: 12 th\u00e1ng<\/p>\n<p><strong>H\u00ecnh \u1ea3nh s\u1ea3n ph\u1ea9m:<\/strong><\/p>\n<p><a href=\"https:\/\/cokhitanminh.com\/may-dong-goi\/wp-content\/uploads\/2021\/12\/day-chuyen-san-xuat-khan-uot-jy-d100-tmdc-db05-cktm.mdg-2.jpg\"><img loading=\"lazy\" decoding=\"async\" class=\"size-full wp-image-4433 aligncenter\" src=\"https:\/\/cokhitanminh.com\/may-dong-goi\/wp-content\/uploads\/2021\/12\/day-chuyen-san-xuat-khan-uot-jy-d100-tmdc-db05-cktm.mdg-2.jpg\" alt=\"\" width=\"500\" height=\"375\" srcset=\"https:\/\/cokhitanminh.com\/may-dong-goi\/wp-content\/uploads\/2021\/12\/day-chuyen-san-xuat-khan-uot-jy-d100-tmdc-db05-cktm.mdg-2.jpg 500w, https:\/\/cokhitanminh.com\/may-dong-goi\/wp-content\/uploads\/2021\/12\/day-chuyen-san-xuat-khan-uot-jy-d100-tmdc-db05-cktm.mdg-2-300x225.jpg 300w\" sizes=\"auto, (max-width: 500px) 100vw, 500px\" \/><\/a> <a href=\"https:\/\/cokhitanminh.com\/may-dong-goi\/wp-content\/uploads\/2021\/12\/day-chuyen-san-xuat-khan-uot-jy-d100-tmdc-db05-cktm.mdg-3.jpg\"><img loading=\"lazy\" decoding=\"async\" class=\"size-full wp-image-4434 aligncenter\" src=\"https:\/\/cokhitanminh.com\/may-dong-goi\/wp-content\/uploads\/2021\/12\/day-chuyen-san-xuat-khan-uot-jy-d100-tmdc-db05-cktm.mdg-3.jpg\" alt=\"\" width=\"500\" height=\"375\" srcset=\"https:\/\/cokhitanminh.com\/may-dong-goi\/wp-content\/uploads\/2021\/12\/day-chuyen-san-xuat-khan-uot-jy-d100-tmdc-db05-cktm.mdg-3.jpg 500w, https:\/\/cokhitanminh.com\/may-dong-goi\/wp-content\/uploads\/2021\/12\/day-chuyen-san-xuat-khan-uot-jy-d100-tmdc-db05-cktm.mdg-3-300x225.jpg 300w\" sizes=\"auto, (max-width: 500px) 100vw, 500px\" \/><\/a> <a href=\"https:\/\/cokhitanminh.com\/may-dong-goi\/wp-content\/uploads\/2021\/12\/day-chuyen-san-xuat-khan-uot-jy-d100-tmdc-db05-cktm.mdg-4.jpg\"><img loading=\"lazy\" decoding=\"async\" class=\"size-full wp-image-4435 aligncenter\" src=\"https:\/\/cokhitanminh.com\/may-dong-goi\/wp-content\/uploads\/2021\/12\/day-chuyen-san-xuat-khan-uot-jy-d100-tmdc-db05-cktm.mdg-4.jpg\" alt=\"\" width=\"500\" height=\"309\" srcset=\"https:\/\/cokhitanminh.com\/may-dong-goi\/wp-content\/uploads\/2021\/12\/day-chuyen-san-xuat-khan-uot-jy-d100-tmdc-db05-cktm.mdg-4.jpg 500w, https:\/\/cokhitanminh.com\/may-dong-goi\/wp-content\/uploads\/2021\/12\/day-chuyen-san-xuat-khan-uot-jy-d100-tmdc-db05-cktm.mdg-4-300x185.jpg 300w\" sizes=\"auto, (max-width: 500px) 100vw, 500px\" \/><\/a> <a href=\"https:\/\/cokhitanminh.com\/may-dong-goi\/wp-content\/uploads\/2021\/12\/day-chuyen-san-xuat-khan-uot-jy-d100-tmdc-db05-cktm.mdg-6.jpg\"><img loading=\"lazy\" decoding=\"async\" class=\"size-full wp-image-4437 aligncenter\" src=\"https:\/\/cokhitanminh.com\/may-dong-goi\/wp-content\/uploads\/2021\/12\/day-chuyen-san-xuat-khan-uot-jy-d100-tmdc-db05-cktm.mdg-6.jpg\" alt=\"\" width=\"500\" height=\"198\" srcset=\"https:\/\/cokhitanminh.com\/may-dong-goi\/wp-content\/uploads\/2021\/12\/day-chuyen-san-xuat-khan-uot-jy-d100-tmdc-db05-cktm.mdg-6.jpg 500w, https:\/\/cokhitanminh.com\/may-dong-goi\/wp-content\/uploads\/2021\/12\/day-chuyen-san-xuat-khan-uot-jy-d100-tmdc-db05-cktm.mdg-6-300x119.jpg 300w\" sizes=\"auto, (max-width: 500px) 100vw, 500px\" \/><\/a><\/p>\n<p>Chi ti\u1ebft s\u1ea3n ph\u1ea9m<strong><em>\u00a0D\u00e2y chuy\u1ec1n s\u1ea3n xu\u1ea5t kh\u0103n \u01b0\u1edbt JY-D100 <\/em><\/strong>xin vui l\u00f2ng li\u00ean h\u1ec7 Hotline: 19002861 \u0110\u1ec3 \u0111\u01b0\u1ee3c t\u01b0 v\u1ea5n ho\u00e0n to\u00e0n mi\u1ec5n ph\u00ed!<\/p>\n","protected":false},"excerpt":{"rendered":"<p>D\u00e2y chuy\u1ec1n s\u1ea3n xu\u1ea5t kh\u0103n \u01b0\u1edbt JY-D100 (TMDC-DB05) D\u00e2y chuy\u1ec1n s\u1ea3n xu\u1ea5t kh\u0103n \u01b0\u1edbt JY-D100 (TMDC-DB05)\u00a0\u0111\u01b0\u1ee3c nghi\u00ean c\u1ee9u s\u1ea3n xu\u1ea5t v\u00e0 ph\u00e2n ph\u1ed1i tr\u00ean to\u00e0n qu\u1ed1c. T\u1ea5t c\u1ea3 c\u00e1c s\u1ea3n ph\u1ea9m c\u1ee7a ch\u00fang t\u00f4i \u0111\u1ec1u \u0111\u01b0\u1ee3c ki\u1ec3m tra k\u1ef9 l\u01b0\u1ee1ng v\u00e0 v\u1eadn h\u00e0nh th\u1ef1c t\u1ebf \u0111\u1ec3 lu\u00f4n \u0111\u1ea3m b\u1ea3o ch\u1ea5t l\u01b0\u1ee3ng t\u1ed1t nh\u1ea5t tr\u01b0\u1edbc khi &#8230;<\/p>\n","protected":false},"featured_media":4436,"comment_status":"open","ping_status":"closed","template":"","meta":[],"class_list":{"0":"post-2482","1":"product","2":"type-product","3":"status-publish","4":"has-post-thumbnail","6":"product_cat-may-siet-dong-nap-vien-mi","8":"first","9":"instock","10":"shipping-taxable","11":"purchasable","12":"product-type-simple"},"brands":[],"yoast_head":"<!-- This site is optimized with the Yoast SEO plugin v17.6 - https:\/\/yoast.com\/wordpress\/plugins\/seo\/ -->\n<title>D\u00e2y chuy\u1ec1n s\u1ea3n xu\u1ea5t kh\u0103n \u01b0\u1edbt JY-D100 | Uy T\u00edn \u2013 Ch\u1ea5t L\u01b0\u1ee3ng<\/title>\n<meta name=\"description\" content=\"D\u00e2y chuy\u1ec1n s\u1ea3n xu\u1ea5t kh\u0103n \u01b0\u1edbt JY-D100 - Gi\u00e1 R\u1ebb - B\u1ea3o H\u00e0nh Chuy\u00ean Nghi\u1ec7p - Chi ti\u1ebft xin li\u00ean h\u1ec7 Hotline: 19002861 \u0110\u1ec3 \u0111\u01b0\u1ee3c t\u01b0 v\u1ea5n ho\u00e0n to\u00e0n mi\u1ec5n ph\u00ed!\" \/>\n<meta name=\"robots\" content=\"index, follow, max-snippet:-1, max-image-preview:large, max-video-preview:-1\" \/>\n<link rel=\"canonical\" href=\"https:\/\/cokhitanminh.com\/may-dong-goi\/day-chuyen-san-xuat-khan-uot-jy-d100-tmdc-db05\/\" \/>\n<meta property=\"og:locale\" content=\"vi_VN\" \/>\n<meta property=\"og:type\" content=\"article\" \/>\n<meta property=\"og:title\" content=\"D\u00e2y chuy\u1ec1n s\u1ea3n xu\u1ea5t kh\u0103n \u01b0\u1edbt JY-D100 | Uy T\u00edn \u2013 Ch\u1ea5t L\u01b0\u1ee3ng\" \/>\n<meta property=\"og:description\" content=\"D\u00e2y chuy\u1ec1n s\u1ea3n xu\u1ea5t kh\u0103n \u01b0\u1edbt JY-D100 - Gi\u00e1 R\u1ebb - B\u1ea3o H\u00e0nh Chuy\u00ean Nghi\u1ec7p - Chi ti\u1ebft xin li\u00ean h\u1ec7 Hotline: 19002861 \u0110\u1ec3 \u0111\u01b0\u1ee3c t\u01b0 v\u1ea5n ho\u00e0n to\u00e0n mi\u1ec5n ph\u00ed!\" \/>\n<meta property=\"og:url\" content=\"https:\/\/cokhitanminh.com\/may-dong-goi\/day-chuyen-san-xuat-khan-uot-jy-d100-tmdc-db05\/\" \/>\n<meta property=\"og:site_name\" content=\"M\u00c1Y \u0110\u00d3NG G\u00d3I T\u00c2N MINH\" \/>\n<meta property=\"article:modified_time\" content=\"2021-12-10T02:31:53+00:00\" \/>\n<meta property=\"og:image\" content=\"https:\/\/cokhitanminh.com\/may-dong-goi\/wp-content\/uploads\/2021\/12\/day-chuyen-san-xuat-khan-uot-jy-d100-tmdc-db05-cktm.mdg-5.jpg\" \/>\n\t<meta property=\"og:image:width\" content=\"560\" \/>\n\t<meta property=\"og:image:height\" content=\"560\" \/>\n<meta name=\"twitter:card\" content=\"summary_large_image\" \/>\n<meta name=\"twitter:label1\" content=\"\u01af\u1edbc t\u00ednh th\u1eddi gian \u0111\u1ecdc\" \/>\n\t<meta name=\"twitter:data1\" content=\"1 ph\u00fat\" \/>\n<script type=\"application\/ld+json\" class=\"yoast-schema-graph\">{\"@context\":\"https:\/\/schema.org\",\"@graph\":[{\"@type\":\"WebSite\",\"@id\":\"https:\/\/cokhitanminh.com\/may-dong-goi\/#website\",\"url\":\"https:\/\/cokhitanminh.com\/may-dong-goi\/\",\"name\":\"M\\u00c1Y \\u0110\\u00d3NG G\\u00d3I T\\u00c2N MINH\",\"description\":\"Chuy\\u00ean gia m\\u00e1y \\u0111\\u00f3ng g\\u00f3i\",\"potentialAction\":[{\"@type\":\"SearchAction\",\"target\":{\"@type\":\"EntryPoint\",\"urlTemplate\":\"https:\/\/cokhitanminh.com\/may-dong-goi\/?s={search_term_string}\"},\"query-input\":\"required name=search_term_string\"}],\"inLanguage\":\"vi\"},{\"@type\":\"ImageObject\",\"@id\":\"https:\/\/cokhitanminh.com\/may-dong-goi\/day-chuyen-san-xuat-khan-uot-jy-d100-tmdc-db05\/#primaryimage\",\"inLanguage\":\"vi\",\"url\":\"https:\/\/cokhitanminh.com\/may-dong-goi\/wp-content\/uploads\/2021\/12\/day-chuyen-san-xuat-khan-uot-jy-d100-tmdc-db05-cktm.mdg-5.jpg\",\"contentUrl\":\"https:\/\/cokhitanminh.com\/may-dong-goi\/wp-content\/uploads\/2021\/12\/day-chuyen-san-xuat-khan-uot-jy-d100-tmdc-db05-cktm.mdg-5.jpg\",\"width\":560,\"height\":560},{\"@type\":\"WebPage\",\"@id\":\"https:\/\/cokhitanminh.com\/may-dong-goi\/day-chuyen-san-xuat-khan-uot-jy-d100-tmdc-db05\/#webpage\",\"url\":\"https:\/\/cokhitanminh.com\/may-dong-goi\/day-chuyen-san-xuat-khan-uot-jy-d100-tmdc-db05\/\",\"name\":\"D\\u00e2y chuy\\u1ec1n s\\u1ea3n xu\\u1ea5t kh\\u0103n \\u01b0\\u1edbt JY-D100 | Uy T\\u00edn \\u2013 Ch\\u1ea5t L\\u01b0\\u1ee3ng\",\"isPartOf\":{\"@id\":\"https:\/\/cokhitanminh.com\/may-dong-goi\/#website\"},\"primaryImageOfPage\":{\"@id\":\"https:\/\/cokhitanminh.com\/may-dong-goi\/day-chuyen-san-xuat-khan-uot-jy-d100-tmdc-db05\/#primaryimage\"},\"datePublished\":\"2021-12-04T03:30:05+00:00\",\"dateModified\":\"2021-12-10T02:31:53+00:00\",\"description\":\"D\\u00e2y chuy\\u1ec1n s\\u1ea3n xu\\u1ea5t kh\\u0103n \\u01b0\\u1edbt JY-D100 - Gi\\u00e1 R\\u1ebb - B\\u1ea3o H\\u00e0nh Chuy\\u00ean Nghi\\u1ec7p - Chi ti\\u1ebft xin li\\u00ean h\\u1ec7 Hotline: 19002861 \\u0110\\u1ec3 \\u0111\\u01b0\\u1ee3c t\\u01b0 v\\u1ea5n ho\\u00e0n to\\u00e0n mi\\u1ec5n ph\\u00ed!\",\"breadcrumb\":{\"@id\":\"https:\/\/cokhitanminh.com\/may-dong-goi\/day-chuyen-san-xuat-khan-uot-jy-d100-tmdc-db05\/#breadcrumb\"},\"inLanguage\":\"vi\",\"potentialAction\":[{\"@type\":\"ReadAction\",\"target\":[\"https:\/\/cokhitanminh.com\/may-dong-goi\/day-chuyen-san-xuat-khan-uot-jy-d100-tmdc-db05\/\"]}]},{\"@type\":\"BreadcrumbList\",\"@id\":\"https:\/\/cokhitanminh.com\/may-dong-goi\/day-chuyen-san-xuat-khan-uot-jy-d100-tmdc-db05\/#breadcrumb\",\"itemListElement\":[{\"@type\":\"ListItem\",\"position\":1,\"name\":\"Trang ch\\u1ee7\",\"item\":\"https:\/\/cokhitanminh.com\/may-dong-goi\/\"},{\"@type\":\"ListItem\",\"position\":2,\"name\":\"C\\u1eeda h\\u00e0ng\",\"item\":\"https:\/\/cokhitanminh.com\/may-dong-goi\/mua\/\"},{\"@type\":\"ListItem\",\"position\":3,\"name\":\"D\\u00c2Y CHUY\\u1ec0N S\\u1ea2N XU\\u1ea4T KH\\u0102N \\u01af\\u1edaT JY-D100 (TMDC-DB05)\"}]}]}<\/script>\n<!-- \/ Yoast SEO plugin. -->","yoast_head_json":{"title":"D\u00e2y chuy\u1ec1n s\u1ea3n xu\u1ea5t kh\u0103n \u01b0\u1edbt JY-D100 | Uy T\u00edn \u2013 Ch\u1ea5t L\u01b0\u1ee3ng","description":"D\u00e2y chuy\u1ec1n s\u1ea3n xu\u1ea5t kh\u0103n \u01b0\u1edbt JY-D100 - Gi\u00e1 R\u1ebb - B\u1ea3o H\u00e0nh Chuy\u00ean Nghi\u1ec7p - Chi ti\u1ebft xin li\u00ean h\u1ec7 Hotline: 19002861 \u0110\u1ec3 \u0111\u01b0\u1ee3c t\u01b0 v\u1ea5n ho\u00e0n to\u00e0n mi\u1ec5n ph\u00ed!","robots":{"index":"index","follow":"follow","max-snippet":"max-snippet:-1","max-image-preview":"max-image-preview:large","max-video-preview":"max-video-preview:-1"},"canonical":"https:\/\/cokhitanminh.com\/may-dong-goi\/day-chuyen-san-xuat-khan-uot-jy-d100-tmdc-db05\/","og_locale":"vi_VN","og_type":"article","og_title":"D\u00e2y chuy\u1ec1n s\u1ea3n xu\u1ea5t kh\u0103n \u01b0\u1edbt JY-D100 | Uy T\u00edn \u2013 Ch\u1ea5t L\u01b0\u1ee3ng","og_description":"D\u00e2y chuy\u1ec1n s\u1ea3n xu\u1ea5t kh\u0103n \u01b0\u1edbt JY-D100 - Gi\u00e1 R\u1ebb - B\u1ea3o H\u00e0nh Chuy\u00ean Nghi\u1ec7p - Chi ti\u1ebft xin li\u00ean h\u1ec7 Hotline: 19002861 \u0110\u1ec3 \u0111\u01b0\u1ee3c t\u01b0 v\u1ea5n ho\u00e0n to\u00e0n mi\u1ec5n ph\u00ed!","og_url":"https:\/\/cokhitanminh.com\/may-dong-goi\/day-chuyen-san-xuat-khan-uot-jy-d100-tmdc-db05\/","og_site_name":"M\u00c1Y \u0110\u00d3NG G\u00d3I T\u00c2N MINH","article_modified_time":"2021-12-10T02:31:53+00:00","og_image":[{"width":560,"height":560,"url":"https:\/\/cokhitanminh.com\/may-dong-goi\/wp-content\/uploads\/2021\/12\/day-chuyen-san-xuat-khan-uot-jy-d100-tmdc-db05-cktm.mdg-5.jpg","type":"image\/jpeg"}],"twitter_card":"summary_large_image","twitter_misc":{"\u01af\u1edbc t\u00ednh th\u1eddi gian \u0111\u1ecdc":"1 ph\u00fat"},"schema":{"@context":"https:\/\/schema.org","@graph":[{"@type":"WebSite","@id":"https:\/\/cokhitanminh.com\/may-dong-goi\/#website","url":"https:\/\/cokhitanminh.com\/may-dong-goi\/","name":"M\u00c1Y \u0110\u00d3NG G\u00d3I T\u00c2N MINH","description":"Chuy\u00ean gia m\u00e1y \u0111\u00f3ng g\u00f3i","potentialAction":[{"@type":"SearchAction","target":{"@type":"EntryPoint","urlTemplate":"https:\/\/cokhitanminh.com\/may-dong-goi\/?s={search_term_string}"},"query-input":"required name=search_term_string"}],"inLanguage":"vi"},{"@type":"ImageObject","@id":"https:\/\/cokhitanminh.com\/may-dong-goi\/day-chuyen-san-xuat-khan-uot-jy-d100-tmdc-db05\/#primaryimage","inLanguage":"vi","url":"https:\/\/cokhitanminh.com\/may-dong-goi\/wp-content\/uploads\/2021\/12\/day-chuyen-san-xuat-khan-uot-jy-d100-tmdc-db05-cktm.mdg-5.jpg","contentUrl":"https:\/\/cokhitanminh.com\/may-dong-goi\/wp-content\/uploads\/2021\/12\/day-chuyen-san-xuat-khan-uot-jy-d100-tmdc-db05-cktm.mdg-5.jpg","width":560,"height":560},{"@type":"WebPage","@id":"https:\/\/cokhitanminh.com\/may-dong-goi\/day-chuyen-san-xuat-khan-uot-jy-d100-tmdc-db05\/#webpage","url":"https:\/\/cokhitanminh.com\/may-dong-goi\/day-chuyen-san-xuat-khan-uot-jy-d100-tmdc-db05\/","name":"D\u00e2y chuy\u1ec1n s\u1ea3n xu\u1ea5t kh\u0103n \u01b0\u1edbt JY-D100 | Uy T\u00edn \u2013 Ch\u1ea5t L\u01b0\u1ee3ng","isPartOf":{"@id":"https:\/\/cokhitanminh.com\/may-dong-goi\/#website"},"primaryImageOfPage":{"@id":"https:\/\/cokhitanminh.com\/may-dong-goi\/day-chuyen-san-xuat-khan-uot-jy-d100-tmdc-db05\/#primaryimage"},"datePublished":"2021-12-04T03:30:05+00:00","dateModified":"2021-12-10T02:31:53+00:00","description":"D\u00e2y chuy\u1ec1n s\u1ea3n xu\u1ea5t kh\u0103n \u01b0\u1edbt JY-D100 - Gi\u00e1 R\u1ebb - B\u1ea3o H\u00e0nh Chuy\u00ean Nghi\u1ec7p - Chi ti\u1ebft xin li\u00ean h\u1ec7 Hotline: 19002861 \u0110\u1ec3 \u0111\u01b0\u1ee3c t\u01b0 v\u1ea5n ho\u00e0n to\u00e0n mi\u1ec5n ph\u00ed!","breadcrumb":{"@id":"https:\/\/cokhitanminh.com\/may-dong-goi\/day-chuyen-san-xuat-khan-uot-jy-d100-tmdc-db05\/#breadcrumb"},"inLanguage":"vi","potentialAction":[{"@type":"ReadAction","target":["https:\/\/cokhitanminh.com\/may-dong-goi\/day-chuyen-san-xuat-khan-uot-jy-d100-tmdc-db05\/"]}]},{"@type":"BreadcrumbList","@id":"https:\/\/cokhitanminh.com\/may-dong-goi\/day-chuyen-san-xuat-khan-uot-jy-d100-tmdc-db05\/#breadcrumb","itemListElement":[{"@type":"ListItem","position":1,"name":"Trang ch\u1ee7","item":"https:\/\/cokhitanminh.com\/may-dong-goi\/"},{"@type":"ListItem","position":2,"name":"C\u1eeda h\u00e0ng","item":"https:\/\/cokhitanminh.com\/may-dong-goi\/mua\/"},{"@type":"ListItem","position":3,"name":"D\u00c2Y CHUY\u1ec0N S\u1ea2N XU\u1ea4T KH\u0102N \u01af\u1edaT JY-D100 (TMDC-DB05)"}]}]}},"_links":{"self":[{"href":"https:\/\/cokhitanminh.com\/may-dong-goi\/wp-json\/wp\/v2\/product\/2482","targetHints":{"allow":["GET"]}}],"collection":[{"href":"https:\/\/cokhitanminh.com\/may-dong-goi\/wp-json\/wp\/v2\/product"}],"about":[{"href":"https:\/\/cokhitanminh.com\/may-dong-goi\/wp-json\/wp\/v2\/types\/product"}],"replies":[{"embeddable":true,"href":"https:\/\/cokhitanminh.com\/may-dong-goi\/wp-json\/wp\/v2\/comments?post=2482"}],"wp:featuredmedia":[{"embeddable":true,"href":"https:\/\/cokhitanminh.com\/may-dong-goi\/wp-json\/wp\/v2\/media\/4436"}],"wp:attachment":[{"href":"https:\/\/cokhitanminh.com\/may-dong-goi\/wp-json\/wp\/v2\/media?parent=2482"}],"curies":[{"name":"wp","href":"https:\/\/api.w.org\/{rel}","templated":true}]}}