{"id":2343,"date":"2021-12-04T03:27:49","date_gmt":"2021-12-04T03:27:49","guid":{"rendered":"https:\/\/cokhitanminh.com\/may-dong-goi\/?post_type=product&#038;p=2343"},"modified":"2024-09-04T08:10:53","modified_gmt":"2024-09-04T08:10:53","slug":"may-in-date-tu-dong-bang-tai-530-tan-minh-tmdg-d08","status":"publish","type":"product","link":"https:\/\/cokhitanminh.com\/may-dong-goi\/may-in-date-tu-dong-bang-tai-530-tan-minh-tmdg-d08\/","title":{"rendered":"M\u00e1y in date t\u1ef1 \u0111\u1ed9ng b\u0103ng t\u1ea3i 530 T\u00e2n Minh (TM\u0110G-D08)"},"content":{"rendered":"<h3 style=\"text-align: justify;\"><em><strong>M<a href=\"https:\/\/cokhitanminh.com\/may-dong-goi\/may-in-date-tu-dong-bang-tai-530-tan-minh-tmdg-d08\/\">\u00e1y in date t\u1ef1 \u0111\u1ed9ng b\u0103ng t\u1ea3i 530 T\u00e2n Minh<\/a><\/strong><\/em> (TM\u0110G-D08)<\/h3>\n<p style=\"text-align: justify;\"><em><strong>M\u00e1y in date t\u1ef1 \u0111\u1ed9ng b\u0103ng t\u1ea3i 530 T\u00e2n Minh<\/strong> <\/em>(TM\u0110G-D08) \u0111\u01b0\u1ee3c nghi\u00ean c\u1ee9u s\u1ea3n xu\u1ea5t v\u00e0 ph\u00e2n ph\u1ed1i tr\u00ean to\u00e0n qu\u1ed1c. T\u1ea5t c\u1ea3 c\u00e1c s\u1ea3n ph\u1ea9m c\u1ee7a ch\u00fang t\u00f4i \u0111\u1ec1u \u0111\u01b0\u1ee3c ki\u1ec3m tra k\u1ef9 l\u01b0\u1ee1ng v\u00e0 v\u1eadn h\u00e0nh th\u1ef1c t\u1ebf \u0111\u1ec3 lu\u00f4n \u0111\u1ea3m b\u1ea3o ch\u1ea5t l\u01b0\u1ee3ng t\u1ed1t nh\u1ea5t tr\u01b0\u1edbc khi b\u00e0n giao thi\u1ebft b\u1ecb cho kh\u00e1ch h\u00e0ng.<\/p>\n<p style=\"text-align: justify;\"><strong>Th\u00f4ng s\u1ed1 k\u1ef9 thu\u1eadt:<\/strong><\/p>\n<p>\u2013 Model: TM\u0110G-D08<\/p>\n<p><strong>1. Th\u00f4ng s\u1ed1 B\u0103ng t\u1ea3i:<\/strong><\/p>\n<p>\u2013 \u0110i\u1ec7n \u00e1p: 220V\/50Hz<\/p>\n<p>\u2013 C\u00f4ng su\u1ea5t: 60W<\/p>\n<p>\u2013 T\u1ed1c \u0111\u1ed9 b\u0103ng t\u1ea3i: 10 &#8211; 25 m\/ ph\u00fat<\/p>\n<p>\u2013 Chi\u1ec1u r\u1ed9ng b\u0103ng t\u1ea3i:\u00a0190 mm<\/p>\n<p>\u2013 K\u00edch th\u01b0\u1edbc: 1500 x 300 x 750 mm<\/p>\n<p>\u2013 Tr\u1ecdng l\u01b0\u1ee3ng: 16 Kg<\/p>\n<p>\u2013 Ch\u1ea5t li\u1ec7u khung: Inox<\/p>\n<p><strong>2. Th\u00f4ng s\u1ed1 M\u00e1y in:<\/strong><\/p>\n<p>\u2013 Pin dung l\u01b0\u1ee3ng:\u00a0Li-ion, 14.8VDC, 2600 mAh<\/p>\n<p>\u2013 C\u00f4ng Su\u1ea5t: 5W<\/p>\n<p>\u2013 Ch\u1ee9c n\u0103ng:\u00a0In s\u1ed1, ch\u1eef, logo, m\u00e3 v\u1ea1ch, m\u00e3 QR Code<\/p>\n<p>\u2013 T\u1ed1c \u0111\u1ed9 in:\u00a070m\/ ph\u00fat \uff08t\u1ed1c \u0111\u1ed9 t\u1ed1i \u0111a tr\u00ean b\u0103ng t\u1ea3i)<\/p>\n<p>\u2013 Chi\u1ec1u cao k\u00fd t\u1ef1 in:\u00a02-12,7mm<\/p>\n<p>\u2013 S\u1ed1 d\u00f2ng in:\u00a01-4 d\u00f2ng<\/p>\n<p>\u2013 Kho\u1ea3ng c\u00e1ch in:\u00a02-5mm<\/p>\n<p>\u2013 Ch\u1ea5t li\u1ec7u in l\u00ean:\u00a0th\u00f9ng gi\u1ea5y,g\u1ed7,chai nh\u1ef1a, \u1ed1ng kim lo\u1ea1i, \u2026<\/p>\n<p>\u2013 Dung t\u00edch h\u1ed9p m\u1ef1c:\u00a042ml<\/p>\n<p>\u2013 K\u00edch th\u01b0\u1edbc m\u00e1y:\u00a0240 x 120 x 100 mm<\/p>\n<p>\u2013 Tr\u1ecdng l\u01b0\u1ee3ng m\u00e1y: 1.18 Kg<\/p>\n<p>\u2013 Ch\u1ea5t li\u1ec7u:\u00a0v\u1ecf m\u00e1y b\u1eb1ng h\u1ee3p kim ABS, tay c\u1ea7n nh\u1ef1a<\/p>\n<p>\u2013 B\u1ea3o h\u00e0nh: 12 th\u00e1ng<\/p>\n<p style=\"text-align: justify;\"><strong>H\u00ecnh \u1ea3nh s\u1ea3n ph\u1ea9m:<\/strong><\/p>\n<p><a href=\"https:\/\/cokhitanminh.com\/may-dong-goi\/wp-content\/uploads\/2021\/12\/may-in-date-tu-dong-bang-tai-530-tan-minh-tmdg-d08-cktmmdg-2.jpg\"><img loading=\"lazy\" decoding=\"async\" class=\"aligncenter wp-image-7004 size-full\" src=\"https:\/\/cokhitanminh.com\/may-dong-goi\/wp-content\/uploads\/2021\/12\/may-in-date-tu-dong-bang-tai-530-tan-minh-tmdg-d08-cktmmdg-2.jpg\" alt=\"\" width=\"800\" height=\"400\" srcset=\"https:\/\/cokhitanminh.com\/may-dong-goi\/wp-content\/uploads\/2021\/12\/may-in-date-tu-dong-bang-tai-530-tan-minh-tmdg-d08-cktmmdg-2.jpg 800w, https:\/\/cokhitanminh.com\/may-dong-goi\/wp-content\/uploads\/2021\/12\/may-in-date-tu-dong-bang-tai-530-tan-minh-tmdg-d08-cktmmdg-2-300x150.jpg 300w, https:\/\/cokhitanminh.com\/may-dong-goi\/wp-content\/uploads\/2021\/12\/may-in-date-tu-dong-bang-tai-530-tan-minh-tmdg-d08-cktmmdg-2-768x384.jpg 768w, https:\/\/cokhitanminh.com\/may-dong-goi\/wp-content\/uploads\/2021\/12\/may-in-date-tu-dong-bang-tai-530-tan-minh-tmdg-d08-cktmmdg-2-600x300.jpg 600w\" sizes=\"auto, (max-width: 800px) 100vw, 800px\" \/><\/a><\/p>\n<p><a href=\"https:\/\/cokhitanminh.com\/may-dong-goi\/wp-content\/uploads\/2021\/12\/may-in-date-tu-dong-bang-tai-530-tan-minh-tmdg-d08-cktmmdg-3.jpg\"><img loading=\"lazy\" decoding=\"async\" class=\"aligncenter wp-image-7005 size-full\" src=\"https:\/\/cokhitanminh.com\/may-dong-goi\/wp-content\/uploads\/2021\/12\/may-in-date-tu-dong-bang-tai-530-tan-minh-tmdg-d08-cktmmdg-3.jpg\" alt=\"\" width=\"600\" height=\"600\" srcset=\"https:\/\/cokhitanminh.com\/may-dong-goi\/wp-content\/uploads\/2021\/12\/may-in-date-tu-dong-bang-tai-530-tan-minh-tmdg-d08-cktmmdg-3.jpg 600w, https:\/\/cokhitanminh.com\/may-dong-goi\/wp-content\/uploads\/2021\/12\/may-in-date-tu-dong-bang-tai-530-tan-minh-tmdg-d08-cktmmdg-3-300x300.jpg 300w, https:\/\/cokhitanminh.com\/may-dong-goi\/wp-content\/uploads\/2021\/12\/may-in-date-tu-dong-bang-tai-530-tan-minh-tmdg-d08-cktmmdg-3-150x150.jpg 150w, https:\/\/cokhitanminh.com\/may-dong-goi\/wp-content\/uploads\/2021\/12\/may-in-date-tu-dong-bang-tai-530-tan-minh-tmdg-d08-cktmmdg-3-100x100.jpg 100w\" sizes=\"auto, (max-width: 600px) 100vw, 600px\" \/><\/a><\/p>\n<p><a href=\"https:\/\/cokhitanminh.com\/may-dong-goi\/wp-content\/uploads\/2021\/12\/may-in-date-tu-dong-bang-tai-530-tan-minh-tmdg-d08-cktmmdg-4.jpg\"><img loading=\"lazy\" decoding=\"async\" class=\"aligncenter wp-image-7006 size-full\" src=\"https:\/\/cokhitanminh.com\/may-dong-goi\/wp-content\/uploads\/2021\/12\/may-in-date-tu-dong-bang-tai-530-tan-minh-tmdg-d08-cktmmdg-4.jpg\" alt=\"\" width=\"600\" height=\"573\" srcset=\"https:\/\/cokhitanminh.com\/may-dong-goi\/wp-content\/uploads\/2021\/12\/may-in-date-tu-dong-bang-tai-530-tan-minh-tmdg-d08-cktmmdg-4.jpg 600w, https:\/\/cokhitanminh.com\/may-dong-goi\/wp-content\/uploads\/2021\/12\/may-in-date-tu-dong-bang-tai-530-tan-minh-tmdg-d08-cktmmdg-4-300x287.jpg 300w\" sizes=\"auto, (max-width: 600px) 100vw, 600px\" \/><\/a><\/p>\n<p><a href=\"https:\/\/cokhitanminh.com\/may-dong-goi\/wp-content\/uploads\/2021\/12\/may-in-date-tu-dong-bang-tai-530-tan-minh-tmdg-d08-cktmmdg-5.jpg\"><img loading=\"lazy\" decoding=\"async\" class=\"aligncenter wp-image-7007 size-full\" src=\"https:\/\/cokhitanminh.com\/may-dong-goi\/wp-content\/uploads\/2021\/12\/may-in-date-tu-dong-bang-tai-530-tan-minh-tmdg-d08-cktmmdg-5.jpg\" alt=\"\" width=\"600\" height=\"401\" srcset=\"https:\/\/cokhitanminh.com\/may-dong-goi\/wp-content\/uploads\/2021\/12\/may-in-date-tu-dong-bang-tai-530-tan-minh-tmdg-d08-cktmmdg-5.jpg 600w, https:\/\/cokhitanminh.com\/may-dong-goi\/wp-content\/uploads\/2021\/12\/may-in-date-tu-dong-bang-tai-530-tan-minh-tmdg-d08-cktmmdg-5-300x201.jpg 300w\" sizes=\"auto, (max-width: 600px) 100vw, 600px\" \/><\/a><\/p>\n<p><a href=\"https:\/\/cokhitanminh.com\/may-dong-goi\/wp-content\/uploads\/2021\/12\/may-in-date-tu-dong-bang-tai-530-tan-minh-tmdg-d08-cktmmdg-6.jpg\"><img loading=\"lazy\" decoding=\"async\" class=\"aligncenter wp-image-7008 size-full\" src=\"https:\/\/cokhitanminh.com\/may-dong-goi\/wp-content\/uploads\/2021\/12\/may-in-date-tu-dong-bang-tai-530-tan-minh-tmdg-d08-cktmmdg-6.jpg\" alt=\"\" width=\"600\" height=\"595\" srcset=\"https:\/\/cokhitanminh.com\/may-dong-goi\/wp-content\/uploads\/2021\/12\/may-in-date-tu-dong-bang-tai-530-tan-minh-tmdg-d08-cktmmdg-6.jpg 600w, https:\/\/cokhitanminh.com\/may-dong-goi\/wp-content\/uploads\/2021\/12\/may-in-date-tu-dong-bang-tai-530-tan-minh-tmdg-d08-cktmmdg-6-300x298.jpg 300w, https:\/\/cokhitanminh.com\/may-dong-goi\/wp-content\/uploads\/2021\/12\/may-in-date-tu-dong-bang-tai-530-tan-minh-tmdg-d08-cktmmdg-6-150x150.jpg 150w, https:\/\/cokhitanminh.com\/may-dong-goi\/wp-content\/uploads\/2021\/12\/may-in-date-tu-dong-bang-tai-530-tan-minh-tmdg-d08-cktmmdg-6-100x100.jpg 100w\" sizes=\"auto, (max-width: 600px) 100vw, 600px\" \/><\/a><\/p>\n<p><a href=\"https:\/\/cokhitanminh.com\/may-dong-goi\/wp-content\/uploads\/2021\/12\/may-in-date-tu-dong-bang-tai-530-tan-minh-tmdg-d08-cktmmdg-7.jpg\"><img loading=\"lazy\" decoding=\"async\" class=\"aligncenter wp-image-7009 size-full\" src=\"https:\/\/cokhitanminh.com\/may-dong-goi\/wp-content\/uploads\/2021\/12\/may-in-date-tu-dong-bang-tai-530-tan-minh-tmdg-d08-cktmmdg-7.jpg\" alt=\"\" width=\"600\" height=\"644\" srcset=\"https:\/\/cokhitanminh.com\/may-dong-goi\/wp-content\/uploads\/2021\/12\/may-in-date-tu-dong-bang-tai-530-tan-minh-tmdg-d08-cktmmdg-7.jpg 600w, https:\/\/cokhitanminh.com\/may-dong-goi\/wp-content\/uploads\/2021\/12\/may-in-date-tu-dong-bang-tai-530-tan-minh-tmdg-d08-cktmmdg-7-280x300.jpg 280w\" sizes=\"auto, (max-width: 600px) 100vw, 600px\" \/><\/a><\/p>\n<p style=\"text-align: justify;\">Chi ti\u1ebft s\u1ea3n ph\u1ea9m <em><strong>M\u00e1y in date t\u1ef1 \u0111\u1ed9ng b\u0103ng t\u1ea3i 530 T\u00e2n Minh<\/strong><\/em> (TM\u0110G-D08) xin vui l\u00f2ng li\u00ean h\u1ec7 Hotline: 19002861 \u0110\u1ec3 \u0111\u01b0\u1ee3c t\u01b0 v\u1ea5n ho\u00e0n to\u00e0n mi\u1ec5n ph\u00ed!<\/p>\n","protected":false},"excerpt":{"rendered":"<p>M\u00e1y in date t\u1ef1 \u0111\u1ed9ng b\u0103ng t\u1ea3i 530 T\u00e2n Minh (TM\u0110G-D08) M\u00e1y in date t\u1ef1 \u0111\u1ed9ng b\u0103ng t\u1ea3i 530 T\u00e2n Minh (TM\u0110G-D08) \u0111\u01b0\u1ee3c nghi\u00ean c\u1ee9u s\u1ea3n xu\u1ea5t v\u00e0 ph\u00e2n ph\u1ed1i tr\u00ean to\u00e0n qu\u1ed1c. T\u1ea5t c\u1ea3 c\u00e1c s\u1ea3n ph\u1ea9m c\u1ee7a ch\u00fang t\u00f4i \u0111\u1ec1u \u0111\u01b0\u1ee3c ki\u1ec3m tra k\u1ef9 l\u01b0\u1ee1ng v\u00e0 v\u1eadn h\u00e0nh th\u1ef1c t\u1ebf \u0111\u1ec3 lu\u00f4n \u0111\u1ea3m &#8230;<\/p>\n","protected":false},"featured_media":2387,"comment_status":"open","ping_status":"closed","template":"","meta":[],"class_list":{"0":"post-2343","1":"product","2":"type-product","3":"status-publish","4":"has-post-thumbnail","6":"product_cat-may-in-han-su-dung-in-ma-vach","8":"first","9":"instock","10":"shipping-taxable","11":"purchasable","12":"product-type-simple"},"brands":[],"yoast_head":"<!-- This site is optimized with the Yoast SEO plugin v17.6 - https:\/\/yoast.com\/wordpress\/plugins\/seo\/ -->\n<title>M\u00e1y in date t\u1ef1 \u0111\u1ed9ng b\u0103ng t\u1ea3i 530 T\u00e2n Minh (TM\u0110G-D08) - M\u00c1Y \u0110\u00d3NG G\u00d3I T\u00c2N MINH<\/title>\n<meta name=\"description\" content=\"M\u00e1y in date t\u1ef1 \u0111\u1ed9ng b\u0103ng t\u1ea3i 530 T\u00e2n Minh (TM\u0110G-D08) uy t\u00edn ch\u1ea5t l\u01b0\u1ee3ng Li\u00ean h\u1ec7 Hotline 1: 1900 2861 | Hotline 2: 09 67 68 69 11 \u0110\u1ec3 \u0111\u01b0\u1ee3c t\u01b0 v\u1ea5n mi\u1ec5n ph\u00ed!\" \/>\n<meta name=\"robots\" content=\"index, follow, max-snippet:-1, max-image-preview:large, max-video-preview:-1\" \/>\n<link rel=\"canonical\" href=\"https:\/\/cokhitanminh.com\/may-dong-goi\/may-in-date-tu-dong-bang-tai-530-tan-minh-tmdg-d08\/\" \/>\n<meta property=\"og:locale\" content=\"vi_VN\" \/>\n<meta property=\"og:type\" content=\"article\" \/>\n<meta property=\"og:title\" content=\"M\u00e1y in date t\u1ef1 \u0111\u1ed9ng b\u0103ng t\u1ea3i 530 T\u00e2n Minh (TM\u0110G-D08) - M\u00c1Y \u0110\u00d3NG G\u00d3I T\u00c2N MINH\" \/>\n<meta property=\"og:description\" content=\"M\u00e1y in date t\u1ef1 \u0111\u1ed9ng b\u0103ng t\u1ea3i 530 T\u00e2n Minh (TM\u0110G-D08) uy t\u00edn ch\u1ea5t l\u01b0\u1ee3ng Li\u00ean h\u1ec7 Hotline 1: 1900 2861 | Hotline 2: 09 67 68 69 11 \u0110\u1ec3 \u0111\u01b0\u1ee3c t\u01b0 v\u1ea5n mi\u1ec5n ph\u00ed!\" \/>\n<meta property=\"og:url\" content=\"https:\/\/cokhitanminh.com\/may-dong-goi\/may-in-date-tu-dong-bang-tai-530-tan-minh-tmdg-d08\/\" \/>\n<meta property=\"og:site_name\" content=\"M\u00c1Y \u0110\u00d3NG G\u00d3I T\u00c2N MINH\" \/>\n<meta property=\"article:modified_time\" content=\"2024-09-04T08:10:53+00:00\" \/>\n<meta property=\"og:image\" content=\"https:\/\/cokhitanminh.com\/may-dong-goi\/wp-content\/uploads\/2021\/12\/may-in-date-tu-dong-bang-tai-530-tan-minh-tmdg-d08-maydonggoitanminh-1.jpg\" \/>\n\t<meta property=\"og:image:width\" content=\"480\" \/>\n\t<meta property=\"og:image:height\" content=\"480\" \/>\n<meta name=\"twitter:card\" content=\"summary_large_image\" \/>\n<meta name=\"twitter:label1\" content=\"\u01af\u1edbc t\u00ednh th\u1eddi gian \u0111\u1ecdc\" \/>\n\t<meta name=\"twitter:data1\" content=\"3 ph\u00fat\" \/>\n<script type=\"application\/ld+json\" class=\"yoast-schema-graph\">{\"@context\":\"https:\/\/schema.org\",\"@graph\":[{\"@type\":\"WebSite\",\"@id\":\"https:\/\/cokhitanminh.com\/may-dong-goi\/#website\",\"url\":\"https:\/\/cokhitanminh.com\/may-dong-goi\/\",\"name\":\"M\\u00c1Y \\u0110\\u00d3NG G\\u00d3I T\\u00c2N MINH\",\"description\":\"Chuy\\u00ean gia m\\u00e1y \\u0111\\u00f3ng g\\u00f3i\",\"potentialAction\":[{\"@type\":\"SearchAction\",\"target\":{\"@type\":\"EntryPoint\",\"urlTemplate\":\"https:\/\/cokhitanminh.com\/may-dong-goi\/?s={search_term_string}\"},\"query-input\":\"required name=search_term_string\"}],\"inLanguage\":\"vi\"},{\"@type\":\"ImageObject\",\"@id\":\"https:\/\/cokhitanminh.com\/may-dong-goi\/may-in-date-tu-dong-bang-tai-530-tan-minh-tmdg-d08\/#primaryimage\",\"inLanguage\":\"vi\",\"url\":\"https:\/\/cokhitanminh.com\/may-dong-goi\/wp-content\/uploads\/2021\/12\/may-in-date-tu-dong-bang-tai-530-tan-minh-tmdg-d08-maydonggoitanminh-1.jpg\",\"contentUrl\":\"https:\/\/cokhitanminh.com\/may-dong-goi\/wp-content\/uploads\/2021\/12\/may-in-date-tu-dong-bang-tai-530-tan-minh-tmdg-d08-maydonggoitanminh-1.jpg\",\"width\":480,\"height\":480},{\"@type\":\"WebPage\",\"@id\":\"https:\/\/cokhitanminh.com\/may-dong-goi\/may-in-date-tu-dong-bang-tai-530-tan-minh-tmdg-d08\/#webpage\",\"url\":\"https:\/\/cokhitanminh.com\/may-dong-goi\/may-in-date-tu-dong-bang-tai-530-tan-minh-tmdg-d08\/\",\"name\":\"M\\u00e1y in date t\\u1ef1 \\u0111\\u1ed9ng b\\u0103ng t\\u1ea3i 530 T\\u00e2n Minh (TM\\u0110G-D08) - M\\u00c1Y \\u0110\\u00d3NG G\\u00d3I T\\u00c2N MINH\",\"isPartOf\":{\"@id\":\"https:\/\/cokhitanminh.com\/may-dong-goi\/#website\"},\"primaryImageOfPage\":{\"@id\":\"https:\/\/cokhitanminh.com\/may-dong-goi\/may-in-date-tu-dong-bang-tai-530-tan-minh-tmdg-d08\/#primaryimage\"},\"datePublished\":\"2021-12-04T03:27:49+00:00\",\"dateModified\":\"2024-09-04T08:10:53+00:00\",\"description\":\"M\\u00e1y in date t\\u1ef1 \\u0111\\u1ed9ng b\\u0103ng t\\u1ea3i 530 T\\u00e2n Minh (TM\\u0110G-D08) uy t\\u00edn ch\\u1ea5t l\\u01b0\\u1ee3ng Li\\u00ean h\\u1ec7 Hotline 1: 1900 2861 | Hotline 2: 09 67 68 69 11 \\u0110\\u1ec3 \\u0111\\u01b0\\u1ee3c t\\u01b0 v\\u1ea5n mi\\u1ec5n ph\\u00ed!\",\"breadcrumb\":{\"@id\":\"https:\/\/cokhitanminh.com\/may-dong-goi\/may-in-date-tu-dong-bang-tai-530-tan-minh-tmdg-d08\/#breadcrumb\"},\"inLanguage\":\"vi\",\"potentialAction\":[{\"@type\":\"ReadAction\",\"target\":[\"https:\/\/cokhitanminh.com\/may-dong-goi\/may-in-date-tu-dong-bang-tai-530-tan-minh-tmdg-d08\/\"]}]},{\"@type\":\"BreadcrumbList\",\"@id\":\"https:\/\/cokhitanminh.com\/may-dong-goi\/may-in-date-tu-dong-bang-tai-530-tan-minh-tmdg-d08\/#breadcrumb\",\"itemListElement\":[{\"@type\":\"ListItem\",\"position\":1,\"name\":\"Trang ch\\u1ee7\",\"item\":\"https:\/\/cokhitanminh.com\/may-dong-goi\/\"},{\"@type\":\"ListItem\",\"position\":2,\"name\":\"C\\u1eeda h\\u00e0ng\",\"item\":\"https:\/\/cokhitanminh.com\/may-dong-goi\/mua\/\"},{\"@type\":\"ListItem\",\"position\":3,\"name\":\"M\\u00e1y in date t\\u1ef1 \\u0111\\u1ed9ng b\\u0103ng t\\u1ea3i 530 T\\u00e2n Minh (TM\\u0110G-D08)\"}]}]}<\/script>\n<!-- \/ Yoast SEO plugin. -->","yoast_head_json":{"title":"M\u00e1y in date t\u1ef1 \u0111\u1ed9ng b\u0103ng t\u1ea3i 530 T\u00e2n Minh (TM\u0110G-D08) - M\u00c1Y \u0110\u00d3NG G\u00d3I T\u00c2N MINH","description":"M\u00e1y in date t\u1ef1 \u0111\u1ed9ng b\u0103ng t\u1ea3i 530 T\u00e2n Minh (TM\u0110G-D08) uy t\u00edn ch\u1ea5t l\u01b0\u1ee3ng Li\u00ean h\u1ec7 Hotline 1: 1900 2861 | Hotline 2: 09 67 68 69 11 \u0110\u1ec3 \u0111\u01b0\u1ee3c t\u01b0 v\u1ea5n mi\u1ec5n ph\u00ed!","robots":{"index":"index","follow":"follow","max-snippet":"max-snippet:-1","max-image-preview":"max-image-preview:large","max-video-preview":"max-video-preview:-1"},"canonical":"https:\/\/cokhitanminh.com\/may-dong-goi\/may-in-date-tu-dong-bang-tai-530-tan-minh-tmdg-d08\/","og_locale":"vi_VN","og_type":"article","og_title":"M\u00e1y in date t\u1ef1 \u0111\u1ed9ng b\u0103ng t\u1ea3i 530 T\u00e2n Minh (TM\u0110G-D08) - M\u00c1Y \u0110\u00d3NG G\u00d3I T\u00c2N MINH","og_description":"M\u00e1y in date t\u1ef1 \u0111\u1ed9ng b\u0103ng t\u1ea3i 530 T\u00e2n Minh (TM\u0110G-D08) uy t\u00edn ch\u1ea5t l\u01b0\u1ee3ng Li\u00ean h\u1ec7 Hotline 1: 1900 2861 | Hotline 2: 09 67 68 69 11 \u0110\u1ec3 \u0111\u01b0\u1ee3c t\u01b0 v\u1ea5n mi\u1ec5n ph\u00ed!","og_url":"https:\/\/cokhitanminh.com\/may-dong-goi\/may-in-date-tu-dong-bang-tai-530-tan-minh-tmdg-d08\/","og_site_name":"M\u00c1Y \u0110\u00d3NG G\u00d3I T\u00c2N MINH","article_modified_time":"2024-09-04T08:10:53+00:00","og_image":[{"width":480,"height":480,"url":"https:\/\/cokhitanminh.com\/may-dong-goi\/wp-content\/uploads\/2021\/12\/may-in-date-tu-dong-bang-tai-530-tan-minh-tmdg-d08-maydonggoitanminh-1.jpg","type":"image\/jpeg"}],"twitter_card":"summary_large_image","twitter_misc":{"\u01af\u1edbc t\u00ednh th\u1eddi gian \u0111\u1ecdc":"3 ph\u00fat"},"schema":{"@context":"https:\/\/schema.org","@graph":[{"@type":"WebSite","@id":"https:\/\/cokhitanminh.com\/may-dong-goi\/#website","url":"https:\/\/cokhitanminh.com\/may-dong-goi\/","name":"M\u00c1Y \u0110\u00d3NG G\u00d3I T\u00c2N MINH","description":"Chuy\u00ean gia m\u00e1y \u0111\u00f3ng g\u00f3i","potentialAction":[{"@type":"SearchAction","target":{"@type":"EntryPoint","urlTemplate":"https:\/\/cokhitanminh.com\/may-dong-goi\/?s={search_term_string}"},"query-input":"required name=search_term_string"}],"inLanguage":"vi"},{"@type":"ImageObject","@id":"https:\/\/cokhitanminh.com\/may-dong-goi\/may-in-date-tu-dong-bang-tai-530-tan-minh-tmdg-d08\/#primaryimage","inLanguage":"vi","url":"https:\/\/cokhitanminh.com\/may-dong-goi\/wp-content\/uploads\/2021\/12\/may-in-date-tu-dong-bang-tai-530-tan-minh-tmdg-d08-maydonggoitanminh-1.jpg","contentUrl":"https:\/\/cokhitanminh.com\/may-dong-goi\/wp-content\/uploads\/2021\/12\/may-in-date-tu-dong-bang-tai-530-tan-minh-tmdg-d08-maydonggoitanminh-1.jpg","width":480,"height":480},{"@type":"WebPage","@id":"https:\/\/cokhitanminh.com\/may-dong-goi\/may-in-date-tu-dong-bang-tai-530-tan-minh-tmdg-d08\/#webpage","url":"https:\/\/cokhitanminh.com\/may-dong-goi\/may-in-date-tu-dong-bang-tai-530-tan-minh-tmdg-d08\/","name":"M\u00e1y in date t\u1ef1 \u0111\u1ed9ng b\u0103ng t\u1ea3i 530 T\u00e2n Minh (TM\u0110G-D08) - M\u00c1Y \u0110\u00d3NG G\u00d3I T\u00c2N MINH","isPartOf":{"@id":"https:\/\/cokhitanminh.com\/may-dong-goi\/#website"},"primaryImageOfPage":{"@id":"https:\/\/cokhitanminh.com\/may-dong-goi\/may-in-date-tu-dong-bang-tai-530-tan-minh-tmdg-d08\/#primaryimage"},"datePublished":"2021-12-04T03:27:49+00:00","dateModified":"2024-09-04T08:10:53+00:00","description":"M\u00e1y in date t\u1ef1 \u0111\u1ed9ng b\u0103ng t\u1ea3i 530 T\u00e2n Minh (TM\u0110G-D08) uy t\u00edn ch\u1ea5t l\u01b0\u1ee3ng Li\u00ean h\u1ec7 Hotline 1: 1900 2861 | Hotline 2: 09 67 68 69 11 \u0110\u1ec3 \u0111\u01b0\u1ee3c t\u01b0 v\u1ea5n mi\u1ec5n ph\u00ed!","breadcrumb":{"@id":"https:\/\/cokhitanminh.com\/may-dong-goi\/may-in-date-tu-dong-bang-tai-530-tan-minh-tmdg-d08\/#breadcrumb"},"inLanguage":"vi","potentialAction":[{"@type":"ReadAction","target":["https:\/\/cokhitanminh.com\/may-dong-goi\/may-in-date-tu-dong-bang-tai-530-tan-minh-tmdg-d08\/"]}]},{"@type":"BreadcrumbList","@id":"https:\/\/cokhitanminh.com\/may-dong-goi\/may-in-date-tu-dong-bang-tai-530-tan-minh-tmdg-d08\/#breadcrumb","itemListElement":[{"@type":"ListItem","position":1,"name":"Trang ch\u1ee7","item":"https:\/\/cokhitanminh.com\/may-dong-goi\/"},{"@type":"ListItem","position":2,"name":"C\u1eeda h\u00e0ng","item":"https:\/\/cokhitanminh.com\/may-dong-goi\/mua\/"},{"@type":"ListItem","position":3,"name":"M\u00e1y in date t\u1ef1 \u0111\u1ed9ng b\u0103ng t\u1ea3i 530 T\u00e2n Minh (TM\u0110G-D08)"}]}]}},"_links":{"self":[{"href":"https:\/\/cokhitanminh.com\/may-dong-goi\/wp-json\/wp\/v2\/product\/2343","targetHints":{"allow":["GET"]}}],"collection":[{"href":"https:\/\/cokhitanminh.com\/may-dong-goi\/wp-json\/wp\/v2\/product"}],"about":[{"href":"https:\/\/cokhitanminh.com\/may-dong-goi\/wp-json\/wp\/v2\/types\/product"}],"replies":[{"embeddable":true,"href":"https:\/\/cokhitanminh.com\/may-dong-goi\/wp-json\/wp\/v2\/comments?post=2343"}],"wp:featuredmedia":[{"embeddable":true,"href":"https:\/\/cokhitanminh.com\/may-dong-goi\/wp-json\/wp\/v2\/media\/2387"}],"wp:attachment":[{"href":"https:\/\/cokhitanminh.com\/may-dong-goi\/wp-json\/wp\/v2\/media?parent=2343"}],"curies":[{"name":"wp","href":"https:\/\/api.w.org\/{rel}","templated":true}]}}