{"id":2108,"date":"2021-12-04T03:23:59","date_gmt":"2021-12-04T03:23:59","guid":{"rendered":"https:\/\/cokhitanminh.com\/may-dong-goi\/?post_type=product&#038;p=2108"},"modified":"2023-10-24T08:07:23","modified_gmt":"2023-10-24T08:07:23","slug":"may-han-lien-tuc-fr-900-dang-dung-tmdg-a19","status":"publish","type":"product","link":"https:\/\/cokhitanminh.com\/may-dong-goi\/may-han-lien-tuc-fr-900-dang-dung-tmdg-a19\/","title":{"rendered":"M\u00e1y h\u00e0n li\u00ean t\u1ee5c FR-900 (d\u1ea1ng \u0111\u1ee9ng) (TM\u0110G-A19)"},"content":{"rendered":"<h3 style=\"text-align: justify;\"><a href=\"https:\/\/cokhitanminh.com\/may-dong-goi\/may-han-lien-tuc-fr-900-dang-dung-tmdg-a19\/\"><em><strong>M\u00e1y h\u00e0n li\u00ean t\u1ee5c FR-900 (d\u1ea1ng \u0111\u1ee9ng)<\/strong> <\/em><\/a>(TM\u0110G-A19)<\/h3>\n<p style=\"text-align: justify;\"><em><strong>M\u00e1y h\u00e0n li\u00ean t\u1ee5c FR-900 (d\u1ea1ng \u0111\u1ee9ng)<\/strong> <\/em>(TM\u0110G-A19) \u0111\u01b0\u1ee3c nghi\u00ean c\u1ee9u s\u1ea3n xu\u1ea5t v\u00e0 ph\u00e2n ph\u1ed1i tr\u00ean to\u00e0n qu\u1ed1c. T\u1ea5t c\u1ea3 c\u00e1c s\u1ea3n ph\u1ea9m c\u1ee7a ch\u00fang t\u00f4i \u0111\u1ec1u \u0111\u01b0\u1ee3c ki\u1ec3m tra k\u1ef9 l\u01b0\u1ee1ng v\u00e0 v\u1eadn h\u00e0nh th\u1ef1c t\u1ebf \u0111\u1ec3 lu\u00f4n \u0111\u1ea3m b\u1ea3o ch\u1ea5t l\u01b0\u1ee3ng t\u1ed1t nh\u1ea5t tr\u01b0\u1edbc khi b\u00e0n giao thi\u1ebft b\u1ecb cho kh\u00e1ch h\u00e0ng.<\/p>\n<p style=\"text-align: justify;\"><strong>Th\u00f4ng s\u1ed1 k\u1ef9 thu\u1eadt:<\/strong><\/p>\n<p style=\"text-align: justify;\">\u2013 Model: TM\u0110G-A19<\/p>\n<p style=\"text-align: justify;\">\u2013 \u0110i\u1ec7n \u00e1p: 220V\/50Hz<\/p>\n<p style=\"text-align: justify;\">\u2013 C\u00f4ng su\u1ea5t: 500W<\/p>\n<p style=\"text-align: justify;\">\u2013 \u0110\u1ed9 d\u00e0y m\u00e0ng: 0.02 -0.08mm<\/p>\n<p style=\"text-align: justify;\">\u2013 T\u1ed1c \u0111\u1ed9 b\u0103ng t\u1ea3i: 0-10m\/ph\u00fat<\/p>\n<p style=\"text-align: justify;\">\u2013 Tr\u1ecdng l\u01b0\u1ee3ng t\u1ed1i \u0111a cho b\u0103ng t\u1ea3i: \u2264 5 kg<\/p>\n<p style=\"text-align: justify;\">\u2013 Tr\u1ecdng l\u01b0\u1ee3ng m\u00e1y: 28 kg<\/p>\n<p style=\"text-align: justify;\">\u2013 K\u00edch th\u01b0\u1edbc m\u00e1y: 780 x 710 x 320 mm<\/p>\n<p style=\"text-align: justify;\">\u2013 \u0110\u1ed9 cao ch\u00e2n t\u1ed1i \u0111a: 600-800 mm<\/p>\n<p style=\"text-align: justify;\">\u2013 Ch\u1ea5t li\u1ec7u: s\u01a1n<\/p>\n<p style=\"text-align: justify;\">\u2013 B\u1ea3o h\u00e0nh: 12 th\u00e1ng<\/p>\n<p style=\"text-align: justify;\"><strong>H\u00ecnh \u1ea3nh s\u1ea3n ph\u1ea9m:<\/strong><\/p>\n<p><a href=\"https:\/\/cokhitanminh.com\/may-dong-goi\/wp-content\/uploads\/2021\/12\/may-han-lien-tuc-fr-900-dang-dung-tmdg-a19-2-cokhitanminhcom.jpg\"><img loading=\"lazy\" decoding=\"async\" class=\"aligncenter wp-image-4795\" src=\"https:\/\/cokhitanminh.com\/may-dong-goi\/wp-content\/uploads\/2021\/12\/may-han-lien-tuc-fr-900-dang-dung-tmdg-a19-2-cokhitanminhcom.jpg\" alt=\"\" width=\"750\" height=\"375\" srcset=\"https:\/\/cokhitanminh.com\/may-dong-goi\/wp-content\/uploads\/2021\/12\/may-han-lien-tuc-fr-900-dang-dung-tmdg-a19-2-cokhitanminhcom.jpg 1200w, https:\/\/cokhitanminh.com\/may-dong-goi\/wp-content\/uploads\/2021\/12\/may-han-lien-tuc-fr-900-dang-dung-tmdg-a19-2-cokhitanminhcom-300x150.jpg 300w, https:\/\/cokhitanminh.com\/may-dong-goi\/wp-content\/uploads\/2021\/12\/may-han-lien-tuc-fr-900-dang-dung-tmdg-a19-2-cokhitanminhcom-1024x512.jpg 1024w, https:\/\/cokhitanminh.com\/may-dong-goi\/wp-content\/uploads\/2021\/12\/may-han-lien-tuc-fr-900-dang-dung-tmdg-a19-2-cokhitanminhcom-768x384.jpg 768w, https:\/\/cokhitanminh.com\/may-dong-goi\/wp-content\/uploads\/2021\/12\/may-han-lien-tuc-fr-900-dang-dung-tmdg-a19-2-cokhitanminhcom-600x300.jpg 600w\" sizes=\"auto, (max-width: 750px) 100vw, 750px\" \/><\/a> <a href=\"https:\/\/cokhitanminh.com\/may-dong-goi\/wp-content\/uploads\/2021\/12\/may-han-lien-tuc-fr-900-dang-dung-tmdg-a19-3-cokhitanminhcom.jpg\"><img loading=\"lazy\" decoding=\"async\" class=\"size-full wp-image-4796 aligncenter\" src=\"https:\/\/cokhitanminh.com\/may-dong-goi\/wp-content\/uploads\/2021\/12\/may-han-lien-tuc-fr-900-dang-dung-tmdg-a19-3-cokhitanminhcom.jpg\" alt=\"\" width=\"500\" height=\"485\" srcset=\"https:\/\/cokhitanminh.com\/may-dong-goi\/wp-content\/uploads\/2021\/12\/may-han-lien-tuc-fr-900-dang-dung-tmdg-a19-3-cokhitanminhcom.jpg 500w, https:\/\/cokhitanminh.com\/may-dong-goi\/wp-content\/uploads\/2021\/12\/may-han-lien-tuc-fr-900-dang-dung-tmdg-a19-3-cokhitanminhcom-300x291.jpg 300w\" sizes=\"auto, (max-width: 500px) 100vw, 500px\" \/><\/a> <a href=\"https:\/\/cokhitanminh.com\/may-dong-goi\/wp-content\/uploads\/2021\/12\/may-han-lien-tuc-fr-900-dang-dung-tmdg-a19-4-cokhitanminhcom.jpg\"><img loading=\"lazy\" decoding=\"async\" class=\"size-full wp-image-4797 aligncenter\" src=\"https:\/\/cokhitanminh.com\/may-dong-goi\/wp-content\/uploads\/2021\/12\/may-han-lien-tuc-fr-900-dang-dung-tmdg-a19-4-cokhitanminhcom.jpg\" alt=\"\" width=\"500\" height=\"439\" srcset=\"https:\/\/cokhitanminh.com\/may-dong-goi\/wp-content\/uploads\/2021\/12\/may-han-lien-tuc-fr-900-dang-dung-tmdg-a19-4-cokhitanminhcom.jpg 500w, https:\/\/cokhitanminh.com\/may-dong-goi\/wp-content\/uploads\/2021\/12\/may-han-lien-tuc-fr-900-dang-dung-tmdg-a19-4-cokhitanminhcom-300x263.jpg 300w\" sizes=\"auto, (max-width: 500px) 100vw, 500px\" \/><\/a> <a href=\"https:\/\/cokhitanminh.com\/may-dong-goi\/wp-content\/uploads\/2021\/12\/may-han-lien-tuc-fr-900-dang-dung-tmdg-a19-5-cokhitanminhcom.jpg\"><img loading=\"lazy\" decoding=\"async\" class=\"size-full wp-image-4799 aligncenter\" src=\"https:\/\/cokhitanminh.com\/may-dong-goi\/wp-content\/uploads\/2021\/12\/may-han-lien-tuc-fr-900-dang-dung-tmdg-a19-5-cokhitanminhcom.jpg\" alt=\"\" width=\"500\" height=\"356\" srcset=\"https:\/\/cokhitanminh.com\/may-dong-goi\/wp-content\/uploads\/2021\/12\/may-han-lien-tuc-fr-900-dang-dung-tmdg-a19-5-cokhitanminhcom.jpg 500w, https:\/\/cokhitanminh.com\/may-dong-goi\/wp-content\/uploads\/2021\/12\/may-han-lien-tuc-fr-900-dang-dung-tmdg-a19-5-cokhitanminhcom-300x214.jpg 300w\" sizes=\"auto, (max-width: 500px) 100vw, 500px\" \/><\/a> <a href=\"https:\/\/cokhitanminh.com\/may-dong-goi\/wp-content\/uploads\/2021\/12\/may-han-lien-tuc-fr-900-dang-dung-tmdg-a19-6-cokhitanminhcom.jpg\"><img loading=\"lazy\" decoding=\"async\" class=\"size-full wp-image-4801 aligncenter\" src=\"https:\/\/cokhitanminh.com\/may-dong-goi\/wp-content\/uploads\/2021\/12\/may-han-lien-tuc-fr-900-dang-dung-tmdg-a19-6-cokhitanminhcom.jpg\" alt=\"\" width=\"500\" height=\"356\" srcset=\"https:\/\/cokhitanminh.com\/may-dong-goi\/wp-content\/uploads\/2021\/12\/may-han-lien-tuc-fr-900-dang-dung-tmdg-a19-6-cokhitanminhcom.jpg 500w, https:\/\/cokhitanminh.com\/may-dong-goi\/wp-content\/uploads\/2021\/12\/may-han-lien-tuc-fr-900-dang-dung-tmdg-a19-6-cokhitanminhcom-300x214.jpg 300w\" sizes=\"auto, (max-width: 500px) 100vw, 500px\" \/><\/a> <a href=\"https:\/\/cokhitanminh.com\/may-dong-goi\/wp-content\/uploads\/2021\/12\/may-han-lien-tuc-fr-900-dang-dung-tmdg-a19-7-cokhitanminhcom.jpg\"><img loading=\"lazy\" decoding=\"async\" class=\"size-full wp-image-4802 aligncenter\" src=\"https:\/\/cokhitanminh.com\/may-dong-goi\/wp-content\/uploads\/2021\/12\/may-han-lien-tuc-fr-900-dang-dung-tmdg-a19-7-cokhitanminhcom.jpg\" alt=\"\" width=\"500\" height=\"654\" srcset=\"https:\/\/cokhitanminh.com\/may-dong-goi\/wp-content\/uploads\/2021\/12\/may-han-lien-tuc-fr-900-dang-dung-tmdg-a19-7-cokhitanminhcom.jpg 500w, https:\/\/cokhitanminh.com\/may-dong-goi\/wp-content\/uploads\/2021\/12\/may-han-lien-tuc-fr-900-dang-dung-tmdg-a19-7-cokhitanminhcom-229x300.jpg 229w\" sizes=\"auto, (max-width: 500px) 100vw, 500px\" \/><\/a><\/p>\n<p style=\"text-align: justify;\">Chi ti\u1ebft s\u1ea3n ph\u1ea9m <em><strong>M\u00e1y h\u00e0n li\u00ean t\u1ee5c FR-900 (d\u1ea1ng \u0111\u1ee9ng)<\/strong> <\/em>(TM\u0110G-A19) xin vui l\u00f2ng li\u00ean h\u1ec7 Hotline: 19002861 \u0110\u1ec3 \u0111\u01b0\u1ee3c t\u01b0 v\u1ea5n ho\u00e0n to\u00e0n mi\u1ec5n ph\u00ed!<\/p>\n<p>&nbsp;<\/p>\n","protected":false},"excerpt":{"rendered":"<p>M\u00e1y h\u00e0n li\u00ean t\u1ee5c FR-900 (d\u1ea1ng \u0111\u1ee9ng) (TM\u0110G-A19) M\u00e1y h\u00e0n li\u00ean t\u1ee5c FR-900 (d\u1ea1ng \u0111\u1ee9ng) (TM\u0110G-A19) \u0111\u01b0\u1ee3c nghi\u00ean c\u1ee9u s\u1ea3n xu\u1ea5t v\u00e0 ph\u00e2n ph\u1ed1i tr\u00ean to\u00e0n qu\u1ed1c. T\u1ea5t c\u1ea3 c\u00e1c s\u1ea3n ph\u1ea9m c\u1ee7a ch\u00fang t\u00f4i \u0111\u1ec1u \u0111\u01b0\u1ee3c ki\u1ec3m tra k\u1ef9 l\u01b0\u1ee1ng v\u00e0 v\u1eadn h\u00e0nh th\u1ef1c t\u1ebf \u0111\u1ec3 lu\u00f4n \u0111\u1ea3m b\u1ea3o ch\u1ea5t l\u01b0\u1ee3ng t\u1ed1t nh\u1ea5t tr\u01b0\u1edbc &#8230;<\/p>\n","protected":false},"featured_media":4803,"comment_status":"open","ping_status":"closed","template":"","meta":[],"class_list":{"0":"post-2108","1":"product","2":"type-product","3":"status-publish","4":"has-post-thumbnail","6":"product_cat-may-han-mieng-tui","8":"first","9":"instock","10":"shipping-taxable","11":"purchasable","12":"product-type-simple"},"brands":[],"yoast_head":"<!-- This site is optimized with the Yoast SEO plugin v17.6 - https:\/\/yoast.com\/wordpress\/plugins\/seo\/ -->\n<title>M\u00e1y h\u00e0n li\u00ean t\u1ee5c FR-900 (d\u1ea1ng \u0111\u1ee9ng) (TM\u0110G-A19) - M\u00c1Y \u0110\u00d3NG G\u00d3I T\u00c2N MINH<\/title>\n<meta name=\"description\" content=\"M\u00e1y h\u00e0n li\u00ean t\u1ee5c FR-900 (d\u1ea1ng \u0111\u1ee9ng) (TM\u0110G-A19) uy t\u00edn ch\u1ea5t l\u01b0\u1ee3ng Li\u00ean h\u1ec7 Hotline 1: 1900 2861 | Hotline 2: 09 67 68 69 11 \u0110\u1ec3 \u0111\u01b0\u1ee3c t\u01b0 v\u1ea5n mi\u1ec5n ph\u00ed!\" \/>\n<meta name=\"robots\" content=\"index, follow, max-snippet:-1, max-image-preview:large, max-video-preview:-1\" \/>\n<link rel=\"canonical\" href=\"https:\/\/cokhitanminh.com\/may-dong-goi\/may-han-lien-tuc-fr-900-dang-dung-tmdg-a19\/\" \/>\n<meta property=\"og:locale\" content=\"vi_VN\" \/>\n<meta property=\"og:type\" content=\"article\" \/>\n<meta property=\"og:title\" content=\"M\u00e1y h\u00e0n li\u00ean t\u1ee5c FR-900 (d\u1ea1ng \u0111\u1ee9ng) (TM\u0110G-A19) - M\u00c1Y \u0110\u00d3NG G\u00d3I T\u00c2N MINH\" \/>\n<meta property=\"og:description\" content=\"M\u00e1y h\u00e0n li\u00ean t\u1ee5c FR-900 (d\u1ea1ng \u0111\u1ee9ng) (TM\u0110G-A19) uy t\u00edn ch\u1ea5t l\u01b0\u1ee3ng Li\u00ean h\u1ec7 Hotline 1: 1900 2861 | Hotline 2: 09 67 68 69 11 \u0110\u1ec3 \u0111\u01b0\u1ee3c t\u01b0 v\u1ea5n mi\u1ec5n ph\u00ed!\" \/>\n<meta property=\"og:url\" content=\"https:\/\/cokhitanminh.com\/may-dong-goi\/may-han-lien-tuc-fr-900-dang-dung-tmdg-a19\/\" \/>\n<meta property=\"og:site_name\" content=\"M\u00c1Y \u0110\u00d3NG G\u00d3I T\u00c2N MINH\" \/>\n<meta property=\"article:modified_time\" content=\"2023-10-24T08:07:23+00:00\" \/>\n<meta property=\"og:image\" content=\"https:\/\/cokhitanminh.com\/may-dong-goi\/wp-content\/uploads\/2021\/12\/may-han-lien-tuc-fr-900-dang-dung-tmdg-a19-1-cokhitanminhcom.jpg\" \/>\n\t<meta property=\"og:image:width\" content=\"567\" \/>\n\t<meta property=\"og:image:height\" content=\"567\" \/>\n<meta name=\"twitter:card\" content=\"summary_large_image\" \/>\n<meta name=\"twitter:label1\" content=\"\u01af\u1edbc t\u00ednh th\u1eddi gian \u0111\u1ecdc\" \/>\n\t<meta name=\"twitter:data1\" content=\"1 ph\u00fat\" \/>\n<script type=\"application\/ld+json\" class=\"yoast-schema-graph\">{\"@context\":\"https:\/\/schema.org\",\"@graph\":[{\"@type\":\"WebSite\",\"@id\":\"https:\/\/cokhitanminh.com\/may-dong-goi\/#website\",\"url\":\"https:\/\/cokhitanminh.com\/may-dong-goi\/\",\"name\":\"M\\u00c1Y \\u0110\\u00d3NG G\\u00d3I T\\u00c2N MINH\",\"description\":\"Chuy\\u00ean gia m\\u00e1y \\u0111\\u00f3ng g\\u00f3i\",\"potentialAction\":[{\"@type\":\"SearchAction\",\"target\":{\"@type\":\"EntryPoint\",\"urlTemplate\":\"https:\/\/cokhitanminh.com\/may-dong-goi\/?s={search_term_string}\"},\"query-input\":\"required name=search_term_string\"}],\"inLanguage\":\"vi\"},{\"@type\":\"ImageObject\",\"@id\":\"https:\/\/cokhitanminh.com\/may-dong-goi\/may-han-lien-tuc-fr-900-dang-dung-tmdg-a19\/#primaryimage\",\"inLanguage\":\"vi\",\"url\":\"https:\/\/cokhitanminh.com\/may-dong-goi\/wp-content\/uploads\/2021\/12\/may-han-lien-tuc-fr-900-dang-dung-tmdg-a19-1-cokhitanminhcom.jpg\",\"contentUrl\":\"https:\/\/cokhitanminh.com\/may-dong-goi\/wp-content\/uploads\/2021\/12\/may-han-lien-tuc-fr-900-dang-dung-tmdg-a19-1-cokhitanminhcom.jpg\",\"width\":567,\"height\":567},{\"@type\":\"WebPage\",\"@id\":\"https:\/\/cokhitanminh.com\/may-dong-goi\/may-han-lien-tuc-fr-900-dang-dung-tmdg-a19\/#webpage\",\"url\":\"https:\/\/cokhitanminh.com\/may-dong-goi\/may-han-lien-tuc-fr-900-dang-dung-tmdg-a19\/\",\"name\":\"M\\u00e1y h\\u00e0n li\\u00ean t\\u1ee5c FR-900 (d\\u1ea1ng \\u0111\\u1ee9ng) (TM\\u0110G-A19) - M\\u00c1Y \\u0110\\u00d3NG G\\u00d3I T\\u00c2N MINH\",\"isPartOf\":{\"@id\":\"https:\/\/cokhitanminh.com\/may-dong-goi\/#website\"},\"primaryImageOfPage\":{\"@id\":\"https:\/\/cokhitanminh.com\/may-dong-goi\/may-han-lien-tuc-fr-900-dang-dung-tmdg-a19\/#primaryimage\"},\"datePublished\":\"2021-12-04T03:23:59+00:00\",\"dateModified\":\"2023-10-24T08:07:23+00:00\",\"description\":\"M\\u00e1y h\\u00e0n li\\u00ean t\\u1ee5c FR-900 (d\\u1ea1ng \\u0111\\u1ee9ng) (TM\\u0110G-A19) uy t\\u00edn ch\\u1ea5t l\\u01b0\\u1ee3ng Li\\u00ean h\\u1ec7 Hotline 1: 1900 2861 | Hotline 2: 09 67 68 69 11 \\u0110\\u1ec3 \\u0111\\u01b0\\u1ee3c t\\u01b0 v\\u1ea5n mi\\u1ec5n ph\\u00ed!\",\"breadcrumb\":{\"@id\":\"https:\/\/cokhitanminh.com\/may-dong-goi\/may-han-lien-tuc-fr-900-dang-dung-tmdg-a19\/#breadcrumb\"},\"inLanguage\":\"vi\",\"potentialAction\":[{\"@type\":\"ReadAction\",\"target\":[\"https:\/\/cokhitanminh.com\/may-dong-goi\/may-han-lien-tuc-fr-900-dang-dung-tmdg-a19\/\"]}]},{\"@type\":\"BreadcrumbList\",\"@id\":\"https:\/\/cokhitanminh.com\/may-dong-goi\/may-han-lien-tuc-fr-900-dang-dung-tmdg-a19\/#breadcrumb\",\"itemListElement\":[{\"@type\":\"ListItem\",\"position\":1,\"name\":\"Trang ch\\u1ee7\",\"item\":\"https:\/\/cokhitanminh.com\/may-dong-goi\/\"},{\"@type\":\"ListItem\",\"position\":2,\"name\":\"C\\u1eeda h\\u00e0ng\",\"item\":\"https:\/\/cokhitanminh.com\/may-dong-goi\/mua\/\"},{\"@type\":\"ListItem\",\"position\":3,\"name\":\"M\\u00e1y h\\u00e0n li\\u00ean t\\u1ee5c FR-900 (d\\u1ea1ng \\u0111\\u1ee9ng) (TM\\u0110G-A19)\"}]}]}<\/script>\n<!-- \/ Yoast SEO plugin. -->","yoast_head_json":{"title":"M\u00e1y h\u00e0n li\u00ean t\u1ee5c FR-900 (d\u1ea1ng \u0111\u1ee9ng) (TM\u0110G-A19) - M\u00c1Y \u0110\u00d3NG G\u00d3I T\u00c2N MINH","description":"M\u00e1y h\u00e0n li\u00ean t\u1ee5c FR-900 (d\u1ea1ng \u0111\u1ee9ng) (TM\u0110G-A19) uy t\u00edn ch\u1ea5t l\u01b0\u1ee3ng Li\u00ean h\u1ec7 Hotline 1: 1900 2861 | Hotline 2: 09 67 68 69 11 \u0110\u1ec3 \u0111\u01b0\u1ee3c t\u01b0 v\u1ea5n mi\u1ec5n ph\u00ed!","robots":{"index":"index","follow":"follow","max-snippet":"max-snippet:-1","max-image-preview":"max-image-preview:large","max-video-preview":"max-video-preview:-1"},"canonical":"https:\/\/cokhitanminh.com\/may-dong-goi\/may-han-lien-tuc-fr-900-dang-dung-tmdg-a19\/","og_locale":"vi_VN","og_type":"article","og_title":"M\u00e1y h\u00e0n li\u00ean t\u1ee5c FR-900 (d\u1ea1ng \u0111\u1ee9ng) (TM\u0110G-A19) - M\u00c1Y \u0110\u00d3NG G\u00d3I T\u00c2N MINH","og_description":"M\u00e1y h\u00e0n li\u00ean t\u1ee5c FR-900 (d\u1ea1ng \u0111\u1ee9ng) (TM\u0110G-A19) uy t\u00edn ch\u1ea5t l\u01b0\u1ee3ng Li\u00ean h\u1ec7 Hotline 1: 1900 2861 | Hotline 2: 09 67 68 69 11 \u0110\u1ec3 \u0111\u01b0\u1ee3c t\u01b0 v\u1ea5n mi\u1ec5n ph\u00ed!","og_url":"https:\/\/cokhitanminh.com\/may-dong-goi\/may-han-lien-tuc-fr-900-dang-dung-tmdg-a19\/","og_site_name":"M\u00c1Y \u0110\u00d3NG G\u00d3I T\u00c2N MINH","article_modified_time":"2023-10-24T08:07:23+00:00","og_image":[{"width":567,"height":567,"url":"https:\/\/cokhitanminh.com\/may-dong-goi\/wp-content\/uploads\/2021\/12\/may-han-lien-tuc-fr-900-dang-dung-tmdg-a19-1-cokhitanminhcom.jpg","type":"image\/jpeg"}],"twitter_card":"summary_large_image","twitter_misc":{"\u01af\u1edbc t\u00ednh th\u1eddi gian \u0111\u1ecdc":"1 ph\u00fat"},"schema":{"@context":"https:\/\/schema.org","@graph":[{"@type":"WebSite","@id":"https:\/\/cokhitanminh.com\/may-dong-goi\/#website","url":"https:\/\/cokhitanminh.com\/may-dong-goi\/","name":"M\u00c1Y \u0110\u00d3NG G\u00d3I T\u00c2N MINH","description":"Chuy\u00ean gia m\u00e1y \u0111\u00f3ng g\u00f3i","potentialAction":[{"@type":"SearchAction","target":{"@type":"EntryPoint","urlTemplate":"https:\/\/cokhitanminh.com\/may-dong-goi\/?s={search_term_string}"},"query-input":"required name=search_term_string"}],"inLanguage":"vi"},{"@type":"ImageObject","@id":"https:\/\/cokhitanminh.com\/may-dong-goi\/may-han-lien-tuc-fr-900-dang-dung-tmdg-a19\/#primaryimage","inLanguage":"vi","url":"https:\/\/cokhitanminh.com\/may-dong-goi\/wp-content\/uploads\/2021\/12\/may-han-lien-tuc-fr-900-dang-dung-tmdg-a19-1-cokhitanminhcom.jpg","contentUrl":"https:\/\/cokhitanminh.com\/may-dong-goi\/wp-content\/uploads\/2021\/12\/may-han-lien-tuc-fr-900-dang-dung-tmdg-a19-1-cokhitanminhcom.jpg","width":567,"height":567},{"@type":"WebPage","@id":"https:\/\/cokhitanminh.com\/may-dong-goi\/may-han-lien-tuc-fr-900-dang-dung-tmdg-a19\/#webpage","url":"https:\/\/cokhitanminh.com\/may-dong-goi\/may-han-lien-tuc-fr-900-dang-dung-tmdg-a19\/","name":"M\u00e1y h\u00e0n li\u00ean t\u1ee5c FR-900 (d\u1ea1ng \u0111\u1ee9ng) (TM\u0110G-A19) - M\u00c1Y \u0110\u00d3NG G\u00d3I T\u00c2N MINH","isPartOf":{"@id":"https:\/\/cokhitanminh.com\/may-dong-goi\/#website"},"primaryImageOfPage":{"@id":"https:\/\/cokhitanminh.com\/may-dong-goi\/may-han-lien-tuc-fr-900-dang-dung-tmdg-a19\/#primaryimage"},"datePublished":"2021-12-04T03:23:59+00:00","dateModified":"2023-10-24T08:07:23+00:00","description":"M\u00e1y h\u00e0n li\u00ean t\u1ee5c FR-900 (d\u1ea1ng \u0111\u1ee9ng) (TM\u0110G-A19) uy t\u00edn ch\u1ea5t l\u01b0\u1ee3ng Li\u00ean h\u1ec7 Hotline 1: 1900 2861 | Hotline 2: 09 67 68 69 11 \u0110\u1ec3 \u0111\u01b0\u1ee3c t\u01b0 v\u1ea5n mi\u1ec5n ph\u00ed!","breadcrumb":{"@id":"https:\/\/cokhitanminh.com\/may-dong-goi\/may-han-lien-tuc-fr-900-dang-dung-tmdg-a19\/#breadcrumb"},"inLanguage":"vi","potentialAction":[{"@type":"ReadAction","target":["https:\/\/cokhitanminh.com\/may-dong-goi\/may-han-lien-tuc-fr-900-dang-dung-tmdg-a19\/"]}]},{"@type":"BreadcrumbList","@id":"https:\/\/cokhitanminh.com\/may-dong-goi\/may-han-lien-tuc-fr-900-dang-dung-tmdg-a19\/#breadcrumb","itemListElement":[{"@type":"ListItem","position":1,"name":"Trang ch\u1ee7","item":"https:\/\/cokhitanminh.com\/may-dong-goi\/"},{"@type":"ListItem","position":2,"name":"C\u1eeda h\u00e0ng","item":"https:\/\/cokhitanminh.com\/may-dong-goi\/mua\/"},{"@type":"ListItem","position":3,"name":"M\u00e1y h\u00e0n li\u00ean t\u1ee5c FR-900 (d\u1ea1ng \u0111\u1ee9ng) (TM\u0110G-A19)"}]}]}},"_links":{"self":[{"href":"https:\/\/cokhitanminh.com\/may-dong-goi\/wp-json\/wp\/v2\/product\/2108","targetHints":{"allow":["GET"]}}],"collection":[{"href":"https:\/\/cokhitanminh.com\/may-dong-goi\/wp-json\/wp\/v2\/product"}],"about":[{"href":"https:\/\/cokhitanminh.com\/may-dong-goi\/wp-json\/wp\/v2\/types\/product"}],"replies":[{"embeddable":true,"href":"https:\/\/cokhitanminh.com\/may-dong-goi\/wp-json\/wp\/v2\/comments?post=2108"}],"wp:featuredmedia":[{"embeddable":true,"href":"https:\/\/cokhitanminh.com\/may-dong-goi\/wp-json\/wp\/v2\/media\/4803"}],"wp:attachment":[{"href":"https:\/\/cokhitanminh.com\/may-dong-goi\/wp-json\/wp\/v2\/media?parent=2108"}],"curies":[{"name":"wp","href":"https:\/\/api.w.org\/{rel}","templated":true}]}}