{"id":2019,"date":"2021-12-04T03:22:22","date_gmt":"2021-12-04T03:22:22","guid":{"rendered":"https:\/\/cokhitanminh.com\/may-dong-goi\/?post_type=product&#038;p=2019"},"modified":"2023-08-02T09:11:22","modified_gmt":"2023-08-02T09:11:22","slug":"may-dong-nap-chan-khong-ban-tu-dong-lo-thuy-tinh-tmdc-db06","status":"publish","type":"product","link":"https:\/\/cokhitanminh.com\/may-dong-goi\/may-dong-nap-chan-khong-ban-tu-dong-lo-thuy-tinh-tmdc-db06\/","title":{"rendered":"M\u00e1y \u0111\u00f3ng n\u1eafp ch\u00e2n kh\u00f4ng b\u00e1n t\u1ef1 \u0111\u1ed9ng (l\u1ecd th\u1ee7y tinh) (TMDC-DB06)"},"content":{"rendered":"<h3 style=\"text-align: justify;\"><a href=\"https:\/\/cokhitanminh.com\/may-dong-goi\/may-dong-nap-chan-khong-ban-tu-dong-lo-thuy-tinh-tmdc-db06\/\"><em><strong>M\u00e1y \u0111\u00f3ng n\u1eafp ch\u00e2n kh\u00f4ng b\u00e1n t\u1ef1 \u0111\u1ed9ng (l\u1ecd th\u1ee7y tinh)<\/strong> <\/em><\/a>(TMDC-DB06)<\/h3>\n<p style=\"text-align: justify;\"><em><strong>M\u00e1y \u0111\u00f3ng n\u1eafp ch\u00e2n kh\u00f4ng b\u00e1n t\u1ef1 \u0111\u1ed9ng (l\u1ecd th\u1ee7y tinh)<\/strong> <\/em>(TMDC-DB06) \u0111\u01b0\u1ee3c nghi\u00ean c\u1ee9u s\u1ea3n xu\u1ea5t v\u00e0 ph\u00e2n ph\u1ed1i tr\u00ean to\u00e0n qu\u1ed1c. T\u1ea5t c\u1ea3 c\u00e1c s\u1ea3n ph\u1ea9m c\u1ee7a ch\u00fang t\u00f4i \u0111\u1ec1u \u0111\u01b0\u1ee3c ki\u1ec3m tra k\u1ef9 l\u01b0\u1ee1ng v\u00e0 v\u1eadn h\u00e0nh th\u1ef1c t\u1ebf \u0111\u1ec3 lu\u00f4n \u0111\u1ea3m b\u1ea3o ch\u1ea5t l\u01b0\u1ee3ng t\u1ed1t nh\u1ea5t tr\u01b0\u1edbc khi b\u00e0n giao thi\u1ebft b\u1ecb cho kh\u00e1ch h\u00e0ng.<\/p>\n<p style=\"text-align: justify;\"><strong>Th\u00f4ng s\u1ed1 k\u1ef9 thu\u1eadt:<\/strong><\/p>\n<p style=\"text-align: justify;\">&#8211; Model: TMDC-DB06<br \/>\n&#8211; \u0110i\u1ec7n \u00e1p: 220V\/50Hz<br \/>\n&#8211; C\u00f4ng su\u1ea5t: 200W<br \/>\n&#8211; N\u0103ng su\u1ea5t: 10-20 sp\/ph\u00fat (ph\u1ee5 thu\u1ed9c v\u00e0o v\u1eadn h\u00e0nh )<br \/>\n&#8211; Chi\u1ec1u cao lon \u00e1p d\u1ee5ng: 60-180 (mm)<br \/>\n&#8211; \u0110\u01b0\u1eddng k\u00ednh n\u1eafp \u00e1p d\u1ee5ng: 30-70 (mm)<br \/>\n&#8211; \u00c1p su\u1ea5t kh\u00ed n\u00e9n : 0.4-0.6Mpa<br \/>\n&#8211; K\u00edch th\u01b0\u1edbc m\u00e1y (D xR xC mm) : 530 x 470 x 760 (mm)<br \/>\n&#8211; Tr\u1ecdng l\u01b0\u1ee3ng m\u00e1y (kg) : 58kg<br \/>\n&#8211; V\u1eadt li\u1ec7u ch\u00ednh (v\u1ecf m\u00e1y: inox 201<\/p>\n<p style=\"text-align: justify;\"><strong>H\u00ecnh \u1ea3nh s\u1ea3n ph\u1ea9m:<\/strong><\/p>\n<p><a href=\"https:\/\/cokhitanminh.com\/may-dong-goi\/wp-content\/uploads\/2021\/12\/may-dong-nap-chan-khong-ban-tu-dong-lo-thuy-tinh-tmdc-db06-cktm.mdg-1.jpg\"><img loading=\"lazy\" decoding=\"async\" class=\"size-full wp-image-4440 aligncenter\" src=\"https:\/\/cokhitanminh.com\/may-dong-goi\/wp-content\/uploads\/2021\/12\/may-dong-nap-chan-khong-ban-tu-dong-lo-thuy-tinh-tmdc-db06-cktm.mdg-1.jpg\" alt=\"\" width=\"500\" height=\"667\" srcset=\"https:\/\/cokhitanminh.com\/may-dong-goi\/wp-content\/uploads\/2021\/12\/may-dong-nap-chan-khong-ban-tu-dong-lo-thuy-tinh-tmdc-db06-cktm.mdg-1.jpg 500w, https:\/\/cokhitanminh.com\/may-dong-goi\/wp-content\/uploads\/2021\/12\/may-dong-nap-chan-khong-ban-tu-dong-lo-thuy-tinh-tmdc-db06-cktm.mdg-1-225x300.jpg 225w\" sizes=\"auto, (max-width: 500px) 100vw, 500px\" \/><\/a> <a href=\"https:\/\/cokhitanminh.com\/may-dong-goi\/wp-content\/uploads\/2021\/12\/may-dong-nap-chan-khong-ban-tu-dong-lo-thuy-tinh-tmdc-db06-cktm.mdg-2.jpg\"><img loading=\"lazy\" decoding=\"async\" class=\"size-full wp-image-4441 aligncenter\" src=\"https:\/\/cokhitanminh.com\/may-dong-goi\/wp-content\/uploads\/2021\/12\/may-dong-nap-chan-khong-ban-tu-dong-lo-thuy-tinh-tmdc-db06-cktm.mdg-2.jpg\" alt=\"\" width=\"500\" height=\"434\" srcset=\"https:\/\/cokhitanminh.com\/may-dong-goi\/wp-content\/uploads\/2021\/12\/may-dong-nap-chan-khong-ban-tu-dong-lo-thuy-tinh-tmdc-db06-cktm.mdg-2.jpg 500w, https:\/\/cokhitanminh.com\/may-dong-goi\/wp-content\/uploads\/2021\/12\/may-dong-nap-chan-khong-ban-tu-dong-lo-thuy-tinh-tmdc-db06-cktm.mdg-2-300x260.jpg 300w\" sizes=\"auto, (max-width: 500px) 100vw, 500px\" \/><\/a> <a href=\"https:\/\/cokhitanminh.com\/may-dong-goi\/wp-content\/uploads\/2021\/12\/may-dong-nap-chan-khong-ban-tu-dong-lo-thuy-tinh-tmdc-db06-cktm.mdg-3.jpg\"><img loading=\"lazy\" decoding=\"async\" class=\"size-full wp-image-4442 aligncenter\" src=\"https:\/\/cokhitanminh.com\/may-dong-goi\/wp-content\/uploads\/2021\/12\/may-dong-nap-chan-khong-ban-tu-dong-lo-thuy-tinh-tmdc-db06-cktm.mdg-3.jpg\" alt=\"\" width=\"500\" height=\"367\" srcset=\"https:\/\/cokhitanminh.com\/may-dong-goi\/wp-content\/uploads\/2021\/12\/may-dong-nap-chan-khong-ban-tu-dong-lo-thuy-tinh-tmdc-db06-cktm.mdg-3.jpg 500w, https:\/\/cokhitanminh.com\/may-dong-goi\/wp-content\/uploads\/2021\/12\/may-dong-nap-chan-khong-ban-tu-dong-lo-thuy-tinh-tmdc-db06-cktm.mdg-3-300x220.jpg 300w\" sizes=\"auto, (max-width: 500px) 100vw, 500px\" \/><\/a> <a href=\"https:\/\/cokhitanminh.com\/may-dong-goi\/wp-content\/uploads\/2021\/12\/may-dong-nap-chan-khong-ban-tu-dong-lo-thuy-tinh-tmdc-db06-cktm.mdg-4.jpg\"><img loading=\"lazy\" decoding=\"async\" class=\"size-full wp-image-4443 aligncenter\" src=\"https:\/\/cokhitanminh.com\/may-dong-goi\/wp-content\/uploads\/2021\/12\/may-dong-nap-chan-khong-ban-tu-dong-lo-thuy-tinh-tmdc-db06-cktm.mdg-4.jpg\" alt=\"\" width=\"500\" height=\"357\" srcset=\"https:\/\/cokhitanminh.com\/may-dong-goi\/wp-content\/uploads\/2021\/12\/may-dong-nap-chan-khong-ban-tu-dong-lo-thuy-tinh-tmdc-db06-cktm.mdg-4.jpg 500w, https:\/\/cokhitanminh.com\/may-dong-goi\/wp-content\/uploads\/2021\/12\/may-dong-nap-chan-khong-ban-tu-dong-lo-thuy-tinh-tmdc-db06-cktm.mdg-4-300x214.jpg 300w\" sizes=\"auto, (max-width: 500px) 100vw, 500px\" \/><\/a><\/p>\n<p style=\"text-align: justify;\">Chi ti\u1ebft s\u1ea3n ph\u1ea9m <em><strong>M\u00e1y \u0111\u00f3ng n\u1eafp ch\u00e2n kh\u00f4ng b\u00e1n t\u1ef1 \u0111\u1ed9ng (l\u1ecd th\u1ee7y tinh)<\/strong><\/em> (TMDC-DB06) xin vui l\u00f2ng li\u00ean h\u1ec7 Hotline: 19002861 \u0110\u1ec3 \u0111\u01b0\u1ee3c t\u01b0 v\u1ea5n ho\u00e0n to\u00e0n mi\u1ec5n ph\u00ed!<\/p>\n","protected":false},"excerpt":{"rendered":"<p>M\u00e1y \u0111\u00f3ng n\u1eafp ch\u00e2n kh\u00f4ng b\u00e1n t\u1ef1 \u0111\u1ed9ng (l\u1ecd th\u1ee7y tinh) (TMDC-DB06) M\u00e1y \u0111\u00f3ng n\u1eafp ch\u00e2n kh\u00f4ng b\u00e1n t\u1ef1 \u0111\u1ed9ng (l\u1ecd th\u1ee7y tinh) (TMDC-DB06) \u0111\u01b0\u1ee3c nghi\u00ean c\u1ee9u s\u1ea3n xu\u1ea5t v\u00e0 ph\u00e2n ph\u1ed1i tr\u00ean to\u00e0n qu\u1ed1c. T\u1ea5t c\u1ea3 c\u00e1c s\u1ea3n ph\u1ea9m c\u1ee7a ch\u00fang t\u00f4i \u0111\u1ec1u \u0111\u01b0\u1ee3c ki\u1ec3m tra k\u1ef9 l\u01b0\u1ee1ng v\u00e0 v\u1eadn h\u00e0nh th\u1ef1c t\u1ebf \u0111\u1ec3 &#8230;<\/p>\n","protected":false},"featured_media":4444,"comment_status":"open","ping_status":"closed","template":"","meta":[],"class_list":{"0":"post-2019","1":"product","2":"type-product","3":"status-publish","4":"has-post-thumbnail","6":"product_cat-may-siet-dong-nap-vien-mi","8":"first","9":"instock","10":"shipping-taxable","11":"purchasable","12":"product-type-simple"},"brands":[],"yoast_head":"<!-- This site is optimized with the Yoast SEO plugin v17.6 - https:\/\/yoast.com\/wordpress\/plugins\/seo\/ -->\n<title>M\u00e1y \u0111\u00f3ng n\u1eafp ch\u00e2n kh\u00f4ng b\u00e1n t\u1ef1 \u0111\u1ed9ng (l\u1ecd th\u1ee7y tinh) (TMDC-DB06)<\/title>\n<meta name=\"description\" content=\"M\u00e1y \u0111\u00f3ng n\u1eafp ch\u00e2n kh\u00f4ng b\u00e1n t\u1ef1 \u0111\u1ed9ng (l\u1ecd th\u1ee7y tinh) uy t\u00edn ch\u1ea5t l\u01b0\u1ee3ng Li\u00ean h\u1ec7 Hotline 1: 1900 2861 | Hotline 2: 09 67 68 69 11 \u0110\u1ec3 \u0111\u01b0\u1ee3c t\u01b0 v\u1ea5n mi\u1ec5n ph\u00ed!\" \/>\n<meta name=\"robots\" content=\"index, follow, max-snippet:-1, max-image-preview:large, max-video-preview:-1\" \/>\n<link rel=\"canonical\" href=\"https:\/\/cokhitanminh.com\/may-dong-goi\/may-dong-nap-chan-khong-ban-tu-dong-lo-thuy-tinh-tmdc-db06\/\" \/>\n<meta property=\"og:locale\" content=\"vi_VN\" \/>\n<meta property=\"og:type\" content=\"article\" \/>\n<meta property=\"og:title\" content=\"M\u00e1y \u0111\u00f3ng n\u1eafp ch\u00e2n kh\u00f4ng b\u00e1n t\u1ef1 \u0111\u1ed9ng (l\u1ecd th\u1ee7y tinh) (TMDC-DB06)\" \/>\n<meta property=\"og:description\" content=\"M\u00e1y \u0111\u00f3ng n\u1eafp ch\u00e2n kh\u00f4ng b\u00e1n t\u1ef1 \u0111\u1ed9ng (l\u1ecd th\u1ee7y tinh) uy t\u00edn ch\u1ea5t l\u01b0\u1ee3ng Li\u00ean h\u1ec7 Hotline 1: 1900 2861 | Hotline 2: 09 67 68 69 11 \u0110\u1ec3 \u0111\u01b0\u1ee3c t\u01b0 v\u1ea5n mi\u1ec5n ph\u00ed!\" \/>\n<meta property=\"og:url\" content=\"https:\/\/cokhitanminh.com\/may-dong-goi\/may-dong-nap-chan-khong-ban-tu-dong-lo-thuy-tinh-tmdc-db06\/\" \/>\n<meta property=\"og:site_name\" content=\"M\u00c1Y \u0110\u00d3NG G\u00d3I T\u00c2N MINH\" \/>\n<meta property=\"article:modified_time\" content=\"2023-08-02T09:11:22+00:00\" \/>\n<meta property=\"og:image\" content=\"https:\/\/cokhitanminh.com\/may-dong-goi\/wp-content\/uploads\/2021\/12\/may-dong-nap-chan-khong-ban-tu-dong-lo-thuy-tinh-tmdc-db06-cktm.mdg-5.jpg\" \/>\n\t<meta property=\"og:image:width\" content=\"501\" \/>\n\t<meta property=\"og:image:height\" content=\"501\" \/>\n<meta name=\"twitter:card\" content=\"summary_large_image\" \/>\n<meta name=\"twitter:label1\" content=\"\u01af\u1edbc t\u00ednh th\u1eddi gian \u0111\u1ecdc\" \/>\n\t<meta name=\"twitter:data1\" content=\"2 ph\u00fat\" \/>\n<script type=\"application\/ld+json\" class=\"yoast-schema-graph\">{\"@context\":\"https:\/\/schema.org\",\"@graph\":[{\"@type\":\"WebSite\",\"@id\":\"https:\/\/cokhitanminh.com\/may-dong-goi\/#website\",\"url\":\"https:\/\/cokhitanminh.com\/may-dong-goi\/\",\"name\":\"M\\u00c1Y \\u0110\\u00d3NG G\\u00d3I T\\u00c2N MINH\",\"description\":\"Chuy\\u00ean gia m\\u00e1y \\u0111\\u00f3ng g\\u00f3i\",\"potentialAction\":[{\"@type\":\"SearchAction\",\"target\":{\"@type\":\"EntryPoint\",\"urlTemplate\":\"https:\/\/cokhitanminh.com\/may-dong-goi\/?s={search_term_string}\"},\"query-input\":\"required name=search_term_string\"}],\"inLanguage\":\"vi\"},{\"@type\":\"ImageObject\",\"@id\":\"https:\/\/cokhitanminh.com\/may-dong-goi\/may-dong-nap-chan-khong-ban-tu-dong-lo-thuy-tinh-tmdc-db06\/#primaryimage\",\"inLanguage\":\"vi\",\"url\":\"https:\/\/cokhitanminh.com\/may-dong-goi\/wp-content\/uploads\/2021\/12\/may-dong-nap-chan-khong-ban-tu-dong-lo-thuy-tinh-tmdc-db06-cktm.mdg-5.jpg\",\"contentUrl\":\"https:\/\/cokhitanminh.com\/may-dong-goi\/wp-content\/uploads\/2021\/12\/may-dong-nap-chan-khong-ban-tu-dong-lo-thuy-tinh-tmdc-db06-cktm.mdg-5.jpg\",\"width\":501,\"height\":501},{\"@type\":\"WebPage\",\"@id\":\"https:\/\/cokhitanminh.com\/may-dong-goi\/may-dong-nap-chan-khong-ban-tu-dong-lo-thuy-tinh-tmdc-db06\/#webpage\",\"url\":\"https:\/\/cokhitanminh.com\/may-dong-goi\/may-dong-nap-chan-khong-ban-tu-dong-lo-thuy-tinh-tmdc-db06\/\",\"name\":\"M\\u00e1y \\u0111\\u00f3ng n\\u1eafp ch\\u00e2n kh\\u00f4ng b\\u00e1n t\\u1ef1 \\u0111\\u1ed9ng (l\\u1ecd th\\u1ee7y tinh) (TMDC-DB06)\",\"isPartOf\":{\"@id\":\"https:\/\/cokhitanminh.com\/may-dong-goi\/#website\"},\"primaryImageOfPage\":{\"@id\":\"https:\/\/cokhitanminh.com\/may-dong-goi\/may-dong-nap-chan-khong-ban-tu-dong-lo-thuy-tinh-tmdc-db06\/#primaryimage\"},\"datePublished\":\"2021-12-04T03:22:22+00:00\",\"dateModified\":\"2023-08-02T09:11:22+00:00\",\"description\":\"M\\u00e1y \\u0111\\u00f3ng n\\u1eafp ch\\u00e2n kh\\u00f4ng b\\u00e1n t\\u1ef1 \\u0111\\u1ed9ng (l\\u1ecd th\\u1ee7y tinh) uy t\\u00edn ch\\u1ea5t l\\u01b0\\u1ee3ng Li\\u00ean h\\u1ec7 Hotline 1: 1900 2861 | Hotline 2: 09 67 68 69 11 \\u0110\\u1ec3 \\u0111\\u01b0\\u1ee3c t\\u01b0 v\\u1ea5n mi\\u1ec5n ph\\u00ed!\",\"breadcrumb\":{\"@id\":\"https:\/\/cokhitanminh.com\/may-dong-goi\/may-dong-nap-chan-khong-ban-tu-dong-lo-thuy-tinh-tmdc-db06\/#breadcrumb\"},\"inLanguage\":\"vi\",\"potentialAction\":[{\"@type\":\"ReadAction\",\"target\":[\"https:\/\/cokhitanminh.com\/may-dong-goi\/may-dong-nap-chan-khong-ban-tu-dong-lo-thuy-tinh-tmdc-db06\/\"]}]},{\"@type\":\"BreadcrumbList\",\"@id\":\"https:\/\/cokhitanminh.com\/may-dong-goi\/may-dong-nap-chan-khong-ban-tu-dong-lo-thuy-tinh-tmdc-db06\/#breadcrumb\",\"itemListElement\":[{\"@type\":\"ListItem\",\"position\":1,\"name\":\"Trang ch\\u1ee7\",\"item\":\"https:\/\/cokhitanminh.com\/may-dong-goi\/\"},{\"@type\":\"ListItem\",\"position\":2,\"name\":\"C\\u1eeda h\\u00e0ng\",\"item\":\"https:\/\/cokhitanminh.com\/may-dong-goi\/mua\/\"},{\"@type\":\"ListItem\",\"position\":3,\"name\":\"M\\u00e1y \\u0111\\u00f3ng n\\u1eafp ch\\u00e2n kh\\u00f4ng b\\u00e1n t\\u1ef1 \\u0111\\u1ed9ng (l\\u1ecd th\\u1ee7y tinh) (TMDC-DB06)\"}]}]}<\/script>\n<!-- \/ Yoast SEO plugin. -->","yoast_head_json":{"title":"M\u00e1y \u0111\u00f3ng n\u1eafp ch\u00e2n kh\u00f4ng b\u00e1n t\u1ef1 \u0111\u1ed9ng (l\u1ecd th\u1ee7y tinh) (TMDC-DB06)","description":"M\u00e1y \u0111\u00f3ng n\u1eafp ch\u00e2n kh\u00f4ng b\u00e1n t\u1ef1 \u0111\u1ed9ng (l\u1ecd th\u1ee7y tinh) uy t\u00edn ch\u1ea5t l\u01b0\u1ee3ng Li\u00ean h\u1ec7 Hotline 1: 1900 2861 | Hotline 2: 09 67 68 69 11 \u0110\u1ec3 \u0111\u01b0\u1ee3c t\u01b0 v\u1ea5n mi\u1ec5n ph\u00ed!","robots":{"index":"index","follow":"follow","max-snippet":"max-snippet:-1","max-image-preview":"max-image-preview:large","max-video-preview":"max-video-preview:-1"},"canonical":"https:\/\/cokhitanminh.com\/may-dong-goi\/may-dong-nap-chan-khong-ban-tu-dong-lo-thuy-tinh-tmdc-db06\/","og_locale":"vi_VN","og_type":"article","og_title":"M\u00e1y \u0111\u00f3ng n\u1eafp ch\u00e2n kh\u00f4ng b\u00e1n t\u1ef1 \u0111\u1ed9ng (l\u1ecd th\u1ee7y tinh) (TMDC-DB06)","og_description":"M\u00e1y \u0111\u00f3ng n\u1eafp ch\u00e2n kh\u00f4ng b\u00e1n t\u1ef1 \u0111\u1ed9ng (l\u1ecd th\u1ee7y tinh) uy t\u00edn ch\u1ea5t l\u01b0\u1ee3ng Li\u00ean h\u1ec7 Hotline 1: 1900 2861 | Hotline 2: 09 67 68 69 11 \u0110\u1ec3 \u0111\u01b0\u1ee3c t\u01b0 v\u1ea5n mi\u1ec5n ph\u00ed!","og_url":"https:\/\/cokhitanminh.com\/may-dong-goi\/may-dong-nap-chan-khong-ban-tu-dong-lo-thuy-tinh-tmdc-db06\/","og_site_name":"M\u00c1Y \u0110\u00d3NG G\u00d3I T\u00c2N MINH","article_modified_time":"2023-08-02T09:11:22+00:00","og_image":[{"width":501,"height":501,"url":"https:\/\/cokhitanminh.com\/may-dong-goi\/wp-content\/uploads\/2021\/12\/may-dong-nap-chan-khong-ban-tu-dong-lo-thuy-tinh-tmdc-db06-cktm.mdg-5.jpg","type":"image\/jpeg"}],"twitter_card":"summary_large_image","twitter_misc":{"\u01af\u1edbc t\u00ednh th\u1eddi gian \u0111\u1ecdc":"2 ph\u00fat"},"schema":{"@context":"https:\/\/schema.org","@graph":[{"@type":"WebSite","@id":"https:\/\/cokhitanminh.com\/may-dong-goi\/#website","url":"https:\/\/cokhitanminh.com\/may-dong-goi\/","name":"M\u00c1Y \u0110\u00d3NG G\u00d3I T\u00c2N MINH","description":"Chuy\u00ean gia m\u00e1y \u0111\u00f3ng g\u00f3i","potentialAction":[{"@type":"SearchAction","target":{"@type":"EntryPoint","urlTemplate":"https:\/\/cokhitanminh.com\/may-dong-goi\/?s={search_term_string}"},"query-input":"required name=search_term_string"}],"inLanguage":"vi"},{"@type":"ImageObject","@id":"https:\/\/cokhitanminh.com\/may-dong-goi\/may-dong-nap-chan-khong-ban-tu-dong-lo-thuy-tinh-tmdc-db06\/#primaryimage","inLanguage":"vi","url":"https:\/\/cokhitanminh.com\/may-dong-goi\/wp-content\/uploads\/2021\/12\/may-dong-nap-chan-khong-ban-tu-dong-lo-thuy-tinh-tmdc-db06-cktm.mdg-5.jpg","contentUrl":"https:\/\/cokhitanminh.com\/may-dong-goi\/wp-content\/uploads\/2021\/12\/may-dong-nap-chan-khong-ban-tu-dong-lo-thuy-tinh-tmdc-db06-cktm.mdg-5.jpg","width":501,"height":501},{"@type":"WebPage","@id":"https:\/\/cokhitanminh.com\/may-dong-goi\/may-dong-nap-chan-khong-ban-tu-dong-lo-thuy-tinh-tmdc-db06\/#webpage","url":"https:\/\/cokhitanminh.com\/may-dong-goi\/may-dong-nap-chan-khong-ban-tu-dong-lo-thuy-tinh-tmdc-db06\/","name":"M\u00e1y \u0111\u00f3ng n\u1eafp ch\u00e2n kh\u00f4ng b\u00e1n t\u1ef1 \u0111\u1ed9ng (l\u1ecd th\u1ee7y tinh) (TMDC-DB06)","isPartOf":{"@id":"https:\/\/cokhitanminh.com\/may-dong-goi\/#website"},"primaryImageOfPage":{"@id":"https:\/\/cokhitanminh.com\/may-dong-goi\/may-dong-nap-chan-khong-ban-tu-dong-lo-thuy-tinh-tmdc-db06\/#primaryimage"},"datePublished":"2021-12-04T03:22:22+00:00","dateModified":"2023-08-02T09:11:22+00:00","description":"M\u00e1y \u0111\u00f3ng n\u1eafp ch\u00e2n kh\u00f4ng b\u00e1n t\u1ef1 \u0111\u1ed9ng (l\u1ecd th\u1ee7y tinh) uy t\u00edn ch\u1ea5t l\u01b0\u1ee3ng Li\u00ean h\u1ec7 Hotline 1: 1900 2861 | Hotline 2: 09 67 68 69 11 \u0110\u1ec3 \u0111\u01b0\u1ee3c t\u01b0 v\u1ea5n mi\u1ec5n ph\u00ed!","breadcrumb":{"@id":"https:\/\/cokhitanminh.com\/may-dong-goi\/may-dong-nap-chan-khong-ban-tu-dong-lo-thuy-tinh-tmdc-db06\/#breadcrumb"},"inLanguage":"vi","potentialAction":[{"@type":"ReadAction","target":["https:\/\/cokhitanminh.com\/may-dong-goi\/may-dong-nap-chan-khong-ban-tu-dong-lo-thuy-tinh-tmdc-db06\/"]}]},{"@type":"BreadcrumbList","@id":"https:\/\/cokhitanminh.com\/may-dong-goi\/may-dong-nap-chan-khong-ban-tu-dong-lo-thuy-tinh-tmdc-db06\/#breadcrumb","itemListElement":[{"@type":"ListItem","position":1,"name":"Trang ch\u1ee7","item":"https:\/\/cokhitanminh.com\/may-dong-goi\/"},{"@type":"ListItem","position":2,"name":"C\u1eeda h\u00e0ng","item":"https:\/\/cokhitanminh.com\/may-dong-goi\/mua\/"},{"@type":"ListItem","position":3,"name":"M\u00e1y \u0111\u00f3ng n\u1eafp ch\u00e2n kh\u00f4ng b\u00e1n t\u1ef1 \u0111\u1ed9ng (l\u1ecd th\u1ee7y tinh) (TMDC-DB06)"}]}]}},"_links":{"self":[{"href":"https:\/\/cokhitanminh.com\/may-dong-goi\/wp-json\/wp\/v2\/product\/2019","targetHints":{"allow":["GET"]}}],"collection":[{"href":"https:\/\/cokhitanminh.com\/may-dong-goi\/wp-json\/wp\/v2\/product"}],"about":[{"href":"https:\/\/cokhitanminh.com\/may-dong-goi\/wp-json\/wp\/v2\/types\/product"}],"replies":[{"embeddable":true,"href":"https:\/\/cokhitanminh.com\/may-dong-goi\/wp-json\/wp\/v2\/comments?post=2019"}],"wp:featuredmedia":[{"embeddable":true,"href":"https:\/\/cokhitanminh.com\/may-dong-goi\/wp-json\/wp\/v2\/media\/4444"}],"wp:attachment":[{"href":"https:\/\/cokhitanminh.com\/may-dong-goi\/wp-json\/wp\/v2\/media?parent=2019"}],"curies":[{"name":"wp","href":"https:\/\/api.w.org\/{rel}","templated":true}]}}